{"id":486,"date":"2021-09-15T18:42:58","date_gmt":"2021-09-15T16:42:58","guid":{"rendered":"https:\/\/pb.edu.pl\/cdias\/?page_id=486"},"modified":"2025-06-04T13:17:06","modified_gmt":"2025-06-04T11:17:06","slug":"world-university-rankings-cwur","status":"publish","type":"page","link":"https:\/\/pb.edu.pl\/cdias\/rankingi-miedzynarodowe\/rankingi-instytucjonalne\/world-university-rankings-cwur\/","title":{"rendered":"World University Rankings (CWUR)"},"content":{"rendered":"<p style=\"text-align: justify\"><img loading=\"lazy\" decoding=\"async\" class=\"alignleft wp-image-519\" src=\"https:\/\/pb.edu.pl\/cdias\/wp-content\/uploads\/sites\/55\/2021\/09\/logo-rankingi-5-cwur.png\" alt=\"logo rankingu CWUR\" width=\"281\" height=\"119\" srcset=\"https:\/\/pb.edu.pl\/cdias\/wp-content\/uploads\/sites\/55\/2021\/09\/logo-rankingi-5-cwur.png 944w, https:\/\/pb.edu.pl\/cdias\/wp-content\/uploads\/sites\/55\/2021\/09\/logo-rankingi-5-cwur-300x127.png 300w, https:\/\/pb.edu.pl\/cdias\/wp-content\/uploads\/sites\/55\/2021\/09\/logo-rankingi-5-cwur-768x325.png 768w\" sizes=\"auto, (max-width: 281px) 100vw, 281px\" \/><\/p>\n<p style=\"text-align: justify\"><strong>Center for World University Rankings (CWUR)<\/strong> jest wiod\u0105c\u0105 organizacj\u0105 konsultingow\u0105, kt\u00f3ra zapewnia doradztwo polityczne, strategiczne i us\u0142ugi konsultingowe dla rz\u0105d\u00f3w i uczelni w celu poprawy wynik\u00f3w edukacyjnych i badawczych.<\/p>\n<p style=\"text-align: justify\">Od 2012 r. CWUR publikuje \u015bwiatowy ranking akademicki uczelni, kt\u00f3ry ocenia jako\u015b\u0107 kszta\u0142cenia, zatrudnienie absolwent\u00f3w, jako\u015b\u0107 wydzia\u0142\u00f3w i wyniki bada\u0144 bez opierania si\u0119 na ankietach i przesy\u0142anych danych przez uczelnie. Ranking rozpocz\u0105\u0142 si\u0119 jako projekt w D\u017cuddzie w Arabii Saudyjskiej, maj\u0105c na celu ocen\u0119 100 najlepszych \u015bwiatowych uniwersytet\u00f3w. Zosta\u0142 on szybko dostrze\u017cony przez uniwersytety i media na ca\u0142ym \u015bwiecie i otrzyma\u0142 wiele pr\u00f3\u015bb o jego rozszerzenie. W 2019 r. ranking poszerzy\u0142 si\u0119 o 2000 najlepszych spo\u015br\u00f3d prawie dwudziestu tysi\u0119cy uniwersytet\u00f3w na ca\u0142ym \u015bwiecie, co czyni go najwi\u0119kszym \u015bwiatowym rankingiem uczelni akademickich.<\/p>\n<p style=\"text-align: justify\">Od 2016 roku Center for World University Rankings ma siedzib\u0119 w Zjednoczonych Emiratach Arabskich.<\/p>\n<p style=\"text-align: right\"><a href=\"https:\/\/cwur.org\/\">cwur.org<\/a><\/p>\n<hr>\n<hr>\n<h2 style=\"text-align: center\">Kryteria, wska\u017aniki, metodologia rankingu<\/h2>\n<p style=\"text-align: center\">Center for World University Rankings wykorzystuje siedem wska\u017anik\u00f3w pogrupowanych w cztery obszary.<\/p>\n<table style=\"height: 467px;width: 67.2766%;border-collapse: collapse;background-color: #008687;border-color: #e8e8e8;margin: 0px auto\">\n<tbody>\n<tr style=\"height: 63px\">\n<td style=\"width: 35.0197%;height: 63px;border-style: solid;border-color: #e3e3e3\">\n<h3 style=\"text-align: center\"><span style=\"font-size: 12pt\"><strong><span style=\"color: #ffffff\">Mierniki<\/span><\/strong><\/span><\/h3>\n<\/td>\n<td style=\"width: 57.9971%;height: 63px;border-style: solid;border-color: #e3e3e3;text-align: center\">\n<h3><span style=\"font-size: 12pt\"><strong><span style=\"color: #ffffff\">Metodologia (wska\u017aniki)<\/span><\/strong><\/span><\/h3>\n<\/td>\n<td style=\"width: 6.89013%;height: 63px;border-style: solid;border-color: #e3e3e3;text-align: center\">\n<h3><span style=\"font-size: 12pt\"><strong><span style=\"color: #ffffff\">Waga<\/span><\/strong><\/span><\/h3>\n<\/td>\n<\/tr>\n<tr style=\"height: 68px\">\n<td style=\"width: 35.0197%;height: 68px;border-color: #f0f0f0;border-style: solid\" width=\"151\">\n<h6><span style=\"color: #ffffff\"><strong>Jako\u015b\u0107 kszta\u0142cenia<\/strong><\/span><\/h6>\n<\/td>\n<td style=\"width: 57.9971%;background-color: #ffffff;height: 68px;border-style: solid;border-color: #e3e3e3;text-align: justify\" width=\"510\">\n<h6><span style=\"font-size: 10pt\">Mierzona liczb\u0105 absolwent\u00f3w uczelni, kt\u00f3rzy zdobyli najwa\u017cniejsze wyr\u00f3\u017cnienia akademickie w stosunku do wielko\u015bci uczelni<\/span><\/h6>\n<\/td>\n<td style=\"width: 6.89013%;background-color: #ffffff;height: 68px;border-style: solid;border-color: #e3e3e3;text-align: center\" width=\"47\">\n<h6><span style=\"font-size: 10pt\"><strong>25%<\/strong><\/span><\/h6>\n<\/td>\n<\/tr>\n<tr style=\"height: 80px\">\n<td style=\"width: 35.0197%;height: 80px;border-color: #f0f0f0;border-style: solid\" width=\"151\">\n<h6><span style=\"color: #ffffff\"><strong>Zatrudnienie absolwent\u00f3w<\/strong><\/span><\/h6>\n<\/td>\n<td style=\"width: 57.9971%;background-color: #ffffff;height: 80px;border-style: solid;border-color: #e3e3e3;text-align: justify\" width=\"510\">\n<h6><span style=\"font-size: 10pt\">Mierzone liczb\u0105 absolwent\u00f3w uczelni, kt\u00f3rzy zajmowali najwy\u017csze stanowiska kierownicze w najwi\u0119kszych na \u015bwiecie firmach w stosunku do wielko\u015bci uczelni<\/span><\/h6>\n<\/td>\n<td style=\"width: 6.89013%;background-color: #ffffff;height: 80px;border-style: solid;border-color: #e3e3e3;text-align: center\" width=\"47\">\n<h6><span style=\"font-size: 10pt\"><strong>25%<\/strong><\/span><\/h6>\n<\/td>\n<\/tr>\n<tr style=\"height: 79px\">\n<td style=\"width: 35.0197%;height: 79px;border-color: #f0f0f0;border-style: solid\" width=\"151\">\n<h6><span style=\"color: #ffffff\"><strong>Jako\u015b\u0107 wydzia\u0142u<\/strong><\/span><\/h6>\n<\/td>\n<td style=\"width: 57.9971%;background-color: #ffffff;height: 79px;border-style: solid;border-color: #e3e3e3;text-align: justify\" width=\"510\">\n<h6><span style=\"font-size: 10pt\">Mierzona przez liczb\u0119 wyk\u0142adowc\u00f3w, kt\u00f3rzy zdobyli g\u0142\u00f3wne wyr\u00f3\u017cnienia akademickie<\/span><\/h6>\n<\/td>\n<td style=\"width: 6.89013%;background-color: #ffffff;height: 79px;border-style: solid;border-color: #e3e3e3;text-align: center\" width=\"47\">\n<h6><span style=\"font-size: 10pt\"><strong>10%<\/strong><\/span><\/h6>\n<\/td>\n<\/tr>\n<tr style=\"height: 48px\">\n<td style=\"width: 35.0197%;height: 177px;border-color: #f0f0f0;border-style: solid\" rowspan=\"4\" width=\"151\">\n<h6><span style=\"color: #ffffff\"><strong>Wyniki bada\u0144<\/strong><\/span><\/h6>\n<\/td>\n<td style=\"width: 57.9971%;background-color: #ffffff;height: 48px;border-style: solid;border-color: #e3e3e3;text-align: justify\" width=\"510\">\n<h6><span style=\"font-size: 10pt\"><strong>Wyniki bada\u0144<\/strong>, mierzone ca\u0142kowit\u0105 liczb\u0105 prac badawczych (10%)<\/span><\/h6>\n<\/td>\n<td style=\"width: 6.89013%;background-color: #ffffff;height: 177px;border-style: solid;border-color: #e3e3e3;text-align: center\" rowspan=\"4\" width=\"47\">\n<h6><span style=\"font-size: 10pt\"><strong>40%<\/strong><\/span><\/h6>\n<\/td>\n<\/tr>\n<tr style=\"height: 34px\">\n<td style=\"width: 57.9971%;background-color: #ffffff;border-style: solid;border-color: #e3e3e3;text-align: justify;height: 34px\">\n<h6><span style=\"font-size: 10pt\"><strong>Publikacje <\/strong>wysokiej jako\u015bci, mierzone liczb\u0105 prac badawczych pojawiaj\u0105cych si\u0119 w czasopismach najwy\u017cszej klasy (10%)<\/span><\/h6>\n<\/td>\n<\/tr>\n<tr style=\"height: 53px\">\n<td style=\"width: 57.9971%;background-color: #ffffff;border-style: solid;border-color: #e3e3e3;text-align: justify;height: 53px\">\n<h6><span style=\"font-size: 10pt\"><strong>Wp\u0142yw, <\/strong>mierzony liczb\u0105 prac badawczych pojawiaj\u0105cych si\u0119 w bardzo wp\u0142ywowych czasopismach (10%)<\/span><\/h6>\n<\/td>\n<\/tr>\n<tr style=\"height: 42px\">\n<td style=\"width: 57.9971%;background-color: #ffffff;border-style: solid;border-color: #e3e3e3;text-align: justify;height: 42px\">\n<h6><span style=\"font-size: 10pt\"><strong>Cytaty, <\/strong>mierzone liczb\u0105 wysoko cytowanych prac badawczych (10%)<\/span><\/h6>\n<\/td>\n<\/tr>\n<\/tbody>\n<\/table>\n<p>&nbsp;<\/p>\n<hr>\n<hr>\n<h2 style=\"text-align: center\">Polskie uczelnie w rankingu Center for World University Rankings (CWUR)<\/h2>\n<p><img loading=\"lazy\" decoding=\"async\" class=\"aligncenter wp-image-2646 size-full\" src=\"https:\/\/pb.edu.pl\/cdias\/wp-content\/uploads\/sites\/55\/2025\/06\/lista_cwur_2025.png\" alt=\"\" width=\"811\" height=\"1075\" srcset=\"https:\/\/pb.edu.pl\/cdias\/wp-content\/uploads\/sites\/55\/2025\/06\/lista_cwur_2025.png 811w, https:\/\/pb.edu.pl\/cdias\/wp-content\/uploads\/sites\/55\/2025\/06\/lista_cwur_2025-226x300.png 226w, https:\/\/pb.edu.pl\/cdias\/wp-content\/uploads\/sites\/55\/2025\/06\/lista_cwur_2025-773x1024.png 773w, https:\/\/pb.edu.pl\/cdias\/wp-content\/uploads\/sites\/55\/2025\/06\/lista_cwur_2025-768x1018.png 768w\" sizes=\"auto, (max-width: 811px) 100vw, 811px\" \/><\/p>\n<hr>\n<hr>\n<h2 style=\"text-align: center\">Informacje dodatkowe<\/h2>\n<table style=\"height: 115px;width: 61.985%;border-collapse: collapse;background-color: #008687;border-color: #e8e8e8;margin: 0px auto\">\n<tbody>\n<tr style=\"height: 20px\">\n<td style=\"width: 52.221%;height: 32px;border-style: solid;border-color: #e3e3e3;text-align: center\" width=\"151\">\n<h6><span style=\"font-size: 10pt\"><strong><span style=\"color: #ffffff\">Odp\u0142atno\u015b\u0107 za udzia\u0142 w&nbsp; rankingu<\/span><\/strong><\/span><\/h6>\n<\/td>\n<td style=\"width: 48.4295%;background-color: #ffffff;height: 32px;border-style: solid;border-color: #e3e3e3;text-align: center\" width=\"510\">\n<h6><span style=\"font-size: 10pt\">Udzia\u0142 w rankingu jest bezp\u0142atny<\/span><\/h6>\n<\/td>\n<\/tr>\n<tr style=\"height: 20px\">\n<td style=\"width: 52.221%;height: 44px;border-style: solid;border-color: #e3e3e3;text-align: center\" width=\"151\">\n<h6><span style=\"color: #ffffff;font-size: 10pt\"><strong>Zg\u0142oszenie do rankingu<\/strong><\/span><\/h6>\n<\/td>\n<td style=\"width: 48.4295%;background-color: #ffffff;height: 44px;border-style: solid;border-color: #e3e3e3;text-align: center\" width=\"510\">\n<h6><span style=\"font-size: 10pt\">Udzia\u0142 w rankingu nie wymaga zg\u0142oszenia<\/span><\/h6>\n<\/td>\n<\/tr>\n<tr style=\"height: 20px\">\n<td style=\"width: 52.221%;height: 19px;border-style: solid;border-color: #e3e3e3;text-align: center\" width=\"151\">\n<h6><span style=\"color: #ffffff;font-size: 10pt\"><strong>Czy ranking uwzgl\u0119dniany przez Perspektywy?<\/strong><\/span><\/h6>\n<\/td>\n<td style=\"width: 48.4295%;background-color: #ffffff;height: 19px;border-style: solid;border-color: #e3e3e3;text-align: center\" width=\"510\">\n<h6><span style=\"font-size: 10pt\">NIE<\/span><\/h6>\n<\/td>\n<\/tr>\n<tr style=\"height: 20px\">\n<td style=\"width: 52.221%;border-style: solid;border-color: #e3e3e3;height: 26px;text-align: center\">\n<h6><span style=\"color: #ffffff;font-size: 10pt\"><strong>Cykliczno\u015b\u0107<\/strong><\/span><\/h6>\n<\/td>\n<td style=\"width: 48.4295%;background-color: #ffffff;border-style: solid;border-color: #e3e3e3;text-align: center;height: 26px\">\n<h6><span style=\"font-size: 10pt\">Raz w roku<\/span><\/h6>\n<\/td>\n<\/tr>\n<tr style=\"height: 20px\">\n<td style=\"width: 52.221%;height: 10px;border-style: solid;border-color: #e3e3e3;text-align: center\" rowspan=\"2\" width=\"151\">\n<h6><span style=\"color: #ffffff;font-size: 10pt\"><strong>\u0179r\u00f3d\u0142o rankingu<\/strong><\/span><\/h6>\n<\/td>\n<td style=\"width: 48.4295%;background-color: #ffffff;height: 10px;border-style: solid;border-color: #e3e3e3;text-align: center\" rowspan=\"2\" width=\"510\">\n<h6><a href=\"https:\/\/cwur.org\/\"><span style=\"font-size: 10pt\">https:\/\/cwur.org\/<\/span><\/a><\/h6>\n<\/td>\n<\/tr>\n<\/tbody>\n<\/table>\n<p>&nbsp;<\/p>\n","protected":false},"excerpt":{"rendered":"<p>Center for World University Rankings (CWUR) jest wiod\u0105c\u0105 organizacj\u0105 konsultingow\u0105, kt\u00f3ra zapewnia doradztwo polityczne, strategiczne<\/p>\n","protected":false},"author":2,"featured_media":0,"parent":428,"menu_order":5,"comment_status":"closed","ping_status":"closed","template":"","meta":{"_acf_changed":false,"ngg_post_thumbnail":0,"footnotes":""},"class_list":["post-486","page","type-page","status-publish","hentry"],"acf":[],"yoast_head":"<!-- This site is optimized with the Yoast SEO plugin v27.0 - https:\/\/yoast.com\/product\/yoast-seo-wordpress\/ -->\n<title>World University Rankings (CWUR) - Centrum Danych i Analiz Strategicznych<\/title>\n<meta name=\"description\" content=\"Center for World University Rankings (CWUR) jest wiod\u0105c\u0105 organizacj\u0105 konsultingow\u0105, kt\u00f3ra zapewnia doradztwo polityczne, strategiczne i us\u0142ugi\" \/>\n<meta name=\"robots\" content=\"index, follow, max-snippet:-1, max-image-preview:large, max-video-preview:-1\" \/>\n<link rel=\"canonical\" href=\"https:\/\/pb.edu.pl\/cdias\/rankingi-miedzynarodowe\/rankingi-instytucjonalne\/world-university-rankings-cwur\/\" \/>\n<meta property=\"og:locale\" content=\"pl_PL\" \/>\n<meta property=\"og:type\" content=\"article\" \/>\n<meta property=\"og:title\" content=\"World University Rankings (CWUR) - Centrum Danych i Analiz Strategicznych\" \/>\n<meta property=\"og:description\" content=\"Center for World University Rankings (CWUR) jest wiod\u0105c\u0105 organizacj\u0105 konsultingow\u0105, kt\u00f3ra zapewnia doradztwo polityczne, strategiczne i us\u0142ugi\" \/>\n<meta property=\"og:url\" content=\"https:\/\/pb.edu.pl\/cdias\/rankingi-miedzynarodowe\/rankingi-instytucjonalne\/world-university-rankings-cwur\/\" \/>\n<meta property=\"og:site_name\" content=\"Centrum Danych i Analiz Strategicznych\" \/>\n<meta property=\"article:modified_time\" content=\"2025-06-04T11:17:06+00:00\" \/>\n<meta property=\"og:image\" content=\"https:\/\/pb.edu.pl\/cdias\/wp-content\/uploads\/sites\/55\/2021\/09\/logo-rankingi-5-cwur.png\" \/>\n\t<meta property=\"og:image:width\" content=\"944\" \/>\n\t<meta property=\"og:image:height\" content=\"400\" \/>\n\t<meta property=\"og:image:type\" content=\"image\/png\" \/>\n<meta name=\"twitter:card\" content=\"summary_large_image\" \/>\n<meta name=\"twitter:label1\" content=\"Szacowany czas czytania\" \/>\n\t<meta name=\"twitter:data1\" content=\"2 minuty\" \/>\n<script type=\"application\/ld+json\" class=\"yoast-schema-graph\">{\"@context\":\"https:\/\/schema.org\",\"@graph\":[{\"@type\":\"WebPage\",\"@id\":\"https:\/\/pb.edu.pl\/cdias\/rankingi-miedzynarodowe\/rankingi-instytucjonalne\/world-university-rankings-cwur\/\",\"url\":\"https:\/\/pb.edu.pl\/cdias\/rankingi-miedzynarodowe\/rankingi-instytucjonalne\/world-university-rankings-cwur\/\",\"name\":\"World University Rankings (CWUR) - Centrum Danych i Analiz Strategicznych\",\"isPartOf\":{\"@id\":\"https:\/\/pb.edu.pl\/cdias\/#website\"},\"primaryImageOfPage\":{\"@id\":\"https:\/\/pb.edu.pl\/cdias\/rankingi-miedzynarodowe\/rankingi-instytucjonalne\/world-university-rankings-cwur\/#primaryimage\"},\"image\":{\"@id\":\"https:\/\/pb.edu.pl\/cdias\/rankingi-miedzynarodowe\/rankingi-instytucjonalne\/world-university-rankings-cwur\/#primaryimage\"},\"thumbnailUrl\":\"https:\/\/pb.edu.pl\/cdias\/wp-content\/uploads\/sites\/55\/2021\/09\/logo-rankingi-5-cwur.png\",\"datePublished\":\"2021-09-15T16:42:58+00:00\",\"dateModified\":\"2025-06-04T11:17:06+00:00\",\"description\":\"Center for World University Rankings (CWUR) jest wiod\u0105c\u0105 organizacj\u0105 konsultingow\u0105, kt\u00f3ra zapewnia doradztwo polityczne, strategiczne i us\u0142ugi\",\"breadcrumb\":{\"@id\":\"https:\/\/pb.edu.pl\/cdias\/rankingi-miedzynarodowe\/rankingi-instytucjonalne\/world-university-rankings-cwur\/#breadcrumb\"},\"inLanguage\":\"pl-PL\",\"potentialAction\":[{\"@type\":\"ReadAction\",\"target\":[\"https:\/\/pb.edu.pl\/cdias\/rankingi-miedzynarodowe\/rankingi-instytucjonalne\/world-university-rankings-cwur\/\"]}]},{\"@type\":\"ImageObject\",\"inLanguage\":\"pl-PL\",\"@id\":\"https:\/\/pb.edu.pl\/cdias\/rankingi-miedzynarodowe\/rankingi-instytucjonalne\/world-university-rankings-cwur\/#primaryimage\",\"url\":\"https:\/\/pb.edu.pl\/cdias\/wp-content\/uploads\/sites\/55\/2021\/09\/logo-rankingi-5-cwur.png\",\"contentUrl\":\"https:\/\/pb.edu.pl\/cdias\/wp-content\/uploads\/sites\/55\/2021\/09\/logo-rankingi-5-cwur.png\",\"width\":944,\"height\":400},{\"@type\":\"BreadcrumbList\",\"@id\":\"https:\/\/pb.edu.pl\/cdias\/rankingi-miedzynarodowe\/rankingi-instytucjonalne\/world-university-rankings-cwur\/#breadcrumb\",\"itemListElement\":[{\"@type\":\"ListItem\",\"position\":1,\"name\":\"Strona g\u0142\u00f3wna\",\"item\":\"https:\/\/pb.edu.pl\/cdias\/\"},{\"@type\":\"ListItem\",\"position\":2,\"name\":\"Rankingi mi\u0119dzynarodowe\",\"item\":\"https:\/\/pb.edu.pl\/cdias\/rankingi-miedzynarodowe\/\"},{\"@type\":\"ListItem\",\"position\":3,\"name\":\"Rankingi instytucjonalne\",\"item\":\"https:\/\/pb.edu.pl\/cdias\/rankingi-miedzynarodowe\/rankingi-instytucjonalne\/\"},{\"@type\":\"ListItem\",\"position\":4,\"name\":\"World University Rankings (CWUR)\"}]},{\"@type\":\"WebSite\",\"@id\":\"https:\/\/pb.edu.pl\/cdias\/#website\",\"url\":\"https:\/\/pb.edu.pl\/cdias\/\",\"name\":\"Centrum Danych i Analiz Strategicznych\",\"description\":\"\",\"potentialAction\":[{\"@type\":\"SearchAction\",\"target\":{\"@type\":\"EntryPoint\",\"urlTemplate\":\"https:\/\/pb.edu.pl\/cdias\/?s={search_term_string}\"},\"query-input\":{\"@type\":\"PropertyValueSpecification\",\"valueRequired\":true,\"valueName\":\"search_term_string\"}}],\"inLanguage\":\"pl-PL\"}]}<\/script>\n<!-- \/ Yoast SEO plugin. -->","yoast_head_json":{"title":"World University Rankings (CWUR) - Centrum Danych i Analiz Strategicznych","description":"Center for World University Rankings (CWUR) jest wiod\u0105c\u0105 organizacj\u0105 konsultingow\u0105, kt\u00f3ra zapewnia doradztwo polityczne, strategiczne i us\u0142ugi","robots":{"index":"index","follow":"follow","max-snippet":"max-snippet:-1","max-image-preview":"max-image-preview:large","max-video-preview":"max-video-preview:-1"},"canonical":"https:\/\/pb.edu.pl\/cdias\/rankingi-miedzynarodowe\/rankingi-instytucjonalne\/world-university-rankings-cwur\/","og_locale":"pl_PL","og_type":"article","og_title":"World University Rankings (CWUR) - Centrum Danych i Analiz Strategicznych","og_description":"Center for World University Rankings (CWUR) jest wiod\u0105c\u0105 organizacj\u0105 konsultingow\u0105, kt\u00f3ra zapewnia doradztwo polityczne, strategiczne i us\u0142ugi","og_url":"https:\/\/pb.edu.pl\/cdias\/rankingi-miedzynarodowe\/rankingi-instytucjonalne\/world-university-rankings-cwur\/","og_site_name":"Centrum Danych i Analiz Strategicznych","article_modified_time":"2025-06-04T11:17:06+00:00","og_image":[{"width":944,"height":400,"url":"https:\/\/pb.edu.pl\/cdias\/wp-content\/uploads\/sites\/55\/2021\/09\/logo-rankingi-5-cwur.png","type":"image\/png"}],"twitter_card":"summary_large_image","twitter_misc":{"Szacowany czas czytania":"2 minuty"},"schema":{"@context":"https:\/\/schema.org","@graph":[{"@type":"WebPage","@id":"https:\/\/pb.edu.pl\/cdias\/rankingi-miedzynarodowe\/rankingi-instytucjonalne\/world-university-rankings-cwur\/","url":"https:\/\/pb.edu.pl\/cdias\/rankingi-miedzynarodowe\/rankingi-instytucjonalne\/world-university-rankings-cwur\/","name":"World University Rankings (CWUR) - Centrum Danych i Analiz Strategicznych","isPartOf":{"@id":"https:\/\/pb.edu.pl\/cdias\/#website"},"primaryImageOfPage":{"@id":"https:\/\/pb.edu.pl\/cdias\/rankingi-miedzynarodowe\/rankingi-instytucjonalne\/world-university-rankings-cwur\/#primaryimage"},"image":{"@id":"https:\/\/pb.edu.pl\/cdias\/rankingi-miedzynarodowe\/rankingi-instytucjonalne\/world-university-rankings-cwur\/#primaryimage"},"thumbnailUrl":"https:\/\/pb.edu.pl\/cdias\/wp-content\/uploads\/sites\/55\/2021\/09\/logo-rankingi-5-cwur.png","datePublished":"2021-09-15T16:42:58+00:00","dateModified":"2025-06-04T11:17:06+00:00","description":"Center for World University Rankings (CWUR) jest wiod\u0105c\u0105 organizacj\u0105 konsultingow\u0105, kt\u00f3ra zapewnia doradztwo polityczne, strategiczne i us\u0142ugi","breadcrumb":{"@id":"https:\/\/pb.edu.pl\/cdias\/rankingi-miedzynarodowe\/rankingi-instytucjonalne\/world-university-rankings-cwur\/#breadcrumb"},"inLanguage":"pl-PL","potentialAction":[{"@type":"ReadAction","target":["https:\/\/pb.edu.pl\/cdias\/rankingi-miedzynarodowe\/rankingi-instytucjonalne\/world-university-rankings-cwur\/"]}]},{"@type":"ImageObject","inLanguage":"pl-PL","@id":"https:\/\/pb.edu.pl\/cdias\/rankingi-miedzynarodowe\/rankingi-instytucjonalne\/world-university-rankings-cwur\/#primaryimage","url":"https:\/\/pb.edu.pl\/cdias\/wp-content\/uploads\/sites\/55\/2021\/09\/logo-rankingi-5-cwur.png","contentUrl":"https:\/\/pb.edu.pl\/cdias\/wp-content\/uploads\/sites\/55\/2021\/09\/logo-rankingi-5-cwur.png","width":944,"height":400},{"@type":"BreadcrumbList","@id":"https:\/\/pb.edu.pl\/cdias\/rankingi-miedzynarodowe\/rankingi-instytucjonalne\/world-university-rankings-cwur\/#breadcrumb","itemListElement":[{"@type":"ListItem","position":1,"name":"Strona g\u0142\u00f3wna","item":"https:\/\/pb.edu.pl\/cdias\/"},{"@type":"ListItem","position":2,"name":"Rankingi mi\u0119dzynarodowe","item":"https:\/\/pb.edu.pl\/cdias\/rankingi-miedzynarodowe\/"},{"@type":"ListItem","position":3,"name":"Rankingi instytucjonalne","item":"https:\/\/pb.edu.pl\/cdias\/rankingi-miedzynarodowe\/rankingi-instytucjonalne\/"},{"@type":"ListItem","position":4,"name":"World University Rankings (CWUR)"}]},{"@type":"WebSite","@id":"https:\/\/pb.edu.pl\/cdias\/#website","url":"https:\/\/pb.edu.pl\/cdias\/","name":"Centrum Danych i Analiz Strategicznych","description":"","potentialAction":[{"@type":"SearchAction","target":{"@type":"EntryPoint","urlTemplate":"https:\/\/pb.edu.pl\/cdias\/?s={search_term_string}"},"query-input":{"@type":"PropertyValueSpecification","valueRequired":true,"valueName":"search_term_string"}}],"inLanguage":"pl-PL"}]}},"_links":{"self":[{"href":"https:\/\/pb.edu.pl\/cdias\/wp-json\/wp\/v2\/pages\/486","targetHints":{"allow":["GET"]}}],"collection":[{"href":"https:\/\/pb.edu.pl\/cdias\/wp-json\/wp\/v2\/pages"}],"about":[{"href":"https:\/\/pb.edu.pl\/cdias\/wp-json\/wp\/v2\/types\/page"}],"author":[{"embeddable":true,"href":"https:\/\/pb.edu.pl\/cdias\/wp-json\/wp\/v2\/users\/2"}],"replies":[{"embeddable":true,"href":"https:\/\/pb.edu.pl\/cdias\/wp-json\/wp\/v2\/comments?post=486"}],"version-history":[{"count":0,"href":"https:\/\/pb.edu.pl\/cdias\/wp-json\/wp\/v2\/pages\/486\/revisions"}],"up":[{"embeddable":true,"href":"https:\/\/pb.edu.pl\/cdias\/wp-json\/wp\/v2\/pages\/428"}],"wp:attachment":[{"href":"https:\/\/pb.edu.pl\/cdias\/wp-json\/wp\/v2\/media?parent=486"}],"curies":[{"name":"wp","href":"https:\/\/api.w.org\/{rel}","templated":true}]}}