{"id":482,"date":"2021-09-15T18:41:22","date_gmt":"2021-09-15T16:41:22","guid":{"rendered":"https:\/\/pb.edu.pl\/cdias\/?page_id=482"},"modified":"2025-06-03T11:20:40","modified_gmt":"2025-06-03T09:20:40","slug":"university-ranking-by-academic-performance-urap","status":"publish","type":"page","link":"https:\/\/pb.edu.pl\/cdias\/rankingi-miedzynarodowe\/rankingi-instytucjonalne\/university-ranking-by-academic-performance-urap\/","title":{"rendered":"University Ranking by Academic Performance (URAP)"},"content":{"rendered":"<p style=\"text-align: justify\"><img loading=\"lazy\" decoding=\"async\" class=\"alignleft wp-image-513\" src=\"https:\/\/pb.edu.pl\/cdias\/wp-content\/uploads\/sites\/55\/2021\/09\/logo-rankingi-3-urap.png\" alt=\"logo University Ranking by Academic Performance\" width=\"319\" height=\"102\" srcset=\"https:\/\/pb.edu.pl\/cdias\/wp-content\/uploads\/sites\/55\/2021\/09\/logo-rankingi-3-urap.png 819w, https:\/\/pb.edu.pl\/cdias\/wp-content\/uploads\/sites\/55\/2021\/09\/logo-rankingi-3-urap-300x96.png 300w, https:\/\/pb.edu.pl\/cdias\/wp-content\/uploads\/sites\/55\/2021\/09\/logo-rankingi-3-urap-768x245.png 768w\" sizes=\"auto, (max-width: 319px) 100vw, 319px\" \/>Ranking publikowany jest od 2010 r. corocznie przez Instytut Informatyki z Middle East Technical University Turquia. Ranking obejmuje uczelnie krajowe i \u015bwiatowe. System rankingowy URAP koncentruje si\u0119 na jako\u015bci akademickiej. URAP gromadzi dane dotycz\u0105ce 3000 instytut\u00f3w szkolnictwa wy\u017cszego (HEI) i szereguje organizacje wed\u0142ug ich osi\u0105gni\u0119\u0107 naukowych. Og\u00f3lny wynik ka\u017cdej uczelni opiera si\u0119 na jej wynikach w zakresie kilku wska\u017anik\u00f3w. URAP obejmuje oko\u0142o 12% wszystkich uczelni na \u015bwiecie, co czyni go jednym z najbardziej wszechstronnych system\u00f3w rankingowych.<\/p>\n<p style=\"text-align: right\"><a href=\"https:\/\/urapcenter.org\/\">www.urapcenter.org<\/a><\/p>\n<p>&nbsp;<\/p>\n<hr>\n<hr>\n<h2 style=\"text-align: center\">Kryteria, wska\u017aniki, metodologia rankingu<\/h2>\n<p>University Ranking by Academic Performance opiera si\u0119 na 6 akademickich wska\u017anikach wydajno\u015bci. Poniewa\u017c URAP jest rankingiem opartym na wynikach akademickich, publikacje stanowi\u0105 podstaw\u0119 metodologii rankingu. Wska\u017anikami wykorzystywanymi&nbsp; w rankingu s\u0105 zar\u00f3wno jako\u015b\u0107 i&nbsp;liczba publikacji, jak i &nbsp;wyniki zar\u00f3wno jako\u015bci i liczby publikacji oraz&nbsp;wyniki mi\u0119dzynarodowej wsp\u00f3\u0142pracy badawczej. Dane s\u0105 zbierane z Web of Science i InCites.<\/p>\n<table style=\"height: 518px;width: 67.2766%;border-collapse: collapse;background-color: #008687;border-color: #e8e8e8;margin: 0px auto\">\n<tbody>\n<tr style=\"height: 63px\">\n<td style=\"width: 13.7383%;height: 63px;border-color: #f0f0f0;border-style: solid\">\n<h3 style=\"text-align: center\"><span style=\"font-size: 12pt\"><strong><span style=\"color: #ffffff\">Kryterium<\/span><\/strong><\/span><\/h3>\n<\/td>\n<td style=\"width: 16.2168%;height: 63px;border-color: #f0f0f0;border-style: solid\">\n<h3 style=\"text-align: center\"><span style=\"font-size: 12pt\"><strong><span style=\"color: #ffffff\">Znaczenie (wska\u017anik)<\/span><\/strong><\/span><\/h3>\n<\/td>\n<td style=\"width: 63.0618%;height: 63px;text-align: center;border-color: #f0f0f0;border-style: solid\">\n<h3><span style=\"font-size: 12pt\"><strong><span style=\"color: #ffffff\">Metodologia<\/span><\/strong><\/span><\/h3>\n<\/td>\n<td style=\"width: 6.89013%;height: 63px;text-align: center;border-color: #f0f0f0;border-style: solid\">\n<h3><span style=\"font-size: 12pt\"><strong><span style=\"color: #ffffff\">Waga<\/span><\/strong><\/span><\/h3>\n<\/td>\n<\/tr>\n<tr style=\"height: 70px\">\n<td style=\"width: 13.7383%;border-color: #f0f0f0;border-style: solid;text-align: center;height: 70px\" width=\"104\">\n<h6><span style=\"font-size: 10pt;color: #ffffff\">Article<\/span><\/h6>\n<\/td>\n<td style=\"width: 16.2168%;border-color: #f0f0f0;border-style: solid;text-align: center;height: 70px\" width=\"123\">\n<h6><span style=\"font-size: 10pt;color: #ffffff\">Wydajno\u015b\u0107 naukowa<\/span><\/h6>\n<\/td>\n<td style=\"width: 63.0618%;border-color: #f0f0f0;border-style: solid;background-color: #ffffff;text-align: justify;height: 70px\" width=\"324\">\n<h6><span style=\"font-size: 10pt\">Liczba artyku\u0142\u00f3w jest u\u017cywana jako miara bie\u017c\u0105cej produktywno\u015bci naukowej, kt\u00f3ra obejmuje artyku\u0142y indeksowane przez Web of Science. Wska\u017anik obejmuje artyku\u0142y i recenzje.<\/span><\/h6>\n<\/td>\n<td style=\"width: 6.89013%;background-color: #ffffff;height: 70px;text-align: center;border-color: #f0f0f0;border-style: solid\" width=\"47\">\n<h6><span style=\"font-size: 10pt\"><strong>21%<\/strong><\/span><\/h6>\n<\/td>\n<\/tr>\n<tr style=\"height: 73px\">\n<td style=\"width: 13.7383%;border-color: #f0f0f0;border-style: solid;text-align: center;height: 73px\" width=\"104\">\n<h6><span style=\"font-size: 10pt;color: #ffffff\">Citation<\/span><\/h6>\n<\/td>\n<td style=\"width: 16.2168%;border-color: #f0f0f0;border-style: solid;text-align: center;height: 73px\" width=\"123\">\n<h6><span style=\"font-size: 10pt;color: #ffffff\">Wp\u0142yw bada\u0144<\/span><\/h6>\n<\/td>\n<td style=\"width: 63.0618%;border-color: #f0f0f0;border-style: solid;background-color: #ffffff;text-align: justify;height: 73px\" width=\"324\">\n<h6><span style=\"font-size: 10pt\">Cytowania jako wska\u017anik w rankingu URAP, jest miar\u0105 oddzia\u0142ywania badawczego. Jest punktowany zgodnie z ca\u0142kowit\u0105 liczb\u0105 otrzymanych cytowa\u0144.<\/span><\/h6>\n<\/td>\n<td style=\"width: 6.89013%;background-color: #ffffff;height: 73px;text-align: center;border-color: #f0f0f0;border-style: solid\" width=\"47\">\n<h6><span style=\"font-size: 10pt\"><strong>21%<\/strong><\/span><\/h6>\n<\/td>\n<\/tr>\n<tr style=\"height: 83px\">\n<td style=\"width: 13.7383%;border-color: #f0f0f0;border-style: solid;text-align: center;height: 83px\" width=\"104\">\n<h6><span style=\"font-size: 10pt;color: #ffffff\">Total Document<\/span><\/h6>\n<\/td>\n<td style=\"width: 16.2168%;border-color: #f0f0f0;border-style: solid;text-align: center;height: 83px\" width=\"123\">\n<h6><span style=\"font-size: 10pt;color: #ffffff\">Wydajno\u015b\u0107 naukowa<\/span><\/h6>\n<\/td>\n<td style=\"width: 63.0618%;border-color: #f0f0f0;border-style: solid;background-color: #ffffff;text-align: justify;height: 83px\" width=\"324\">\n<h6><span style=\"font-size: 10pt\">Ca\u0142kowita liczba dokument\u00f3w obejmuje literatur\u0119 naukow\u0105 dostarczon\u0105 przez baz\u0119 danych Web of Science, w tym artyku\u0142y konferencyjne, recenzje, listy, dyskusje, skrypty i artyku\u0142y w czasopismach.<\/span><\/h6>\n<\/td>\n<td style=\"width: 6.89013%;background-color: #ffffff;height: 83px;text-align: center;border-color: #f0f0f0;border-style: solid\" width=\"47\">\n<h6><span style=\"font-size: 10pt\"><strong>10%<\/strong><\/span><\/h6>\n<\/td>\n<\/tr>\n<tr style=\"height: 118px\">\n<td style=\"width: 13.7383%;border-color: #f0f0f0;border-style: solid;text-align: center;height: 118px\" width=\"104\">\n<h6><span style=\"font-size: 10pt;color: #ffffff\">Article Impact Total<\/span><\/h6>\n<\/td>\n<td style=\"width: 16.2168%;border-color: #f0f0f0;border-style: solid;text-align: center;height: 118px\" width=\"123\">\n<h6><span style=\"font-size: 10pt;color: #ffffff\">Jako\u015b\u0107 bada\u0144<\/span><\/h6>\n<\/td>\n<td style=\"width: 63.0618%;border-color: #f0f0f0;border-style: solid;background-color: #ffffff;text-align: justify;height: 118px\" width=\"324\">\n<h6><span style=\"font-size: 10pt\">Impact Total (AIT) jest miar\u0105 produktywno\u015bci naukowej skorygowan\u0105 o stosunek liczby cytowa\u0144 na publikacj\u0119 (CPP) instytucji do \u015bwiatowego CPP w odpowiednich obszarach tematycznych. Stosunek CPP instytucji do \u015bwiatowego CPP wskazuje, czy instytucja osi\u0105ga wyniki powy\u017cej lub poni\u017cej \u015bredniej \u015bwiatowej w tej dziedzinie. Stosunek ten mno\u017cy si\u0119 przez liczb\u0119 publikacji, a nast\u0119pnie sumuje we wszystkich obszarach.<\/span><\/h6>\n<\/td>\n<td style=\"width: 6.89013%;background-color: #ffffff;height: 118px;text-align: center;border-color: #f0f0f0;border-style: solid\" width=\"47\">\n<h6><span style=\"font-size: 10pt\"><strong>18%<\/strong><\/span><\/h6>\n<\/td>\n<\/tr>\n<tr style=\"height: 111px\">\n<td style=\"width: 13.7383%;border-color: #f0f0f0;border-style: solid;text-align: center;height: 111px\" width=\"104\">\n<h6><span style=\"font-size: 10pt;color: #ffffff\">Citation Impact Total<\/span><\/h6>\n<\/td>\n<td style=\"width: 16.2168%;border-color: #f0f0f0;border-style: solid;text-align: center;height: 111px\" width=\"123\">\n<h6><span style=\"font-size: 10pt;color: #ffffff\">Jako\u015b\u0107 bada\u0144<\/span><\/h6>\n<\/td>\n<td style=\"width: 63.0618%;border-color: #f0f0f0;border-style: solid;background-color: #ffffff;text-align: justify;height: 111px\" width=\"324\">\n<h6><span style=\"font-size: 10pt\">Citation Impact Total (CIT) jest miar\u0105 wp\u0142ywu bada\u0144 skorygowan\u0105 o znormalizowany CPP instytucji w odniesieniu do \u015bwiatowego CPP w&nbsp;obszarach tematycznych w odpowiednich latach. Stosunek CPP instytucji do CPP na \u015bwiecie wskazuje, czy instytucja wykonuje powy\u017cej lub poni\u017cej \u015bredniej \u015bwiatowej w tej dziedzinie. Stosunek ten jest mno\u017cony przez liczb\u0119 cytowa\u0144 a&nbsp;nast\u0119pnie sumowany we wszystkich obszarach.<\/span><\/h6>\n<\/td>\n<td style=\"width: 6.89013%;background-color: #ffffff;height: 111px;text-align: center;border-color: #f0f0f0;border-style: solid\" width=\"47\">\n<h6><span style=\"font-size: 10pt\"><strong>15%<\/strong><\/span><\/h6>\n<\/td>\n<\/tr>\n<\/tbody>\n<\/table>\n<p>&nbsp;<\/p>\n<hr>\n<hr>\n<h2 style=\"text-align: center\">Politechnika Bia\u0142ostocka w rankingu University Ranking by Academic Performance (URAP)<\/h2>\n<p style=\"text-align: justify\">W rankingu University Ranking by Academic Performance (URAP) w klasyfikacji uczelni polskich w edycji 2019-2020 Politechnika Bia\u0142ostocka zanotowa\u0142a spadek w stosunku do edycji 2018-2019, w edycji 2020-2021 utrzyma\u0142a swoj\u0105 lokat\u0119 z edycji poprzedniej. W edycji 2021-2022 Politechnika Bia\u0142ostocka awansowa\u0142a o 87 miejsc w \u015bwiecie i o 2 miejsca w kraju. W kolejnych dw\u00f3ch edycjach zanotowano niewielki spadek w stosunku do edycji 2021-2022 w kontekscie \u015bwiatowym, natomiast w\u015br\u00f3d uczelni w Polsce Politechnika Bia\u0142ostocka uplasowa\u0142a si\u0119 na 42 pozycji. W edycji 2024-2025 Politechnika Bia\u0142ostocka zaj\u0119\u0142a 2187 pozycj\u0119 na \u015bwiecie oraz 42 pozycj\u0119 na 53 uczelni polskich. Wyniki poszczeg\u00f3lnych edycji rankingu przedstawia poni\u017cszy wykres.<\/p>\n<p><img loading=\"lazy\" decoding=\"async\" class=\"aligncenter wp-image-2629 size-full\" src=\"https:\/\/pb.edu.pl\/cdias\/wp-content\/uploads\/sites\/55\/2025\/05\/urap_wykres_2025.png\" alt=\"\" width=\"711\" height=\"463\" srcset=\"https:\/\/pb.edu.pl\/cdias\/wp-content\/uploads\/sites\/55\/2025\/05\/urap_wykres_2025.png 711w, https:\/\/pb.edu.pl\/cdias\/wp-content\/uploads\/sites\/55\/2025\/05\/urap_wykres_2025-300x195.png 300w\" sizes=\"auto, (max-width: 711px) 100vw, 711px\" \/><\/p>\n<p><img loading=\"lazy\" decoding=\"async\" class=\"aligncenter wp-image-2634 size-full\" src=\"https:\/\/pb.edu.pl\/cdias\/wp-content\/uploads\/sites\/55\/2025\/05\/urap_latami_2025.png\" alt=\"\" width=\"594\" height=\"588\" srcset=\"https:\/\/pb.edu.pl\/cdias\/wp-content\/uploads\/sites\/55\/2025\/05\/urap_latami_2025.png 594w, https:\/\/pb.edu.pl\/cdias\/wp-content\/uploads\/sites\/55\/2025\/05\/urap_latami_2025-300x297.png 300w\" sizes=\"auto, (max-width: 594px) 100vw, 594px\" \/><\/p>\n<hr>\n<hr>\n<h2 style=\"text-align: center\">Polskie uczelnie w rankingu University Ranking by Academic Performance (URAP)<\/h2>\n<h2><img loading=\"lazy\" decoding=\"async\" class=\"aligncenter wp-image-2643 size-full\" src=\"https:\/\/pb.edu.pl\/cdias\/wp-content\/uploads\/sites\/55\/2025\/06\/urap_uczelnie_2025.png\" alt=\"\" width=\"690\" height=\"1535\" srcset=\"https:\/\/pb.edu.pl\/cdias\/wp-content\/uploads\/sites\/55\/2025\/06\/urap_uczelnie_2025.png 690w, https:\/\/pb.edu.pl\/cdias\/wp-content\/uploads\/sites\/55\/2025\/06\/urap_uczelnie_2025-135x300.png 135w, https:\/\/pb.edu.pl\/cdias\/wp-content\/uploads\/sites\/55\/2025\/06\/urap_uczelnie_2025-460x1024.png 460w\" sizes=\"auto, (max-width: 690px) 100vw, 690px\" \/><\/h2>\n<hr>\n<hr>\n<h2 style=\"text-align: center\">Informacje dodatkowe<\/h2>\n<table style=\"height: 115px;width: 61.985%;border-collapse: collapse;background-color: #008687;border-color: #e8e8e8;margin: 0px auto\">\n<tbody>\n<tr style=\"height: 20px\">\n<td style=\"width: 52.221%;height: 32px;border-style: solid;border-color: #e3e3e3;text-align: center\" width=\"151\">\n<h6><span style=\"font-size: 10pt\"><strong><span style=\"color: #ffffff\">Odp\u0142atno\u015b\u0107 za udzia\u0142 w&nbsp; rankingu<\/span><\/strong><\/span><\/h6>\n<\/td>\n<td style=\"width: 48.4295%;background-color: #ffffff;height: 32px;border-style: solid;border-color: #e3e3e3;text-align: center\" width=\"510\">\n<h6><span style=\"font-size: 10pt\">Udzia\u0142 w rankingu jest bezp\u0142atny<\/span><\/h6>\n<\/td>\n<\/tr>\n<tr style=\"height: 20px\">\n<td style=\"width: 52.221%;height: 44px;border-style: solid;border-color: #e3e3e3;text-align: center\" width=\"151\">\n<h6><span style=\"color: #ffffff;font-size: 10pt\"><strong>Zg\u0142oszenie do rankingu<\/strong><\/span><\/h6>\n<\/td>\n<td style=\"width: 48.4295%;background-color: #ffffff;height: 44px;border-style: solid;border-color: #e3e3e3;text-align: center\" width=\"510\">\n<h6><span style=\"font-size: 10pt\">Udzia\u0142 w rankingu nie wymaga zg\u0142oszenia<\/span><\/h6>\n<\/td>\n<\/tr>\n<tr style=\"height: 20px\">\n<td style=\"width: 52.221%;height: 19px;border-style: solid;border-color: #e3e3e3;text-align: center\" width=\"151\">\n<h6><span style=\"color: #ffffff;font-size: 10pt\"><strong>Czy ranking uwzgl\u0119dniany przez Perspektywy?<\/strong><\/span><\/h6>\n<\/td>\n<td style=\"width: 48.4295%;background-color: #ffffff;height: 19px;border-style: solid;border-color: #e3e3e3;text-align: center\" width=\"510\">\n<h6><span style=\"font-size: 10pt\">NIE<\/span><\/h6>\n<\/td>\n<\/tr>\n<tr style=\"height: 20px\">\n<td style=\"width: 52.221%;border-style: solid;border-color: #e3e3e3;height: 26px;text-align: center\">\n<h6><span style=\"color: #ffffff;font-size: 10pt\"><strong>Cykliczno\u015b\u0107<\/strong><\/span><\/h6>\n<\/td>\n<td style=\"width: 48.4295%;background-color: #ffffff;border-style: solid;border-color: #e3e3e3;text-align: center;height: 26px\">\n<h6><span style=\"font-size: 10pt\">Raz w roku<\/span><\/h6>\n<\/td>\n<\/tr>\n<tr style=\"height: 20px\">\n<td style=\"width: 52.221%;height: 10px;border-style: solid;border-color: #e3e3e3;text-align: center\" rowspan=\"2\" width=\"151\">\n<h6><span style=\"color: #ffffff;font-size: 10pt\"><strong>\u0179r\u00f3d\u0142o rankingu<\/strong><\/span><\/h6>\n<\/td>\n<td style=\"width: 48.4295%;background-color: #ffffff;height: 10px;border-style: solid;border-color: #e3e3e3;text-align: center\" rowspan=\"2\" width=\"510\">\n<h6><a href=\"https:\/\/urapcenter.org\/\"><span style=\"font-size: 10pt\">https:\/\/urapcenter.org\/<\/span><\/a><\/h6>\n<\/td>\n<\/tr>\n<\/tbody>\n<\/table>\n<p>&nbsp;<\/p>\n","protected":false},"excerpt":{"rendered":"<p>Ranking publikowany jest od 2010 r. corocznie przez Instytut Informatyki z Middle East Technical University<\/p>\n","protected":false},"author":2,"featured_media":0,"parent":428,"menu_order":3,"comment_status":"closed","ping_status":"closed","template":"","meta":{"_acf_changed":false,"ngg_post_thumbnail":0,"footnotes":""},"class_list":["post-482","page","type-page","status-publish","hentry"],"acf":[],"yoast_head":"<!-- This site is optimized with the Yoast SEO plugin v27.0 - https:\/\/yoast.com\/product\/yoast-seo-wordpress\/ -->\n<title>University Ranking by Academic Performance (URAP) - Centrum Danych i Analiz Strategicznych<\/title>\n<meta name=\"description\" content=\"Ranking publikowany jest od 2010 r. corocznie przez Instytut Informatyki z Middle East Technical University Turquia. Ranking obejmuje uczelnie krajowe i\" \/>\n<meta name=\"robots\" content=\"index, follow, max-snippet:-1, max-image-preview:large, max-video-preview:-1\" \/>\n<link rel=\"canonical\" href=\"https:\/\/pb.edu.pl\/cdias\/rankingi-miedzynarodowe\/rankingi-instytucjonalne\/university-ranking-by-academic-performance-urap\/\" \/>\n<meta property=\"og:locale\" content=\"pl_PL\" \/>\n<meta property=\"og:type\" content=\"article\" \/>\n<meta property=\"og:title\" content=\"University Ranking by Academic Performance (URAP) - Centrum Danych i Analiz Strategicznych\" \/>\n<meta property=\"og:description\" content=\"Ranking publikowany jest od 2010 r. corocznie przez Instytut Informatyki z Middle East Technical University Turquia. Ranking obejmuje uczelnie krajowe i\" \/>\n<meta property=\"og:url\" content=\"https:\/\/pb.edu.pl\/cdias\/rankingi-miedzynarodowe\/rankingi-instytucjonalne\/university-ranking-by-academic-performance-urap\/\" \/>\n<meta property=\"og:site_name\" content=\"Centrum Danych i Analiz Strategicznych\" \/>\n<meta property=\"article:modified_time\" content=\"2025-06-03T09:20:40+00:00\" \/>\n<meta property=\"og:image\" content=\"https:\/\/pb.edu.pl\/cdias\/wp-content\/uploads\/sites\/55\/2021\/09\/logo-rankingi-3-urap.png\" \/>\n\t<meta property=\"og:image:width\" content=\"819\" \/>\n\t<meta property=\"og:image:height\" content=\"261\" \/>\n\t<meta property=\"og:image:type\" content=\"image\/png\" \/>\n<meta name=\"twitter:card\" content=\"summary_large_image\" \/>\n<meta name=\"twitter:label1\" content=\"Szacowany czas czytania\" \/>\n\t<meta name=\"twitter:data1\" content=\"3 minuty\" \/>\n<script type=\"application\/ld+json\" class=\"yoast-schema-graph\">{\"@context\":\"https:\/\/schema.org\",\"@graph\":[{\"@type\":\"WebPage\",\"@id\":\"https:\/\/pb.edu.pl\/cdias\/rankingi-miedzynarodowe\/rankingi-instytucjonalne\/university-ranking-by-academic-performance-urap\/\",\"url\":\"https:\/\/pb.edu.pl\/cdias\/rankingi-miedzynarodowe\/rankingi-instytucjonalne\/university-ranking-by-academic-performance-urap\/\",\"name\":\"University Ranking by Academic Performance (URAP) - Centrum Danych i Analiz Strategicznych\",\"isPartOf\":{\"@id\":\"https:\/\/pb.edu.pl\/cdias\/#website\"},\"primaryImageOfPage\":{\"@id\":\"https:\/\/pb.edu.pl\/cdias\/rankingi-miedzynarodowe\/rankingi-instytucjonalne\/university-ranking-by-academic-performance-urap\/#primaryimage\"},\"image\":{\"@id\":\"https:\/\/pb.edu.pl\/cdias\/rankingi-miedzynarodowe\/rankingi-instytucjonalne\/university-ranking-by-academic-performance-urap\/#primaryimage\"},\"thumbnailUrl\":\"https:\/\/pb.edu.pl\/cdias\/wp-content\/uploads\/sites\/55\/2021\/09\/logo-rankingi-3-urap.png\",\"datePublished\":\"2021-09-15T16:41:22+00:00\",\"dateModified\":\"2025-06-03T09:20:40+00:00\",\"description\":\"Ranking publikowany jest od 2010 r. corocznie przez Instytut Informatyki z Middle East Technical University Turquia. Ranking obejmuje uczelnie krajowe i\",\"breadcrumb\":{\"@id\":\"https:\/\/pb.edu.pl\/cdias\/rankingi-miedzynarodowe\/rankingi-instytucjonalne\/university-ranking-by-academic-performance-urap\/#breadcrumb\"},\"inLanguage\":\"pl-PL\",\"potentialAction\":[{\"@type\":\"ReadAction\",\"target\":[\"https:\/\/pb.edu.pl\/cdias\/rankingi-miedzynarodowe\/rankingi-instytucjonalne\/university-ranking-by-academic-performance-urap\/\"]}]},{\"@type\":\"ImageObject\",\"inLanguage\":\"pl-PL\",\"@id\":\"https:\/\/pb.edu.pl\/cdias\/rankingi-miedzynarodowe\/rankingi-instytucjonalne\/university-ranking-by-academic-performance-urap\/#primaryimage\",\"url\":\"https:\/\/pb.edu.pl\/cdias\/wp-content\/uploads\/sites\/55\/2021\/09\/logo-rankingi-3-urap.png\",\"contentUrl\":\"https:\/\/pb.edu.pl\/cdias\/wp-content\/uploads\/sites\/55\/2021\/09\/logo-rankingi-3-urap.png\",\"width\":819,\"height\":261},{\"@type\":\"BreadcrumbList\",\"@id\":\"https:\/\/pb.edu.pl\/cdias\/rankingi-miedzynarodowe\/rankingi-instytucjonalne\/university-ranking-by-academic-performance-urap\/#breadcrumb\",\"itemListElement\":[{\"@type\":\"ListItem\",\"position\":1,\"name\":\"Strona g\u0142\u00f3wna\",\"item\":\"https:\/\/pb.edu.pl\/cdias\/\"},{\"@type\":\"ListItem\",\"position\":2,\"name\":\"Rankingi mi\u0119dzynarodowe\",\"item\":\"https:\/\/pb.edu.pl\/cdias\/rankingi-miedzynarodowe\/\"},{\"@type\":\"ListItem\",\"position\":3,\"name\":\"Rankingi instytucjonalne\",\"item\":\"https:\/\/pb.edu.pl\/cdias\/rankingi-miedzynarodowe\/rankingi-instytucjonalne\/\"},{\"@type\":\"ListItem\",\"position\":4,\"name\":\"University Ranking by Academic Performance (URAP)\"}]},{\"@type\":\"WebSite\",\"@id\":\"https:\/\/pb.edu.pl\/cdias\/#website\",\"url\":\"https:\/\/pb.edu.pl\/cdias\/\",\"name\":\"Centrum Danych i Analiz Strategicznych\",\"description\":\"\",\"potentialAction\":[{\"@type\":\"SearchAction\",\"target\":{\"@type\":\"EntryPoint\",\"urlTemplate\":\"https:\/\/pb.edu.pl\/cdias\/?s={search_term_string}\"},\"query-input\":{\"@type\":\"PropertyValueSpecification\",\"valueRequired\":true,\"valueName\":\"search_term_string\"}}],\"inLanguage\":\"pl-PL\"}]}<\/script>\n<!-- \/ Yoast SEO plugin. -->","yoast_head_json":{"title":"University Ranking by Academic Performance (URAP) - Centrum Danych i Analiz Strategicznych","description":"Ranking publikowany jest od 2010 r. corocznie przez Instytut Informatyki z Middle East Technical University Turquia. Ranking obejmuje uczelnie krajowe i","robots":{"index":"index","follow":"follow","max-snippet":"max-snippet:-1","max-image-preview":"max-image-preview:large","max-video-preview":"max-video-preview:-1"},"canonical":"https:\/\/pb.edu.pl\/cdias\/rankingi-miedzynarodowe\/rankingi-instytucjonalne\/university-ranking-by-academic-performance-urap\/","og_locale":"pl_PL","og_type":"article","og_title":"University Ranking by Academic Performance (URAP) - Centrum Danych i Analiz Strategicznych","og_description":"Ranking publikowany jest od 2010 r. corocznie przez Instytut Informatyki z Middle East Technical University Turquia. Ranking obejmuje uczelnie krajowe i","og_url":"https:\/\/pb.edu.pl\/cdias\/rankingi-miedzynarodowe\/rankingi-instytucjonalne\/university-ranking-by-academic-performance-urap\/","og_site_name":"Centrum Danych i Analiz Strategicznych","article_modified_time":"2025-06-03T09:20:40+00:00","og_image":[{"width":819,"height":261,"url":"https:\/\/pb.edu.pl\/cdias\/wp-content\/uploads\/sites\/55\/2021\/09\/logo-rankingi-3-urap.png","type":"image\/png"}],"twitter_card":"summary_large_image","twitter_misc":{"Szacowany czas czytania":"3 minuty"},"schema":{"@context":"https:\/\/schema.org","@graph":[{"@type":"WebPage","@id":"https:\/\/pb.edu.pl\/cdias\/rankingi-miedzynarodowe\/rankingi-instytucjonalne\/university-ranking-by-academic-performance-urap\/","url":"https:\/\/pb.edu.pl\/cdias\/rankingi-miedzynarodowe\/rankingi-instytucjonalne\/university-ranking-by-academic-performance-urap\/","name":"University Ranking by Academic Performance (URAP) - Centrum Danych i Analiz Strategicznych","isPartOf":{"@id":"https:\/\/pb.edu.pl\/cdias\/#website"},"primaryImageOfPage":{"@id":"https:\/\/pb.edu.pl\/cdias\/rankingi-miedzynarodowe\/rankingi-instytucjonalne\/university-ranking-by-academic-performance-urap\/#primaryimage"},"image":{"@id":"https:\/\/pb.edu.pl\/cdias\/rankingi-miedzynarodowe\/rankingi-instytucjonalne\/university-ranking-by-academic-performance-urap\/#primaryimage"},"thumbnailUrl":"https:\/\/pb.edu.pl\/cdias\/wp-content\/uploads\/sites\/55\/2021\/09\/logo-rankingi-3-urap.png","datePublished":"2021-09-15T16:41:22+00:00","dateModified":"2025-06-03T09:20:40+00:00","description":"Ranking publikowany jest od 2010 r. corocznie przez Instytut Informatyki z Middle East Technical University Turquia. Ranking obejmuje uczelnie krajowe i","breadcrumb":{"@id":"https:\/\/pb.edu.pl\/cdias\/rankingi-miedzynarodowe\/rankingi-instytucjonalne\/university-ranking-by-academic-performance-urap\/#breadcrumb"},"inLanguage":"pl-PL","potentialAction":[{"@type":"ReadAction","target":["https:\/\/pb.edu.pl\/cdias\/rankingi-miedzynarodowe\/rankingi-instytucjonalne\/university-ranking-by-academic-performance-urap\/"]}]},{"@type":"ImageObject","inLanguage":"pl-PL","@id":"https:\/\/pb.edu.pl\/cdias\/rankingi-miedzynarodowe\/rankingi-instytucjonalne\/university-ranking-by-academic-performance-urap\/#primaryimage","url":"https:\/\/pb.edu.pl\/cdias\/wp-content\/uploads\/sites\/55\/2021\/09\/logo-rankingi-3-urap.png","contentUrl":"https:\/\/pb.edu.pl\/cdias\/wp-content\/uploads\/sites\/55\/2021\/09\/logo-rankingi-3-urap.png","width":819,"height":261},{"@type":"BreadcrumbList","@id":"https:\/\/pb.edu.pl\/cdias\/rankingi-miedzynarodowe\/rankingi-instytucjonalne\/university-ranking-by-academic-performance-urap\/#breadcrumb","itemListElement":[{"@type":"ListItem","position":1,"name":"Strona g\u0142\u00f3wna","item":"https:\/\/pb.edu.pl\/cdias\/"},{"@type":"ListItem","position":2,"name":"Rankingi mi\u0119dzynarodowe","item":"https:\/\/pb.edu.pl\/cdias\/rankingi-miedzynarodowe\/"},{"@type":"ListItem","position":3,"name":"Rankingi instytucjonalne","item":"https:\/\/pb.edu.pl\/cdias\/rankingi-miedzynarodowe\/rankingi-instytucjonalne\/"},{"@type":"ListItem","position":4,"name":"University Ranking by Academic Performance (URAP)"}]},{"@type":"WebSite","@id":"https:\/\/pb.edu.pl\/cdias\/#website","url":"https:\/\/pb.edu.pl\/cdias\/","name":"Centrum Danych i Analiz Strategicznych","description":"","potentialAction":[{"@type":"SearchAction","target":{"@type":"EntryPoint","urlTemplate":"https:\/\/pb.edu.pl\/cdias\/?s={search_term_string}"},"query-input":{"@type":"PropertyValueSpecification","valueRequired":true,"valueName":"search_term_string"}}],"inLanguage":"pl-PL"}]}},"_links":{"self":[{"href":"https:\/\/pb.edu.pl\/cdias\/wp-json\/wp\/v2\/pages\/482","targetHints":{"allow":["GET"]}}],"collection":[{"href":"https:\/\/pb.edu.pl\/cdias\/wp-json\/wp\/v2\/pages"}],"about":[{"href":"https:\/\/pb.edu.pl\/cdias\/wp-json\/wp\/v2\/types\/page"}],"author":[{"embeddable":true,"href":"https:\/\/pb.edu.pl\/cdias\/wp-json\/wp\/v2\/users\/2"}],"replies":[{"embeddable":true,"href":"https:\/\/pb.edu.pl\/cdias\/wp-json\/wp\/v2\/comments?post=482"}],"version-history":[{"count":0,"href":"https:\/\/pb.edu.pl\/cdias\/wp-json\/wp\/v2\/pages\/482\/revisions"}],"up":[{"embeddable":true,"href":"https:\/\/pb.edu.pl\/cdias\/wp-json\/wp\/v2\/pages\/428"}],"wp:attachment":[{"href":"https:\/\/pb.edu.pl\/cdias\/wp-json\/wp\/v2\/media?parent=482"}],"curies":[{"name":"wp","href":"https:\/\/api.w.org\/{rel}","templated":true}]}}