{"id":2904,"date":"2025-12-30T12:38:59","date_gmt":"2025-12-30T11:38:59","guid":{"rendered":"https:\/\/pb.edu.pl\/cdias\/?page_id=2904"},"modified":"2025-12-31T09:30:30","modified_gmt":"2025-12-31T08:30:30","slug":"engirank","status":"publish","type":"page","link":"https:\/\/pb.edu.pl\/cdias\/rankingi-miedzynarodowe\/rankingi-instytucjonalne\/engirank\/","title":{"rendered":"Engirank"},"content":{"rendered":"<hr>\n<p><strong>Engirank<\/strong> t<a href=\"https:\/\/pb.edu.pl\/cdias\/wp-content\/uploads\/sites\/55\/2025\/12\/engirank1.png\"><img loading=\"lazy\" decoding=\"async\" class=\"alignleft wp-image-2901 size-full\" src=\"https:\/\/pb.edu.pl\/cdias\/wp-content\/uploads\/sites\/55\/2025\/12\/engirank1-e1767094408377.png\" alt=\"\" width=\"300\" height=\"131\"><\/a>o specjalistyczny ranking oceniaj\u0105cy europejskie instytucje szkolnictwa wy\u017cszego o profilu in\u017cynieryjno-technicznym. Opracowany z my\u015bl\u0105 o zwi\u0119kszeniu przejrzysto\u015bci i jako\u015bci informacji dotycz\u0105cych uczelni w tej dziedzinie, Engirank dostarcza kompleksowych danych umo\u017cliwiaj\u0105cych por\u00f3wnanie instytucji z r\u00f3\u017cnych kraj\u00f3w Unii Europejskiej, Norwegii oraz Szwajcarii. Jego metodologia opiera si\u0119 na teorii warto\u015bci wielokryterialnej (Multi-Attribute Value Theory), co pozwala na uwzgl\u0119dnienie zr\u00f3\u017cnicowanych aspekt\u00f3w dzia\u0142alno\u015bci akademickiej, takich jak badania naukowe, innowacje, umi\u0119dzynarodowienie oraz zdolno\u015b\u0107 do realizacji Cel\u00f3w Zr\u00f3wnowa\u017conego Rozwoju (SDG), w szczeg\u00f3lno\u015bci SDG 9 dotycz\u0105cego przemys\u0142u, innowacji i infrastruktury. Ranking obejmuje zar\u00f3wno ocen\u0119 instytucjonaln\u0105, jak i przedmiotow\u0105, uwzgl\u0119dniaj\u0105c\u0105 wyniki w kluczowych dyscyplinach in\u017cynierskich.<\/p>\n<p style=\"text-align: right\"><a href=\"https:\/\/engirank.eu\/\">https:\/\/engirank.eu\/<\/a><\/p>\n<p>&nbsp;<\/p>\n<hr>\n<hr>\n<h2 style=\"text-align: center\">&nbsp;Kryteria, wska\u017aniki, metodologia rankingu instytucjonalnego<\/h2>\n<p>&nbsp;<\/p>\n<p><strong>Ranking instytucjonalny<\/strong> Engirank opiera si\u0119 na pi\u0119ciu kryteriach. Najwa\u017cniejsze kryteria pod wzgl\u0119dem wagi to Badania (28%) i Innowacje (25%) \u2013 razem stanowi\u0105 53% rankingu. Trzecie kryterium, SDG 9: Przemys\u0142, Innowacje i Infrastruktura, ocenia wysi\u0142ki instytucji na rzecz realizacji SDG 9 \u2013 waga tego wska\u017anika wynosi 10%. Kolejnym kryterium jest Umi\u0119dzynarodowienie o wadze 16%, a ostatnim jest Multidyscyplinarno\u015b\u0107 (waga 21%), kt\u00f3ra \u0142\u0105czy ranking instytucjonalny z rankingami przedmiotowymi.<\/p>\n<p><a href=\"https:\/\/pb.edu.pl\/cdias\/wp-content\/uploads\/sites\/55\/2025\/12\/metodologia_instytucjonalny_Engirank.png\"><img loading=\"lazy\" decoding=\"async\" class=\"size-full wp-image-2915 aligncenter\" src=\"https:\/\/pb.edu.pl\/cdias\/wp-content\/uploads\/sites\/55\/2025\/12\/metodologia_instytucjonalny_Engirank.png\" alt=\"\" width=\"662\" height=\"390\" srcset=\"https:\/\/pb.edu.pl\/cdias\/wp-content\/uploads\/sites\/55\/2025\/12\/metodologia_instytucjonalny_Engirank.png 662w, https:\/\/pb.edu.pl\/cdias\/wp-content\/uploads\/sites\/55\/2025\/12\/metodologia_instytucjonalny_Engirank-300x177.png 300w\" sizes=\"auto, (max-width: 662px) 100vw, 662px\" \/><\/a><\/p>\n<p>Wyniki cz\u0105stkowe dla ka\u017cdego wska\u017anika s\u0105 obliczane wzgl\u0119dem instytucji wiod\u0105cej. Instytucji o najwy\u017cszej warto\u015bci wska\u017anika przypisuje si\u0119 wynik 100, a wyniki dla pozosta\u0142ych instytucji s\u0105 obliczane jako proporcjonalna odleg\u0142o\u015b\u0107 od lidera. Cz\u0142onkostwo w Uniwersytecie Europejskim stanowi specyficzny wska\u017anik binarny \u2013 wynik 100 jest przypisany ka\u017cdej z uczelni w rankingu instytucjonalnym, kt\u00f3ra jest cz\u0142onkiem dowolnego europejskiego sojuszu uniwersyteckiego.<\/p>\n<p>Wyniki cz\u0105stkowe dla wszystkich wska\u017anik\u00f3w uzyskanych przez instytucj\u0119 \u2013 zar\u00f3wno w rankingach przedmiotowych, jak i w rankingu instytucjonalnym \u2013 s\u0105 sumowane przy u\u017cyciu odpowiednich wag. Nast\u0119pnie instytucje s\u0105 klasyfikowane w kolejno\u015bci malej\u0105cej wed\u0142ug wa\u017conej sumy wynik\u00f3w. Instytucja wiod\u0105ca otrzymuje wynik ko\u0144cowy 100, a pozosta\u0142e instytucje otrzymuj\u0105 wyniki proporcjonalne do ich wa\u017conej sumy wynik\u00f3w wzgl\u0119dem instytucji wiod\u0105cej (wyra\u017cone jako procent). Pozycja instytucji w rankingu jest okre\u015blana przez pr\u00f3g rozr\u00f3\u017cnienia wynosz\u0105cy 1 punkt procentowy wyniku ko\u0144cowego. Oznacza to, \u017ce instytucje, kt\u00f3rych wyniki ko\u0144cowe r\u00f3\u017cni\u0105 si\u0119 o mniej ni\u017c 1 punkt procentowy, zajmuj\u0105 to samo miejsce w rankingu.<\/p>\n<p>&nbsp;<\/p>\n<p>&nbsp;<\/p>\n<hr>\n<hr>\n<h2 style=\"text-align: center\">Politechnika Bia\u0142ostocka w rankingu instytucjonalnym Engirank<\/h2>\n<p><a href=\"https:\/\/pb.edu.pl\/cdias\/wp-content\/uploads\/sites\/55\/2025\/12\/EngiRank2025.png\"><img loading=\"lazy\" decoding=\"async\" class=\"aligncenter size-full wp-image-2910\" src=\"https:\/\/pb.edu.pl\/cdias\/wp-content\/uploads\/sites\/55\/2025\/12\/EngiRank2025.png\" alt=\"\" width=\"1284\" height=\"732\" srcset=\"https:\/\/pb.edu.pl\/cdias\/wp-content\/uploads\/sites\/55\/2025\/12\/EngiRank2025.png 1284w, https:\/\/pb.edu.pl\/cdias\/wp-content\/uploads\/sites\/55\/2025\/12\/EngiRank2025-300x171.png 300w, https:\/\/pb.edu.pl\/cdias\/wp-content\/uploads\/sites\/55\/2025\/12\/EngiRank2025-1024x584.png 1024w, https:\/\/pb.edu.pl\/cdias\/wp-content\/uploads\/sites\/55\/2025\/12\/EngiRank2025-768x438.png 768w\" sizes=\"auto, (max-width: 1284px) 100vw, 1284px\" \/><\/a><\/p>\n<p>&nbsp;<\/p>\n<hr>\n<hr>\n<h2 style=\"text-align: center\">Kryteria, wska\u017aniki, metodologia Engirank By Subject<\/h2>\n<p><strong>Engirank by Subject<\/strong> to innowacyjny system rankingowy, kt\u00f3ry ocenia uczelnie wy\u017csze w siedmiu kluczowych dziedzinach in\u017cynieryjnych, takich jak in\u017cynieria chemiczna, elektryczna, elektroniczna, informacyjna, materia\u0142owa i mechaniczna. Ranking oparty jest na trzech g\u0142\u00f3wnych kryteriach: badaniach, innowacjach oraz jako\u015bci nauczania, z uwzgl\u0119dnieniem ich wk\u0142adu w Cele Zr\u00f3wnowa\u017conego Rozwoju (SDGs).<\/p>\n<p>Ranking Engirank opiera si\u0119 na trzech g\u0142\u00f3wnych kryteriach: Badania (64%), Innowacje (26%) i Jako\u015b\u0107 nauczania (10%) w nast\u0119puj\u0105cych czterech dyscyplinach:<\/p>\n<ul>\n<li>in\u017cynieria chemiczna,<\/li>\n<li>in\u017cynieria elektryczna, elektronika, informatyka,<\/li>\n<li>in\u017cynieria materia\u0142owa,<\/li>\n<li>in\u017cynieria mechaniczna<\/li>\n<\/ul>\n<p>W pozosta\u0142ych trzech dyscyplinach, poza wy\u017cej wspomnianymi kryteriami, wzi\u0119to pod uwag\u0119 potencjalny i oczekiwany wk\u0142ad dzia\u0142alno\u015bci uczelni w realizacj\u0119 wybranego Celu Zr\u00f3wnowa\u017conego Rozwoju (SDG). W zwi\u0105zku z tym, dla ka\u017cdej z poni\u017cszych dyscyplin dodano dodatkowe kryterium: Wk\u0142ad w SDG (5%), jednocze\u015bnie zmniejszaj\u0105c wagi dw\u00f3ch z trzech podstawowych kryteri\u00f3w: Badania \u2013 do 60% oraz Innowacje \u2013 do 25%.<\/p>\n<ul>\n<li>in\u017cynieria l\u0105dowa \u2013 SDG 11: Zr\u00f3wnowa\u017cone miasta i spo\u0142eczno\u015bci,<\/li>\n<li>in\u017cynieria \u015brodowiskowa \u2013 SDG 6: Czysta woda i warunki sanitarne,<\/li>\n<li>in\u017cynieria medyczna \u2013 SDG 3: Dobre zdrowie i jako\u015b\u0107 \u017cycia.<\/li>\n<\/ul>\n<p><a href=\"https:\/\/pb.edu.pl\/cdias\/wp-content\/uploads\/sites\/55\/2025\/12\/Engirank_by_subject_.png\"><img loading=\"lazy\" decoding=\"async\" class=\"aligncenter size-full wp-image-2916\" src=\"https:\/\/pb.edu.pl\/cdias\/wp-content\/uploads\/sites\/55\/2025\/12\/Engirank_by_subject_.png\" alt=\"\" width=\"1262\" height=\"377\" srcset=\"https:\/\/pb.edu.pl\/cdias\/wp-content\/uploads\/sites\/55\/2025\/12\/Engirank_by_subject_.png 1262w, https:\/\/pb.edu.pl\/cdias\/wp-content\/uploads\/sites\/55\/2025\/12\/Engirank_by_subject_-300x90.png 300w, https:\/\/pb.edu.pl\/cdias\/wp-content\/uploads\/sites\/55\/2025\/12\/Engirank_by_subject_-1024x306.png 1024w, https:\/\/pb.edu.pl\/cdias\/wp-content\/uploads\/sites\/55\/2025\/12\/Engirank_by_subject_-768x229.png 768w\" sizes=\"auto, (max-width: 1262px) 100vw, 1262px\" \/><\/a><\/p>\n<hr>\n<hr>\n<h2 style=\"text-align: center\">Politechnika Bia\u0142ostocka w rankingu Engirank by Subject<\/h2>\n<p>&nbsp;<\/p>\n<p><a href=\"https:\/\/pb.edu.pl\/cdias\/wp-content\/uploads\/sites\/55\/2025\/12\/Civil_EngiRank2025.png\"><img loading=\"lazy\" decoding=\"async\" class=\"aligncenter size-full wp-image-2911\" src=\"https:\/\/pb.edu.pl\/cdias\/wp-content\/uploads\/sites\/55\/2025\/12\/Civil_EngiRank2025.png\" alt=\"\" width=\"1289\" height=\"663\" srcset=\"https:\/\/pb.edu.pl\/cdias\/wp-content\/uploads\/sites\/55\/2025\/12\/Civil_EngiRank2025.png 1289w, https:\/\/pb.edu.pl\/cdias\/wp-content\/uploads\/sites\/55\/2025\/12\/Civil_EngiRank2025-300x154.png 300w, https:\/\/pb.edu.pl\/cdias\/wp-content\/uploads\/sites\/55\/2025\/12\/Civil_EngiRank2025-1024x527.png 1024w, https:\/\/pb.edu.pl\/cdias\/wp-content\/uploads\/sites\/55\/2025\/12\/Civil_EngiRank2025-768x395.png 768w\" sizes=\"auto, (max-width: 1289px) 100vw, 1289px\" \/><\/a><\/p>\n<hr>\n<hr>\n<h2 style=\"line-height: 120%;margin: 6pt 0cm;text-align: center\">Informacje dodatkowe<\/h2>\n<table style=\"height: 131px;width: 61.985%;border-collapse: collapse;background-color: #008687;border-color: #e8e8e8;margin: 0px auto\">\n<tbody>\n<tr style=\"height: 20px\">\n<td style=\"width: 52.221%;height: 32px;border-style: solid;border-color: #e3e3e3;text-align: center\" width=\"151\">\n<h6><span style=\"font-size: 10pt\"><strong><span style=\"color: #ffffff\">Odp\u0142atno\u015b\u0107 za udzia\u0142 w&nbsp; rankingu<\/span><\/strong><\/span><\/h6>\n<\/td>\n<td style=\"width: 48.4295%;background-color: #ffffff;height: 32px;border-style: solid;border-color: #e3e3e3;text-align: center\" width=\"510\">\n<h6><span style=\"font-size: 10pt\">Udzia\u0142 w rankingu jest bezp\u0142atny<\/span><\/h6>\n<\/td>\n<\/tr>\n<tr style=\"height: 20px\">\n<td style=\"width: 52.221%;height: 44px;border-style: solid;border-color: #e3e3e3;text-align: center\" width=\"151\">\n<h6><span style=\"color: #ffffff;font-size: 10pt\"><strong>Zg\u0142oszenie do rankingu<\/strong><\/span><\/h6>\n<\/td>\n<td style=\"width: 48.4295%;background-color: #ffffff;height: 44px;border-style: solid;border-color: #e3e3e3;text-align: center\" width=\"510\">\n<h6><span style=\"font-size: 10pt\">Udzia\u0142 w rankingu nie wymaga zg\u0142oszenia<\/span><\/h6>\n<\/td>\n<\/tr>\n<tr style=\"height: 20px\">\n<td style=\"width: 52.221%;height: 19px;border-style: solid;border-color: #e3e3e3;text-align: center\" width=\"151\">\n<h6><span style=\"color: #ffffff;font-size: 10pt\"><strong>Czy ranking uwzgl\u0119dniany przez Perspektywy?<\/strong><\/span><\/h6>\n<\/td>\n<td style=\"width: 48.4295%;background-color: #ffffff;height: 19px;border-style: solid;border-color: #e3e3e3;text-align: center\" width=\"510\">\n<h6><span style=\"font-size: 10pt\">TAK<\/span><\/h6>\n<\/td>\n<\/tr>\n<tr style=\"height: 20px\">\n<td style=\"width: 52.221%;border-style: solid;border-color: #e3e3e3;height: 26px;text-align: center\">\n<h6><span style=\"color: #ffffff;font-size: 10pt\"><strong>Cykliczno\u015b\u0107<\/strong><\/span><\/h6>\n<\/td>\n<td style=\"width: 48.4295%;background-color: #ffffff;border-style: solid;border-color: #e3e3e3;text-align: center;height: 26px\">\n<h6><span style=\"font-size: 10pt\">Raz w roku<\/span><\/h6>\n<\/td>\n<\/tr>\n<tr style=\"height: 20px\">\n<td style=\"width: 52.221%;height: 10px;border-style: solid;border-color: #e3e3e3;text-align: center\" rowspan=\"2\" width=\"151\">\n<h6><span style=\"color: #ffffff;font-size: 10pt\"><strong>\u0179r\u00f3d\u0142o rankingu<\/strong><\/span><\/h6>\n<\/td>\n<td style=\"width: 48.4295%;background-color: #ffffff;height: 10px;border-style: solid;border-color: #e3e3e3;text-align: center\" rowspan=\"2\" width=\"510\">\n<h6><a href=\"https:\/\/engirank.eu\/\">https:\/\/engirank.eu\/<\/a><\/h6>\n<\/td>\n<\/tr>\n<\/tbody>\n<\/table>\n","protected":false},"excerpt":{"rendered":"<p>Engirank to specjalistyczny ranking oceniaj\u0105cy europejskie instytucje szkolnictwa wy\u017cszego o profilu in\u017cynieryjno-technicznym. Opracowany z my\u015bl\u0105<\/p>\n","protected":false},"author":157,"featured_media":0,"parent":428,"menu_order":0,"comment_status":"closed","ping_status":"closed","template":"","meta":{"_acf_changed":false,"ngg_post_thumbnail":0,"footnotes":""},"class_list":["post-2904","page","type-page","status-publish","hentry"],"acf":[],"yoast_head":"<!-- This site is optimized with the Yoast SEO plugin v27.0 - https:\/\/yoast.com\/product\/yoast-seo-wordpress\/ -->\n<title>Engirank - Centrum Danych i Analiz Strategicznych<\/title>\n<meta name=\"description\" content=\"Engirank to specjalistyczny ranking oceniaj\u0105cy europejskie instytucje szkolnictwa wy\u017cszego o profilu in\u017cynieryjno-technicznym. Opracowany z my\u015bl\u0105 o\" \/>\n<meta name=\"robots\" content=\"index, follow, max-snippet:-1, max-image-preview:large, max-video-preview:-1\" \/>\n<link rel=\"canonical\" href=\"https:\/\/pb.edu.pl\/cdias\/rankingi-miedzynarodowe\/rankingi-instytucjonalne\/engirank\/\" \/>\n<meta property=\"og:locale\" content=\"pl_PL\" \/>\n<meta property=\"og:type\" content=\"article\" \/>\n<meta property=\"og:title\" content=\"Engirank - Centrum Danych i Analiz Strategicznych\" \/>\n<meta property=\"og:description\" content=\"Engirank to specjalistyczny ranking oceniaj\u0105cy europejskie instytucje szkolnictwa wy\u017cszego o profilu in\u017cynieryjno-technicznym. Opracowany z my\u015bl\u0105 o\" \/>\n<meta property=\"og:url\" content=\"https:\/\/pb.edu.pl\/cdias\/rankingi-miedzynarodowe\/rankingi-instytucjonalne\/engirank\/\" \/>\n<meta property=\"og:site_name\" content=\"Centrum Danych i Analiz Strategicznych\" \/>\n<meta property=\"article:modified_time\" content=\"2025-12-31T08:30:30+00:00\" \/>\n<meta property=\"og:image\" content=\"https:\/\/pb.edu.pl\/cdias\/wp-content\/uploads\/sites\/55\/2025\/12\/engirank1-e1767094408377.png\" \/>\n<meta name=\"twitter:card\" content=\"summary_large_image\" \/>\n<meta name=\"twitter:label1\" content=\"Szacowany czas czytania\" \/>\n\t<meta name=\"twitter:data1\" content=\"5 minut\" \/>\n<script type=\"application\/ld+json\" class=\"yoast-schema-graph\">{\"@context\":\"https:\/\/schema.org\",\"@graph\":[{\"@type\":\"WebPage\",\"@id\":\"https:\/\/pb.edu.pl\/cdias\/rankingi-miedzynarodowe\/rankingi-instytucjonalne\/engirank\/\",\"url\":\"https:\/\/pb.edu.pl\/cdias\/rankingi-miedzynarodowe\/rankingi-instytucjonalne\/engirank\/\",\"name\":\"Engirank - Centrum Danych i Analiz Strategicznych\",\"isPartOf\":{\"@id\":\"https:\/\/pb.edu.pl\/cdias\/#website\"},\"primaryImageOfPage\":{\"@id\":\"https:\/\/pb.edu.pl\/cdias\/rankingi-miedzynarodowe\/rankingi-instytucjonalne\/engirank\/#primaryimage\"},\"image\":{\"@id\":\"https:\/\/pb.edu.pl\/cdias\/rankingi-miedzynarodowe\/rankingi-instytucjonalne\/engirank\/#primaryimage\"},\"thumbnailUrl\":\"https:\/\/pb.edu.pl\/cdias\/wp-content\/uploads\/sites\/55\/2025\/12\/engirank1-e1767094408377.png\",\"datePublished\":\"2025-12-30T11:38:59+00:00\",\"dateModified\":\"2025-12-31T08:30:30+00:00\",\"description\":\"Engirank to specjalistyczny ranking oceniaj\u0105cy europejskie instytucje szkolnictwa wy\u017cszego o profilu in\u017cynieryjno-technicznym. Opracowany z my\u015bl\u0105 o\",\"breadcrumb\":{\"@id\":\"https:\/\/pb.edu.pl\/cdias\/rankingi-miedzynarodowe\/rankingi-instytucjonalne\/engirank\/#breadcrumb\"},\"inLanguage\":\"pl-PL\",\"potentialAction\":[{\"@type\":\"ReadAction\",\"target\":[\"https:\/\/pb.edu.pl\/cdias\/rankingi-miedzynarodowe\/rankingi-instytucjonalne\/engirank\/\"]}]},{\"@type\":\"ImageObject\",\"inLanguage\":\"pl-PL\",\"@id\":\"https:\/\/pb.edu.pl\/cdias\/rankingi-miedzynarodowe\/rankingi-instytucjonalne\/engirank\/#primaryimage\",\"url\":\"https:\/\/pb.edu.pl\/cdias\/wp-content\/uploads\/sites\/55\/2025\/12\/engirank1-e1767094408377.png\",\"contentUrl\":\"https:\/\/pb.edu.pl\/cdias\/wp-content\/uploads\/sites\/55\/2025\/12\/engirank1-e1767094408377.png\",\"width\":300,\"height\":131},{\"@type\":\"BreadcrumbList\",\"@id\":\"https:\/\/pb.edu.pl\/cdias\/rankingi-miedzynarodowe\/rankingi-instytucjonalne\/engirank\/#breadcrumb\",\"itemListElement\":[{\"@type\":\"ListItem\",\"position\":1,\"name\":\"Strona g\u0142\u00f3wna\",\"item\":\"https:\/\/pb.edu.pl\/cdias\/\"},{\"@type\":\"ListItem\",\"position\":2,\"name\":\"Rankingi mi\u0119dzynarodowe\",\"item\":\"https:\/\/pb.edu.pl\/cdias\/rankingi-miedzynarodowe\/\"},{\"@type\":\"ListItem\",\"position\":3,\"name\":\"Rankingi instytucjonalne\",\"item\":\"https:\/\/pb.edu.pl\/cdias\/rankingi-miedzynarodowe\/rankingi-instytucjonalne\/\"},{\"@type\":\"ListItem\",\"position\":4,\"name\":\"Engirank\"}]},{\"@type\":\"WebSite\",\"@id\":\"https:\/\/pb.edu.pl\/cdias\/#website\",\"url\":\"https:\/\/pb.edu.pl\/cdias\/\",\"name\":\"Centrum Danych i Analiz Strategicznych\",\"description\":\"\",\"potentialAction\":[{\"@type\":\"SearchAction\",\"target\":{\"@type\":\"EntryPoint\",\"urlTemplate\":\"https:\/\/pb.edu.pl\/cdias\/?s={search_term_string}\"},\"query-input\":{\"@type\":\"PropertyValueSpecification\",\"valueRequired\":true,\"valueName\":\"search_term_string\"}}],\"inLanguage\":\"pl-PL\"}]}<\/script>\n<!-- \/ Yoast SEO plugin. -->","yoast_head_json":{"title":"Engirank - Centrum Danych i Analiz Strategicznych","description":"Engirank to specjalistyczny ranking oceniaj\u0105cy europejskie instytucje szkolnictwa wy\u017cszego o profilu in\u017cynieryjno-technicznym. Opracowany z my\u015bl\u0105 o","robots":{"index":"index","follow":"follow","max-snippet":"max-snippet:-1","max-image-preview":"max-image-preview:large","max-video-preview":"max-video-preview:-1"},"canonical":"https:\/\/pb.edu.pl\/cdias\/rankingi-miedzynarodowe\/rankingi-instytucjonalne\/engirank\/","og_locale":"pl_PL","og_type":"article","og_title":"Engirank - Centrum Danych i Analiz Strategicznych","og_description":"Engirank to specjalistyczny ranking oceniaj\u0105cy europejskie instytucje szkolnictwa wy\u017cszego o profilu in\u017cynieryjno-technicznym. Opracowany z my\u015bl\u0105 o","og_url":"https:\/\/pb.edu.pl\/cdias\/rankingi-miedzynarodowe\/rankingi-instytucjonalne\/engirank\/","og_site_name":"Centrum Danych i Analiz Strategicznych","article_modified_time":"2025-12-31T08:30:30+00:00","og_image":[{"url":"https:\/\/pb.edu.pl\/cdias\/wp-content\/uploads\/sites\/55\/2025\/12\/engirank1-e1767094408377.png","type":"","width":"","height":""}],"twitter_card":"summary_large_image","twitter_misc":{"Szacowany czas czytania":"5 minut"},"schema":{"@context":"https:\/\/schema.org","@graph":[{"@type":"WebPage","@id":"https:\/\/pb.edu.pl\/cdias\/rankingi-miedzynarodowe\/rankingi-instytucjonalne\/engirank\/","url":"https:\/\/pb.edu.pl\/cdias\/rankingi-miedzynarodowe\/rankingi-instytucjonalne\/engirank\/","name":"Engirank - Centrum Danych i Analiz Strategicznych","isPartOf":{"@id":"https:\/\/pb.edu.pl\/cdias\/#website"},"primaryImageOfPage":{"@id":"https:\/\/pb.edu.pl\/cdias\/rankingi-miedzynarodowe\/rankingi-instytucjonalne\/engirank\/#primaryimage"},"image":{"@id":"https:\/\/pb.edu.pl\/cdias\/rankingi-miedzynarodowe\/rankingi-instytucjonalne\/engirank\/#primaryimage"},"thumbnailUrl":"https:\/\/pb.edu.pl\/cdias\/wp-content\/uploads\/sites\/55\/2025\/12\/engirank1-e1767094408377.png","datePublished":"2025-12-30T11:38:59+00:00","dateModified":"2025-12-31T08:30:30+00:00","description":"Engirank to specjalistyczny ranking oceniaj\u0105cy europejskie instytucje szkolnictwa wy\u017cszego o profilu in\u017cynieryjno-technicznym. Opracowany z my\u015bl\u0105 o","breadcrumb":{"@id":"https:\/\/pb.edu.pl\/cdias\/rankingi-miedzynarodowe\/rankingi-instytucjonalne\/engirank\/#breadcrumb"},"inLanguage":"pl-PL","potentialAction":[{"@type":"ReadAction","target":["https:\/\/pb.edu.pl\/cdias\/rankingi-miedzynarodowe\/rankingi-instytucjonalne\/engirank\/"]}]},{"@type":"ImageObject","inLanguage":"pl-PL","@id":"https:\/\/pb.edu.pl\/cdias\/rankingi-miedzynarodowe\/rankingi-instytucjonalne\/engirank\/#primaryimage","url":"https:\/\/pb.edu.pl\/cdias\/wp-content\/uploads\/sites\/55\/2025\/12\/engirank1-e1767094408377.png","contentUrl":"https:\/\/pb.edu.pl\/cdias\/wp-content\/uploads\/sites\/55\/2025\/12\/engirank1-e1767094408377.png","width":300,"height":131},{"@type":"BreadcrumbList","@id":"https:\/\/pb.edu.pl\/cdias\/rankingi-miedzynarodowe\/rankingi-instytucjonalne\/engirank\/#breadcrumb","itemListElement":[{"@type":"ListItem","position":1,"name":"Strona g\u0142\u00f3wna","item":"https:\/\/pb.edu.pl\/cdias\/"},{"@type":"ListItem","position":2,"name":"Rankingi mi\u0119dzynarodowe","item":"https:\/\/pb.edu.pl\/cdias\/rankingi-miedzynarodowe\/"},{"@type":"ListItem","position":3,"name":"Rankingi instytucjonalne","item":"https:\/\/pb.edu.pl\/cdias\/rankingi-miedzynarodowe\/rankingi-instytucjonalne\/"},{"@type":"ListItem","position":4,"name":"Engirank"}]},{"@type":"WebSite","@id":"https:\/\/pb.edu.pl\/cdias\/#website","url":"https:\/\/pb.edu.pl\/cdias\/","name":"Centrum Danych i Analiz Strategicznych","description":"","potentialAction":[{"@type":"SearchAction","target":{"@type":"EntryPoint","urlTemplate":"https:\/\/pb.edu.pl\/cdias\/?s={search_term_string}"},"query-input":{"@type":"PropertyValueSpecification","valueRequired":true,"valueName":"search_term_string"}}],"inLanguage":"pl-PL"}]}},"_links":{"self":[{"href":"https:\/\/pb.edu.pl\/cdias\/wp-json\/wp\/v2\/pages\/2904","targetHints":{"allow":["GET"]}}],"collection":[{"href":"https:\/\/pb.edu.pl\/cdias\/wp-json\/wp\/v2\/pages"}],"about":[{"href":"https:\/\/pb.edu.pl\/cdias\/wp-json\/wp\/v2\/types\/page"}],"author":[{"embeddable":true,"href":"https:\/\/pb.edu.pl\/cdias\/wp-json\/wp\/v2\/users\/157"}],"replies":[{"embeddable":true,"href":"https:\/\/pb.edu.pl\/cdias\/wp-json\/wp\/v2\/comments?post=2904"}],"version-history":[{"count":0,"href":"https:\/\/pb.edu.pl\/cdias\/wp-json\/wp\/v2\/pages\/2904\/revisions"}],"up":[{"embeddable":true,"href":"https:\/\/pb.edu.pl\/cdias\/wp-json\/wp\/v2\/pages\/428"}],"wp:attachment":[{"href":"https:\/\/pb.edu.pl\/cdias\/wp-json\/wp\/v2\/media?parent=2904"}],"curies":[{"name":"wp","href":"https:\/\/api.w.org\/{rel}","templated":true}]}}