{"id":29,"date":"2020-10-10T20:16:59","date_gmt":"2020-10-10T18:16:59","guid":{"rendered":"https:\/\/pb.edu.pl\/cdias\/?page_id=29"},"modified":"2025-04-09T07:23:20","modified_gmt":"2025-04-09T05:23:20","slug":"zakres-dzialan","status":"publish","type":"page","link":"https:\/\/pb.edu.pl\/cdias\/zakres-dzialan\/","title":{"rendered":"Zakres dzia\u0142a\u0144"},"content":{"rendered":"<p><img loading=\"lazy\" decoding=\"async\" class=\"size-medium wp-image-2311 aligncenter\" src=\"https:\/\/pb.edu.pl\/cdias\/wp-content\/uploads\/sites\/55\/2025\/01\/z1-300x240.png\" alt=\"\" width=\"300\" height=\"240\" srcset=\"https:\/\/pb.edu.pl\/cdias\/wp-content\/uploads\/sites\/55\/2025\/01\/z1-300x240.png 300w, https:\/\/pb.edu.pl\/cdias\/wp-content\/uploads\/sites\/55\/2025\/01\/z1.png 500w\" sizes=\"auto, (max-width: 300px) 100vw, 300px\" \/><\/p>\n<p><a class=\"h3 lead\" href=\"\/cdias\/informacje-o-centrum-danych-i-analiz-strategicznych-w-tekscie-latwym-do-czytania\/\">Informacje o Centrum Danych i Analiz Strategicznych w tek\u015bcie \u0142atwym do czytania \u2013 ETR (EASY TO READ)<\/a><br \/>\n&nbsp;<\/p>\n<ol>\n<li>Pozyskiwanie, archiwizowanie, udost\u0119pnianie i przetwarzanie wszelkiego rodzaju danych powi\u0105zanych z realizacj\u0105 proces\u00f3w nauki, kszta\u0142cenia i obs\u0142ug\u0105 administracyjn\u0105 Uczelni.<\/li>\n<li>Dostarczanie w\u0142adzom Uczelni informacji wspomagaj\u0105cych planowanie i procesy podejmowania decyzji.<\/li>\n<li>Koordynacja gromadzenia danych i przygotowanie statystyk na potrzeby ranking\u00f3w oraz por\u00f3wnywania Uczelni z innymi uczelniami w kraju i na \u015bwiecie.<\/li>\n<li>Sporz\u0105dzanie analiz strategicznych, w tym finansowych, na potrzeby w\u0142adz Uczelni.<\/li>\n<li>Inicjowanie, koordynowanie i udzia\u0142 w pracach nad strategi\u0105 Uczelni oraz opracowanie sprawozdania z realizacji strategii Uczelni.<\/li>\n<li>Kontrola przep\u0142ywu i obiegu informacji.<\/li>\n<li>Opracowanie, wdro\u017cenie, realizacja i doskonalenie polityki informacyjnej Uczelni.<\/li>\n<li>Przekazywanie danych i informacji do organ\u00f3w nadzoruj\u0105cych Uczelni\u0119 i innych instytucji i system\u00f3w zewn\u0119trznych.<\/li>\n<li>Koordynacja w Uczelni dzia\u0142a\u0144 zwi\u0105zanych z wprowadzaniem, aktualizacj\u0105 i weryfikacj\u0105 poprawno\u015bci danych wprowadzonych do systemu POL-on.<\/li>\n<li>Analiza i zbieranie danych, przygotowywanie statystyk dla systemu POL-on, weryfikacja kompletno\u015bci informacji w systemie POL-on.<\/li>\n<li>Monitorowanie zmian dokonywanych w systemie POL-on przez O\u015brodek Przetwarzania Informacji.<\/li>\n<li>Wsp\u00f3\u0142praca z przedstawicielami ministerstwa w\u0142a\u015bciwego do spraw nauki i szkolnictwa wy\u017cszego odpowiedzialnymi za zakres danych importowanych do systemu POL-on.<\/li>\n<li>Przygotowywanie i rejestrowanie upowa\u017cnie\u0144 w zakresie dost\u0119pu do systemu POL-on oraz danych gromadzonych w tym systemie, wydawanie oraz prowadzenie ich rejestru.<\/li>\n<li>Administrowanie, koordynowanie oraz monitorowanie spraw zwi\u0105zanych z elektroniczn\u0105 Platform\u0105 Us\u0142ug Administracji Publicznej (ePUAP).<\/li>\n<li>Nadawanie uprawnie\u0144 pracownikom do Jednolitego Systemu Antyplagiatowego (JSA) oraz nadz\u00f3r nad procesem przyznawania dost\u0119pu do systemu JSA w Uczelni.<\/li>\n<li>Prowadzenie spraw zwi\u0105zanych z udzielaniem informacji publicznej oraz prowadzenie rejestru udzielonych informacji publicznych oraz decyzji o odmowie ich udzielenia.<\/li>\n<li>Koordynacja sprawozdawczo\u015bci do G\u0142\u00f3wnego Urz\u0119du Statystycznego (GUS).<\/li>\n<li>Nadz\u00f3r merytoryczny, we wsp\u00f3\u0142pracy z inspektorem danych osobowych, nad prawid\u0142owym przebiegiem proces\u00f3w przetwarzania danych osobowych w Uczelni, w tym:<\/li>\n<\/ol>\n<ul>\n<li style=\"list-style-type: none\">\n<ul>\n<li>prowadzenie wewn\u0119trznego rejestru czynno\u015bci przetwarzania danych osobowych oraz rejestru wszystkich kategorii czynno\u015bci przetwarzania danych osobowych,<\/li>\n<li>prowadzenie ewidencji os\u00f3b upowa\u017cnionych w Uczelni do przetwarzania danych osobowych,<\/li>\n<li>weryfikacja opracowywanych przez jednostki organizacyjne projekt\u00f3w upowa\u017cnie\u0144 do przetwarzania danych osobowych.<\/li>\n<\/ul>\n<\/li>\n<\/ul>\n","protected":false},"excerpt":{"rendered":"<p>Informacje o Centrum Danych i Analiz Strategicznych w tek\u015bcie \u0142atwym do czytania \u2013 ETR (EASY<\/p>\n","protected":false},"author":2,"featured_media":0,"parent":0,"menu_order":1,"comment_status":"closed","ping_status":"closed","template":"","meta":{"_acf_changed":false,"ngg_post_thumbnail":0,"footnotes":""},"class_list":["post-29","page","type-page","status-publish","hentry"],"acf":[],"yoast_head":"<!-- This site is optimized with the Yoast SEO plugin v27.0 - https:\/\/yoast.com\/product\/yoast-seo-wordpress\/ -->\n<title>Zakres dzia\u0142a\u0144 - Centrum Danych i Analiz Strategicznych<\/title>\n<meta name=\"description\" content=\"Informacje o Centrum Danych i Analiz Strategicznych w tek\u015bcie \u0142atwym do czytania \u2013 ETR (EASY TO READ) &nbsp; Pozyskiwanie, archiwizowanie, udost\u0119pnianie i\" \/>\n<meta name=\"robots\" content=\"index, follow, max-snippet:-1, max-image-preview:large, max-video-preview:-1\" \/>\n<link rel=\"canonical\" href=\"https:\/\/pb.edu.pl\/cdias\/zakres-dzialan\/\" \/>\n<meta property=\"og:locale\" content=\"pl_PL\" \/>\n<meta property=\"og:type\" content=\"article\" \/>\n<meta property=\"og:title\" content=\"Zakres dzia\u0142a\u0144 - Centrum Danych i Analiz Strategicznych\" \/>\n<meta property=\"og:description\" content=\"Informacje o Centrum Danych i Analiz Strategicznych w tek\u015bcie \u0142atwym do czytania \u2013 ETR (EASY TO READ) &nbsp; Pozyskiwanie, archiwizowanie, udost\u0119pnianie i\" \/>\n<meta property=\"og:url\" content=\"https:\/\/pb.edu.pl\/cdias\/zakres-dzialan\/\" \/>\n<meta property=\"og:site_name\" content=\"Centrum Danych i Analiz Strategicznych\" \/>\n<meta property=\"article:modified_time\" content=\"2025-04-09T05:23:20+00:00\" \/>\n<meta property=\"og:image\" content=\"https:\/\/pb.edu.pl\/cdias\/wp-content\/uploads\/sites\/55\/2025\/01\/z1.png\" \/>\n\t<meta property=\"og:image:width\" content=\"500\" \/>\n\t<meta property=\"og:image:height\" content=\"400\" \/>\n\t<meta property=\"og:image:type\" content=\"image\/png\" \/>\n<meta name=\"twitter:card\" content=\"summary_large_image\" \/>\n<meta name=\"twitter:label1\" content=\"Szacowany czas czytania\" \/>\n\t<meta name=\"twitter:data1\" content=\"2 minuty\" \/>\n<script type=\"application\/ld+json\" class=\"yoast-schema-graph\">{\"@context\":\"https:\/\/schema.org\",\"@graph\":[{\"@type\":\"WebPage\",\"@id\":\"https:\/\/pb.edu.pl\/cdias\/zakres-dzialan\/\",\"url\":\"https:\/\/pb.edu.pl\/cdias\/zakres-dzialan\/\",\"name\":\"Zakres dzia\u0142a\u0144 - Centrum Danych i Analiz Strategicznych\",\"isPartOf\":{\"@id\":\"https:\/\/pb.edu.pl\/cdias\/#website\"},\"primaryImageOfPage\":{\"@id\":\"https:\/\/pb.edu.pl\/cdias\/zakres-dzialan\/#primaryimage\"},\"image\":{\"@id\":\"https:\/\/pb.edu.pl\/cdias\/zakres-dzialan\/#primaryimage\"},\"thumbnailUrl\":\"https:\/\/pb.edu.pl\/cdias\/wp-content\/uploads\/sites\/55\/2025\/01\/z1-300x240.png\",\"datePublished\":\"2020-10-10T18:16:59+00:00\",\"dateModified\":\"2025-04-09T05:23:20+00:00\",\"description\":\"Informacje o Centrum Danych i Analiz Strategicznych w tek\u015bcie \u0142atwym do czytania \u2013 ETR (EASY TO READ) &nbsp; Pozyskiwanie, archiwizowanie, udost\u0119pnianie i\",\"breadcrumb\":{\"@id\":\"https:\/\/pb.edu.pl\/cdias\/zakres-dzialan\/#breadcrumb\"},\"inLanguage\":\"pl-PL\",\"potentialAction\":[{\"@type\":\"ReadAction\",\"target\":[\"https:\/\/pb.edu.pl\/cdias\/zakres-dzialan\/\"]}]},{\"@type\":\"ImageObject\",\"inLanguage\":\"pl-PL\",\"@id\":\"https:\/\/pb.edu.pl\/cdias\/zakres-dzialan\/#primaryimage\",\"url\":\"https:\/\/pb.edu.pl\/cdias\/wp-content\/uploads\/sites\/55\/2025\/01\/z1.png\",\"contentUrl\":\"https:\/\/pb.edu.pl\/cdias\/wp-content\/uploads\/sites\/55\/2025\/01\/z1.png\",\"width\":500,\"height\":400},{\"@type\":\"BreadcrumbList\",\"@id\":\"https:\/\/pb.edu.pl\/cdias\/zakres-dzialan\/#breadcrumb\",\"itemListElement\":[{\"@type\":\"ListItem\",\"position\":1,\"name\":\"Strona g\u0142\u00f3wna\",\"item\":\"https:\/\/pb.edu.pl\/cdias\/\"},{\"@type\":\"ListItem\",\"position\":2,\"name\":\"Zakres dzia\u0142a\u0144\"}]},{\"@type\":\"WebSite\",\"@id\":\"https:\/\/pb.edu.pl\/cdias\/#website\",\"url\":\"https:\/\/pb.edu.pl\/cdias\/\",\"name\":\"Centrum Danych i Analiz Strategicznych\",\"description\":\"\",\"potentialAction\":[{\"@type\":\"SearchAction\",\"target\":{\"@type\":\"EntryPoint\",\"urlTemplate\":\"https:\/\/pb.edu.pl\/cdias\/?s={search_term_string}\"},\"query-input\":{\"@type\":\"PropertyValueSpecification\",\"valueRequired\":true,\"valueName\":\"search_term_string\"}}],\"inLanguage\":\"pl-PL\"}]}<\/script>\n<!-- \/ Yoast SEO plugin. -->","yoast_head_json":{"title":"Zakres dzia\u0142a\u0144 - Centrum Danych i Analiz Strategicznych","description":"Informacje o Centrum Danych i Analiz Strategicznych w tek\u015bcie \u0142atwym do czytania \u2013 ETR (EASY TO READ) &nbsp; Pozyskiwanie, archiwizowanie, udost\u0119pnianie i","robots":{"index":"index","follow":"follow","max-snippet":"max-snippet:-1","max-image-preview":"max-image-preview:large","max-video-preview":"max-video-preview:-1"},"canonical":"https:\/\/pb.edu.pl\/cdias\/zakres-dzialan\/","og_locale":"pl_PL","og_type":"article","og_title":"Zakres dzia\u0142a\u0144 - Centrum Danych i Analiz Strategicznych","og_description":"Informacje o Centrum Danych i Analiz Strategicznych w tek\u015bcie \u0142atwym do czytania \u2013 ETR (EASY TO READ) &nbsp; Pozyskiwanie, archiwizowanie, udost\u0119pnianie i","og_url":"https:\/\/pb.edu.pl\/cdias\/zakres-dzialan\/","og_site_name":"Centrum Danych i Analiz Strategicznych","article_modified_time":"2025-04-09T05:23:20+00:00","og_image":[{"width":500,"height":400,"url":"https:\/\/pb.edu.pl\/cdias\/wp-content\/uploads\/sites\/55\/2025\/01\/z1.png","type":"image\/png"}],"twitter_card":"summary_large_image","twitter_misc":{"Szacowany czas czytania":"2 minuty"},"schema":{"@context":"https:\/\/schema.org","@graph":[{"@type":"WebPage","@id":"https:\/\/pb.edu.pl\/cdias\/zakres-dzialan\/","url":"https:\/\/pb.edu.pl\/cdias\/zakres-dzialan\/","name":"Zakres dzia\u0142a\u0144 - Centrum Danych i Analiz Strategicznych","isPartOf":{"@id":"https:\/\/pb.edu.pl\/cdias\/#website"},"primaryImageOfPage":{"@id":"https:\/\/pb.edu.pl\/cdias\/zakres-dzialan\/#primaryimage"},"image":{"@id":"https:\/\/pb.edu.pl\/cdias\/zakres-dzialan\/#primaryimage"},"thumbnailUrl":"https:\/\/pb.edu.pl\/cdias\/wp-content\/uploads\/sites\/55\/2025\/01\/z1-300x240.png","datePublished":"2020-10-10T18:16:59+00:00","dateModified":"2025-04-09T05:23:20+00:00","description":"Informacje o Centrum Danych i Analiz Strategicznych w tek\u015bcie \u0142atwym do czytania \u2013 ETR (EASY TO READ) &nbsp; Pozyskiwanie, archiwizowanie, udost\u0119pnianie i","breadcrumb":{"@id":"https:\/\/pb.edu.pl\/cdias\/zakres-dzialan\/#breadcrumb"},"inLanguage":"pl-PL","potentialAction":[{"@type":"ReadAction","target":["https:\/\/pb.edu.pl\/cdias\/zakres-dzialan\/"]}]},{"@type":"ImageObject","inLanguage":"pl-PL","@id":"https:\/\/pb.edu.pl\/cdias\/zakres-dzialan\/#primaryimage","url":"https:\/\/pb.edu.pl\/cdias\/wp-content\/uploads\/sites\/55\/2025\/01\/z1.png","contentUrl":"https:\/\/pb.edu.pl\/cdias\/wp-content\/uploads\/sites\/55\/2025\/01\/z1.png","width":500,"height":400},{"@type":"BreadcrumbList","@id":"https:\/\/pb.edu.pl\/cdias\/zakres-dzialan\/#breadcrumb","itemListElement":[{"@type":"ListItem","position":1,"name":"Strona g\u0142\u00f3wna","item":"https:\/\/pb.edu.pl\/cdias\/"},{"@type":"ListItem","position":2,"name":"Zakres dzia\u0142a\u0144"}]},{"@type":"WebSite","@id":"https:\/\/pb.edu.pl\/cdias\/#website","url":"https:\/\/pb.edu.pl\/cdias\/","name":"Centrum Danych i Analiz Strategicznych","description":"","potentialAction":[{"@type":"SearchAction","target":{"@type":"EntryPoint","urlTemplate":"https:\/\/pb.edu.pl\/cdias\/?s={search_term_string}"},"query-input":{"@type":"PropertyValueSpecification","valueRequired":true,"valueName":"search_term_string"}}],"inLanguage":"pl-PL"}]}},"_links":{"self":[{"href":"https:\/\/pb.edu.pl\/cdias\/wp-json\/wp\/v2\/pages\/29","targetHints":{"allow":["GET"]}}],"collection":[{"href":"https:\/\/pb.edu.pl\/cdias\/wp-json\/wp\/v2\/pages"}],"about":[{"href":"https:\/\/pb.edu.pl\/cdias\/wp-json\/wp\/v2\/types\/page"}],"author":[{"embeddable":true,"href":"https:\/\/pb.edu.pl\/cdias\/wp-json\/wp\/v2\/users\/2"}],"replies":[{"embeddable":true,"href":"https:\/\/pb.edu.pl\/cdias\/wp-json\/wp\/v2\/comments?post=29"}],"version-history":[{"count":0,"href":"https:\/\/pb.edu.pl\/cdias\/wp-json\/wp\/v2\/pages\/29\/revisions"}],"wp:attachment":[{"href":"https:\/\/pb.edu.pl\/cdias\/wp-json\/wp\/v2\/media?parent=29"}],"curies":[{"name":"wp","href":"https:\/\/api.w.org\/{rel}","templated":true}]}}