{"id":2103,"date":"2025-01-07T13:22:15","date_gmt":"2025-01-07T12:22:15","guid":{"rendered":"https:\/\/pb.edu.pl\/cdias\/?page_id=2103"},"modified":"2025-04-09T09:52:38","modified_gmt":"2025-04-09T07:52:38","slug":"e-doreczenia","status":"publish","type":"page","link":"https:\/\/pb.edu.pl\/cdias\/e-doreczenia\/","title":{"rendered":"e-Dor\u0119czenia"},"content":{"rendered":"<table style=\"border-collapse: collapse;width: 100%\">\n<tbody>\n<tr>\n<td style=\"width: 66.7268%\"><img loading=\"lazy\" decoding=\"async\" class=\"wp-image-2336 alignright\" src=\"https:\/\/pb.edu.pl\/cdias\/wp-content\/uploads\/sites\/55\/2025\/01\/e_d-e1737029716623.png\" alt=\"\" width=\"471\" height=\"172\" srcset=\"https:\/\/pb.edu.pl\/cdias\/wp-content\/uploads\/sites\/55\/2025\/01\/e_d-e1737029716623.png 800w, https:\/\/pb.edu.pl\/cdias\/wp-content\/uploads\/sites\/55\/2025\/01\/e_d-e1737029716623-300x110.png 300w, https:\/\/pb.edu.pl\/cdias\/wp-content\/uploads\/sites\/55\/2025\/01\/e_d-e1737029716623-768x280.png 768w\" sizes=\"auto, (max-width: 471px) 100vw, 471px\" \/><\/td>\n<td style=\"width: 33.2732%\"><img loading=\"lazy\" decoding=\"async\" class=\"alignnone wp-image-2143 \" src=\"https:\/\/pb.edu.pl\/cdias\/wp-content\/uploads\/sites\/55\/2025\/01\/e-doreczenia3-1-e1744185019217.png\" alt=\"\" width=\"118\" height=\"97\"><\/td>\n<\/tr>\n<\/tbody>\n<\/table>\n<p>Zgodnie z ustaw\u0105 o dor\u0119czeniach elektronicznych od 1 stycznia 2025 roku do Politechniki Bia\u0142ostockiej korespondencj\u0119 elektroniczn\u0105 mo\u017cna kierowa\u0107 na adres do dor\u0119cze\u0144 elektronicznych wpisany do bazy adres\u00f3w elektronicznych, powi\u0105zany z publiczn\u0105 us\u0142ug\u0105 rejestrowanego dor\u0119czenia elektronicznego.<\/p>\n<p><strong>Adres skrzynki e-Dor\u0119cze\u0144 Politechniki Bia\u0142ostockiej:<\/strong><\/p>\n<p><strong>AE:PL-67015-28547-ITTTV-21<\/strong><\/p>\n<p>Warunkiem przesy\u0142ania dokument\u00f3w jest posiadanie adresu i skrzynki do dor\u0119cze\u0144 elektronicznych. Zgodnie z informacjami udost\u0119pnianymi przez ustawodawc\u0119, e-Dor\u0119czenia jako elektroniczny odpowiednik listu poleconego za potwierdzeniem odbioru, s\u0142u\u017c\u0105 komunikacji z podmiotami publicznymi, podmiotami niepublicznymi i obywatelami. Docelowo zast\u0105pi\u0105 tak\u017ce korespondencj\u0119 na Elektronicznej Platformie Us\u0142ug Administracji Publicznej (ePUAP).<\/p>\n<p>&nbsp;<\/p>\n<p>Osoba odpowiedzialna za umieszczenie informacji: Ma\u0142gorzata Jegli\u0144ska-Krupa, <i class=\"fa fa-envelope-o\" aria-hidden=\"true\"><\/i> <a href=\"#\" rel=\"nofollow\"  onclick=\"this.href='mailto:' + 'm.krupa' + '@' + 'pb.edu.pl'\">m.krupa [at] pb.edu.pl<\/a>\n","protected":false},"excerpt":{"rendered":"<p>Zgodnie z ustaw\u0105 o dor\u0119czeniach elektronicznych od 1 stycznia 2025 roku do Politechniki Bia\u0142ostockiej korespondencj\u0119<\/p>\n","protected":false},"author":157,"featured_media":0,"parent":0,"menu_order":0,"comment_status":"closed","ping_status":"closed","template":"","meta":{"_acf_changed":false,"ngg_post_thumbnail":0,"footnotes":""},"class_list":["post-2103","page","type-page","status-publish","hentry"],"acf":[],"yoast_head":"<!-- This site is optimized with the Yoast SEO plugin v27.0 - https:\/\/yoast.com\/product\/yoast-seo-wordpress\/ -->\n<title>e-Dor\u0119czenia - Centrum Danych i Analiz Strategicznych<\/title>\n<meta name=\"description\" content=\"Zgodnie z ustaw\u0105 o dor\u0119czeniach elektronicznych od 1 stycznia 2025 roku do Politechniki Bia\u0142ostockiej korespondencj\u0119 elektroniczn\u0105 mo\u017cna kierowa\u0107 na adres\" \/>\n<meta name=\"robots\" content=\"index, follow, max-snippet:-1, max-image-preview:large, max-video-preview:-1\" \/>\n<link rel=\"canonical\" href=\"https:\/\/pb.edu.pl\/cdias\/e-doreczenia\/\" \/>\n<meta property=\"og:locale\" content=\"pl_PL\" \/>\n<meta property=\"og:type\" content=\"article\" \/>\n<meta property=\"og:title\" content=\"e-Dor\u0119czenia - Centrum Danych i Analiz Strategicznych\" \/>\n<meta property=\"og:description\" content=\"Zgodnie z ustaw\u0105 o dor\u0119czeniach elektronicznych od 1 stycznia 2025 roku do Politechniki Bia\u0142ostockiej korespondencj\u0119 elektroniczn\u0105 mo\u017cna kierowa\u0107 na adres\" \/>\n<meta property=\"og:url\" content=\"https:\/\/pb.edu.pl\/cdias\/e-doreczenia\/\" \/>\n<meta property=\"og:site_name\" content=\"Centrum Danych i Analiz Strategicznych\" \/>\n<meta property=\"article:modified_time\" content=\"2025-04-09T07:52:38+00:00\" \/>\n<meta property=\"og:image\" content=\"https:\/\/pb.edu.pl\/cdias\/wp-content\/uploads\/sites\/55\/2025\/01\/e_d-e1737029716623.png\" \/>\n\t<meta property=\"og:image:width\" content=\"800\" \/>\n\t<meta property=\"og:image:height\" content=\"292\" \/>\n\t<meta property=\"og:image:type\" content=\"image\/png\" \/>\n<meta name=\"twitter:card\" content=\"summary_large_image\" \/>\n<meta name=\"twitter:label1\" content=\"Szacowany czas czytania\" \/>\n\t<meta name=\"twitter:data1\" content=\"1 minuta\" \/>\n<script type=\"application\/ld+json\" class=\"yoast-schema-graph\">{\"@context\":\"https:\/\/schema.org\",\"@graph\":[{\"@type\":\"WebPage\",\"@id\":\"https:\/\/pb.edu.pl\/cdias\/e-doreczenia\/\",\"url\":\"https:\/\/pb.edu.pl\/cdias\/e-doreczenia\/\",\"name\":\"e-Dor\u0119czenia - Centrum Danych i Analiz Strategicznych\",\"isPartOf\":{\"@id\":\"https:\/\/pb.edu.pl\/cdias\/#website\"},\"primaryImageOfPage\":{\"@id\":\"https:\/\/pb.edu.pl\/cdias\/e-doreczenia\/#primaryimage\"},\"image\":{\"@id\":\"https:\/\/pb.edu.pl\/cdias\/e-doreczenia\/#primaryimage\"},\"thumbnailUrl\":\"https:\/\/pb.edu.pl\/cdias\/wp-content\/uploads\/sites\/55\/2025\/01\/e_d-e1737029716623.png\",\"datePublished\":\"2025-01-07T12:22:15+00:00\",\"dateModified\":\"2025-04-09T07:52:38+00:00\",\"description\":\"Zgodnie z ustaw\u0105 o dor\u0119czeniach elektronicznych od 1 stycznia 2025 roku do Politechniki Bia\u0142ostockiej korespondencj\u0119 elektroniczn\u0105 mo\u017cna kierowa\u0107 na adres\",\"breadcrumb\":{\"@id\":\"https:\/\/pb.edu.pl\/cdias\/e-doreczenia\/#breadcrumb\"},\"inLanguage\":\"pl-PL\",\"potentialAction\":[{\"@type\":\"ReadAction\",\"target\":[\"https:\/\/pb.edu.pl\/cdias\/e-doreczenia\/\"]}]},{\"@type\":\"ImageObject\",\"inLanguage\":\"pl-PL\",\"@id\":\"https:\/\/pb.edu.pl\/cdias\/e-doreczenia\/#primaryimage\",\"url\":\"https:\/\/pb.edu.pl\/cdias\/wp-content\/uploads\/sites\/55\/2025\/01\/e_d-e1737029716623.png\",\"contentUrl\":\"https:\/\/pb.edu.pl\/cdias\/wp-content\/uploads\/sites\/55\/2025\/01\/e_d-e1737029716623.png\",\"width\":800,\"height\":292},{\"@type\":\"BreadcrumbList\",\"@id\":\"https:\/\/pb.edu.pl\/cdias\/e-doreczenia\/#breadcrumb\",\"itemListElement\":[{\"@type\":\"ListItem\",\"position\":1,\"name\":\"Strona g\u0142\u00f3wna\",\"item\":\"https:\/\/pb.edu.pl\/cdias\/\"},{\"@type\":\"ListItem\",\"position\":2,\"name\":\"e-Dor\u0119czenia\"}]},{\"@type\":\"WebSite\",\"@id\":\"https:\/\/pb.edu.pl\/cdias\/#website\",\"url\":\"https:\/\/pb.edu.pl\/cdias\/\",\"name\":\"Centrum Danych i Analiz Strategicznych\",\"description\":\"\",\"potentialAction\":[{\"@type\":\"SearchAction\",\"target\":{\"@type\":\"EntryPoint\",\"urlTemplate\":\"https:\/\/pb.edu.pl\/cdias\/?s={search_term_string}\"},\"query-input\":{\"@type\":\"PropertyValueSpecification\",\"valueRequired\":true,\"valueName\":\"search_term_string\"}}],\"inLanguage\":\"pl-PL\"}]}<\/script>\n<!-- \/ Yoast SEO plugin. -->","yoast_head_json":{"title":"e-Dor\u0119czenia - Centrum Danych i Analiz Strategicznych","description":"Zgodnie z ustaw\u0105 o dor\u0119czeniach elektronicznych od 1 stycznia 2025 roku do Politechniki Bia\u0142ostockiej korespondencj\u0119 elektroniczn\u0105 mo\u017cna kierowa\u0107 na adres","robots":{"index":"index","follow":"follow","max-snippet":"max-snippet:-1","max-image-preview":"max-image-preview:large","max-video-preview":"max-video-preview:-1"},"canonical":"https:\/\/pb.edu.pl\/cdias\/e-doreczenia\/","og_locale":"pl_PL","og_type":"article","og_title":"e-Dor\u0119czenia - Centrum Danych i Analiz Strategicznych","og_description":"Zgodnie z ustaw\u0105 o dor\u0119czeniach elektronicznych od 1 stycznia 2025 roku do Politechniki Bia\u0142ostockiej korespondencj\u0119 elektroniczn\u0105 mo\u017cna kierowa\u0107 na adres","og_url":"https:\/\/pb.edu.pl\/cdias\/e-doreczenia\/","og_site_name":"Centrum Danych i Analiz Strategicznych","article_modified_time":"2025-04-09T07:52:38+00:00","og_image":[{"width":800,"height":292,"url":"https:\/\/pb.edu.pl\/cdias\/wp-content\/uploads\/sites\/55\/2025\/01\/e_d-e1737029716623.png","type":"image\/png"}],"twitter_card":"summary_large_image","twitter_misc":{"Szacowany czas czytania":"1 minuta"},"schema":{"@context":"https:\/\/schema.org","@graph":[{"@type":"WebPage","@id":"https:\/\/pb.edu.pl\/cdias\/e-doreczenia\/","url":"https:\/\/pb.edu.pl\/cdias\/e-doreczenia\/","name":"e-Dor\u0119czenia - Centrum Danych i Analiz Strategicznych","isPartOf":{"@id":"https:\/\/pb.edu.pl\/cdias\/#website"},"primaryImageOfPage":{"@id":"https:\/\/pb.edu.pl\/cdias\/e-doreczenia\/#primaryimage"},"image":{"@id":"https:\/\/pb.edu.pl\/cdias\/e-doreczenia\/#primaryimage"},"thumbnailUrl":"https:\/\/pb.edu.pl\/cdias\/wp-content\/uploads\/sites\/55\/2025\/01\/e_d-e1737029716623.png","datePublished":"2025-01-07T12:22:15+00:00","dateModified":"2025-04-09T07:52:38+00:00","description":"Zgodnie z ustaw\u0105 o dor\u0119czeniach elektronicznych od 1 stycznia 2025 roku do Politechniki Bia\u0142ostockiej korespondencj\u0119 elektroniczn\u0105 mo\u017cna kierowa\u0107 na adres","breadcrumb":{"@id":"https:\/\/pb.edu.pl\/cdias\/e-doreczenia\/#breadcrumb"},"inLanguage":"pl-PL","potentialAction":[{"@type":"ReadAction","target":["https:\/\/pb.edu.pl\/cdias\/e-doreczenia\/"]}]},{"@type":"ImageObject","inLanguage":"pl-PL","@id":"https:\/\/pb.edu.pl\/cdias\/e-doreczenia\/#primaryimage","url":"https:\/\/pb.edu.pl\/cdias\/wp-content\/uploads\/sites\/55\/2025\/01\/e_d-e1737029716623.png","contentUrl":"https:\/\/pb.edu.pl\/cdias\/wp-content\/uploads\/sites\/55\/2025\/01\/e_d-e1737029716623.png","width":800,"height":292},{"@type":"BreadcrumbList","@id":"https:\/\/pb.edu.pl\/cdias\/e-doreczenia\/#breadcrumb","itemListElement":[{"@type":"ListItem","position":1,"name":"Strona g\u0142\u00f3wna","item":"https:\/\/pb.edu.pl\/cdias\/"},{"@type":"ListItem","position":2,"name":"e-Dor\u0119czenia"}]},{"@type":"WebSite","@id":"https:\/\/pb.edu.pl\/cdias\/#website","url":"https:\/\/pb.edu.pl\/cdias\/","name":"Centrum Danych i Analiz Strategicznych","description":"","potentialAction":[{"@type":"SearchAction","target":{"@type":"EntryPoint","urlTemplate":"https:\/\/pb.edu.pl\/cdias\/?s={search_term_string}"},"query-input":{"@type":"PropertyValueSpecification","valueRequired":true,"valueName":"search_term_string"}}],"inLanguage":"pl-PL"}]}},"_links":{"self":[{"href":"https:\/\/pb.edu.pl\/cdias\/wp-json\/wp\/v2\/pages\/2103","targetHints":{"allow":["GET"]}}],"collection":[{"href":"https:\/\/pb.edu.pl\/cdias\/wp-json\/wp\/v2\/pages"}],"about":[{"href":"https:\/\/pb.edu.pl\/cdias\/wp-json\/wp\/v2\/types\/page"}],"author":[{"embeddable":true,"href":"https:\/\/pb.edu.pl\/cdias\/wp-json\/wp\/v2\/users\/157"}],"replies":[{"embeddable":true,"href":"https:\/\/pb.edu.pl\/cdias\/wp-json\/wp\/v2\/comments?post=2103"}],"version-history":[{"count":0,"href":"https:\/\/pb.edu.pl\/cdias\/wp-json\/wp\/v2\/pages\/2103\/revisions"}],"wp:attachment":[{"href":"https:\/\/pb.edu.pl\/cdias\/wp-json\/wp\/v2\/media?parent=2103"}],"curies":[{"name":"wp","href":"https:\/\/api.w.org\/{rel}","templated":true}]}}