{"id":2731,"date":"2025-12-02T22:16:49","date_gmt":"2025-12-02T21:16:49","guid":{"rendered":"https:\/\/pb.edu.pl\/bti\/?page_id=2731"},"modified":"2025-12-11T23:04:57","modified_gmt":"2025-12-11T22:04:57","slug":"bti-2025","status":"publish","type":"page","link":"https:\/\/pb.edu.pl\/bti\/bti-2025\/","title":{"rendered":"BTI 2025"},"content":{"rendered":"<p><img loading=\"lazy\" decoding=\"async\" class=\"alignnone wp-image-2734 size-medium\" src=\"https:\/\/pb.edu.pl\/bti\/wp-content\/uploads\/sites\/112\/2025\/12\/BTI-2025-PLAKAT-a3-212x300.jpg\" alt=\"\" width=\"212\" height=\"300\" srcset=\"https:\/\/pb.edu.pl\/bti\/wp-content\/uploads\/sites\/112\/2025\/12\/BTI-2025-PLAKAT-a3-212x300.jpg 212w, https:\/\/pb.edu.pl\/bti\/wp-content\/uploads\/sites\/112\/2025\/12\/BTI-2025-PLAKAT-a3-725x1024.jpg 725w, https:\/\/pb.edu.pl\/bti\/wp-content\/uploads\/sites\/112\/2025\/12\/BTI-2025-PLAKAT-a3-768x1085.jpg 768w, https:\/\/pb.edu.pl\/bti\/wp-content\/uploads\/sites\/112\/2025\/12\/BTI-2025-PLAKAT-a3-1087x1536.jpg 1087w, https:\/\/pb.edu.pl\/bti\/wp-content\/uploads\/sites\/112\/2025\/12\/BTI-2025-PLAKAT-a3-1449x2048.jpg 1449w, https:\/\/pb.edu.pl\/bti\/wp-content\/uploads\/sites\/112\/2025\/12\/BTI-2025-PLAKAT-a3.jpg 1500w\" sizes=\"auto, (max-width: 212px) 100vw, 212px\" \/><\/p>\n<p><span style=\"font-family: helvetica, arial, sans-serif;font-size: 12pt\">W roku 2025 do XII edycji konkursu zg\u0142osi\u0142o si\u0119 170 os\u00f3b, w tym 140 studentek i student\u00f3w oraz 30 uczennic i uczni\u00f3w szk\u00f3\u0142 \u015brednich.&nbsp;<\/span><\/p>\n<p><span style=\"font-family: helvetica, arial, sans-serif;font-size: 12pt\">Laureatami i zdobywcami nagr\u00f3d zostali:<\/span><\/p>\n<p>&nbsp;<\/p>\n<table width=\"605\">\n<tbody>\n<tr>\n<td width=\"59\">&nbsp;<\/td>\n<td width=\"249\"><strong><u>Klasyfikacja studencka<\/u><\/strong><\/td>\n<td width=\"296\">&nbsp;<\/td>\n<\/tr>\n<tr>\n<td width=\"59\">1<\/td>\n<td width=\"249\">Bartnik Mateusz<\/td>\n<td width=\"296\">Politechnika Bia\u0142ostocka<\/td>\n<\/tr>\n<tr>\n<td width=\"59\">2<\/td>\n<td width=\"249\">Rogowski Adam<\/td>\n<td width=\"296\">Politechnika Bia\u0142ostocka<\/td>\n<\/tr>\n<tr>\n<td width=\"59\">3<\/td>\n<td width=\"249\">Raszkiewicz Oskar<\/td>\n<td width=\"296\">Politechnika Bia\u0142ostocka<\/td>\n<\/tr>\n<tr>\n<td width=\"59\">&nbsp;<\/td>\n<td width=\"249\">&nbsp;<\/td>\n<td width=\"296\">&nbsp;<\/td>\n<\/tr>\n<tr>\n<td width=\"59\">&nbsp;<\/td>\n<td width=\"249\"><strong><u>Klasyfikacja uczniowska<\/u><\/strong><\/p>\n<p>(indeks WI PB)<\/td>\n<td width=\"296\">&nbsp;<\/td>\n<\/tr>\n<tr>\n<td width=\"59\">1<\/td>\n<td width=\"249\">Kropiwnicki Jan<\/td>\n<td width=\"296\">Technikum Programistyczne INFOTECH<\/td>\n<\/tr>\n<tr>\n<td width=\"59\">2<\/td>\n<td width=\"249\">Kosi\u0144ski Jakub<\/td>\n<td width=\"296\">Zesp\u00f3\u0142 Szk\u00f3\u0142 Elektrycznych w Bia\u0142ymstoku<\/td>\n<\/tr>\n<tr>\n<td width=\"59\">3<\/td>\n<td width=\"249\">Antonowski Krzysztof<\/td>\n<td width=\"296\">Zesp\u00f3\u0142 Szk\u00f3\u0142 Elektrycznych w Bia\u0142ymstoku<\/td>\n<\/tr>\n<tr>\n<td width=\"59\">4<\/td>\n<td width=\"249\">Mitrosz Franek<\/td>\n<td width=\"296\">Zesp\u00f3\u0142 Szk\u00f3\u0142 Elektrycznych w Bia\u0142ymstoku<\/td>\n<\/tr>\n<tr>\n<td width=\"59\">5<\/td>\n<td width=\"249\">Czech Zachary<\/td>\n<td width=\"296\">Technikum Programistyczne INFOTECH<\/td>\n<\/tr>\n<tr>\n<td width=\"59\">6<\/td>\n<td width=\"249\">Kajdewicz Pawe\u0142<\/td>\n<td width=\"296\">Zesp\u00f3\u0142 Szk\u00f3\u0142 Elektrycznych w Bia\u0142ymstoku<\/td>\n<\/tr>\n<tr>\n<td width=\"59\">7<\/td>\n<td width=\"249\">Tereszkiewicz Grzegorz<\/td>\n<td width=\"296\">Technikum Programistyczne INFOTECH<\/td>\n<\/tr>\n<\/tbody>\n<\/table>\n<p>&nbsp;<\/p>\n<table width=\"605\">\n<tbody>\n<tr>\n<td width=\"59\">&nbsp;<\/td>\n<td width=\"249\"><strong><u>Bazy danych<\/u><\/strong><\/td>\n<td width=\"296\">&nbsp;<\/td>\n<\/tr>\n<tr>\n<td width=\"59\">1<\/td>\n<td width=\"249\">Lengiewicz Mateusz<\/td>\n<td width=\"296\">Politechnika Bia\u0142ostocka<\/td>\n<\/tr>\n<tr>\n<td width=\"59\">2<\/td>\n<td width=\"249\">Kropiwnicki Jan<\/td>\n<td width=\"296\">Technikum Programistyczne INFOTECH<\/td>\n<\/tr>\n<tr>\n<td width=\"59\">3<\/td>\n<td width=\"249\">Jankowski Konrad<\/td>\n<td width=\"296\">Politechnika Bia\u0142ostocka<\/td>\n<\/tr>\n<tr>\n<td width=\"59\">3<\/td>\n<td width=\"249\">Raszkiewicz Oskar<\/td>\n<td width=\"296\">Politechnika Bia\u0142ostocka<\/td>\n<\/tr>\n<tr>\n<td width=\"59\">&nbsp;<\/td>\n<td width=\"249\">&nbsp;<\/td>\n<td width=\"296\">&nbsp;<\/td>\n<\/tr>\n<tr>\n<td width=\"59\">&nbsp;<\/td>\n<td width=\"249\"><strong><u>Cyberbezpiecze\u0144stwo<\/u><\/strong><\/td>\n<td width=\"296\">&nbsp;<\/td>\n<\/tr>\n<tr>\n<td width=\"59\">1<\/td>\n<td width=\"249\">Bartnik Mateusz<\/td>\n<td width=\"296\">Politechnika Bia\u0142ostocka<\/td>\n<\/tr>\n<tr>\n<td width=\"59\">1<\/td>\n<td width=\"249\">Raszkiewicz Oskar<\/td>\n<td width=\"296\">Politechnika Bia\u0142ostocka<\/td>\n<\/tr>\n<tr>\n<td width=\"59\">1<\/td>\n<td width=\"249\">Filipiuk \u0141ukasz<\/td>\n<td width=\"296\">Politechnika Bia\u0142ostocka<\/td>\n<\/tr>\n<tr>\n<td width=\"59\">1<\/td>\n<td width=\"249\">Dani\u0142o Karol<\/td>\n<td width=\"296\">Politechnika Bia\u0142ostocka<\/td>\n<\/tr>\n<tr>\n<td width=\"59\">&nbsp;<\/td>\n<td width=\"249\">&nbsp;<\/td>\n<td width=\"296\">&nbsp;<\/td>\n<\/tr>\n<tr>\n<td width=\"59\">&nbsp;<\/td>\n<td width=\"249\"><strong><u>Sztuczna inteligencja<\/u><\/strong><\/td>\n<td width=\"296\">&nbsp;<\/td>\n<\/tr>\n<tr>\n<td width=\"59\">1<\/td>\n<td width=\"249\">Rogowski Adam<\/td>\n<td width=\"296\">Politechnika Bia\u0142ostocka<\/td>\n<\/tr>\n<tr>\n<td width=\"59\">2<\/td>\n<td width=\"249\">Bartnik Mateusz<\/td>\n<td width=\"296\">Politechnika Bia\u0142ostocka<\/td>\n<\/tr>\n<tr>\n<td width=\"59\">3<\/td>\n<td width=\"249\">Hrinchenko Nazar<\/td>\n<td width=\"296\">Politechnika Bia\u0142ostocka<\/td>\n<\/tr>\n<tr>\n<td width=\"59\">&nbsp;<\/td>\n<td width=\"249\">&nbsp;<\/td>\n<td width=\"296\">&nbsp;<\/td>\n<\/tr>\n<tr>\n<td width=\"59\">&nbsp;<\/td>\n<td width=\"249\"><strong><u>Technologie chmurowe<\/u><\/strong><\/td>\n<td width=\"296\">&nbsp;<\/td>\n<\/tr>\n<tr>\n<td width=\"59\">1<\/td>\n<td width=\"249\">Fudali Ernest<\/td>\n<td width=\"296\">Politechnika Bia\u0142ostocka<\/td>\n<\/tr>\n<tr>\n<td width=\"59\">2<\/td>\n<td width=\"249\">Wasilewski Dariusz<\/td>\n<td width=\"296\">Politechnika Bia\u0142ostocka<\/td>\n<\/tr>\n<tr>\n<td width=\"59\">2<\/td>\n<td width=\"249\">\u0141awreszuk Jakub<\/td>\n<td width=\"296\">Politechnika Bia\u0142ostocka<\/td>\n<\/tr>\n<tr>\n<td width=\"59\">2<\/td>\n<td width=\"249\">Kosi\u0144ski Jakub<\/td>\n<td width=\"296\">Zesp\u00f3\u0142 Szk\u00f3\u0142 Elektrycznych w Bia\u0142ymstoku<\/td>\n<\/tr>\n<tr>\n<td width=\"59\">&nbsp;<\/td>\n<td width=\"249\">&nbsp;<\/td>\n<td width=\"296\">&nbsp;<\/td>\n<\/tr>\n<tr>\n<td width=\"59\">&nbsp;<\/td>\n<td width=\"249\"><strong><u>Technologie frontendowe<\/u><\/strong><\/td>\n<td width=\"296\">&nbsp;<\/td>\n<\/tr>\n<tr>\n<td width=\"59\">1<\/td>\n<td width=\"249\">Kropiwnicki Jan<\/td>\n<td width=\"296\">Technikum Programistyczne INFOTECH<\/td>\n<\/tr>\n<tr>\n<td width=\"59\">1<\/td>\n<td width=\"249\">Bartnik Mateusz<\/td>\n<td width=\"296\">Politechnika Bia\u0142ostocka<\/td>\n<\/tr>\n<tr>\n<td width=\"59\">2<\/td>\n<td width=\"249\">Duliniec Miko\u0142aj<\/td>\n<td width=\"296\">Politechnika Bia\u0142ostocka<\/td>\n<\/tr>\n<tr>\n<td width=\"59\">2<\/td>\n<td width=\"249\">Lengiewicz Mateusz<\/td>\n<td width=\"296\">Politechnika Bia\u0142ostocka<\/td>\n<\/tr>\n<tr>\n<td width=\"59\">2<\/td>\n<td width=\"249\">P\u0142atosz Micha\u0142<\/td>\n<td width=\"296\">Politechnika Bia\u0142ostocka<\/td>\n<\/tr>\n<tr>\n<td width=\"59\">&nbsp;<\/td>\n<td width=\"249\">&nbsp;<\/td>\n<td width=\"296\">&nbsp;<\/td>\n<\/tr>\n<tr>\n<td width=\"59\">&nbsp;<\/td>\n<td width=\"249\"><strong><u>Znajomo\u015b\u0107 j\u0119zyka C# i .net<\/u><\/strong><\/td>\n<td width=\"296\">&nbsp;<\/td>\n<\/tr>\n<tr>\n<td width=\"59\">1<\/td>\n<td width=\"249\">Kajdewicz Pawe\u0142<\/td>\n<td width=\"296\">Zesp\u00f3\u0142 Szk\u00f3\u0142 Elektrycznych w Bia\u0142ymstoku<\/td>\n<\/tr>\n<tr>\n<td width=\"59\">1<\/td>\n<td width=\"249\">Koz\u0142owski Mateusz<\/td>\n<td width=\"296\">Politechnika Bia\u0142ostocka<\/td>\n<\/tr>\n<tr>\n<td width=\"59\">2<\/td>\n<td width=\"249\">Antonowski Krzysztof<\/td>\n<td width=\"296\">Zesp\u00f3\u0142 Szk\u00f3\u0142 Elektrycznych w Bia\u0142ymstoku<\/td>\n<\/tr>\n<tr>\n<td width=\"59\">&nbsp;<\/td>\n<td width=\"249\">&nbsp;<\/td>\n<td width=\"296\">&nbsp;<\/td>\n<\/tr>\n<tr>\n<td width=\"59\">&nbsp;<\/td>\n<td width=\"249\"><strong><u>Znajomo\u015b\u0107 j\u0119zyka C++<\/u><\/strong><\/td>\n<td width=\"296\">&nbsp;<\/td>\n<\/tr>\n<tr>\n<td width=\"59\">1<\/td>\n<td width=\"249\">Bartnik Mateusz<\/td>\n<td width=\"296\">Politechnika Bia\u0142ostocka<\/td>\n<\/tr>\n<tr>\n<td width=\"59\">2<\/td>\n<td width=\"249\">Kajdewicz Pawe\u0142<\/td>\n<td width=\"296\">Zesp\u00f3\u0142 Szk\u00f3\u0142 Elektrycznych w Bia\u0142ymstoku<\/td>\n<\/tr>\n<tr>\n<td width=\"59\">3<\/td>\n<td width=\"249\">Sworczuk Jakub<\/td>\n<td width=\"296\">Politechnika Bia\u0142ostocka<\/td>\n<\/tr>\n<tr>\n<td width=\"59\">&nbsp;<\/td>\n<td width=\"249\">&nbsp;<\/td>\n<td width=\"296\">&nbsp;<\/td>\n<\/tr>\n<tr>\n<td width=\"59\">&nbsp;<\/td>\n<td width=\"249\"><strong><u>Znajomo\u015b\u0107 j\u0119zyka Java<\/u><\/strong><\/td>\n<td width=\"296\">&nbsp;<\/td>\n<\/tr>\n<tr>\n<td width=\"59\">1<\/td>\n<td width=\"249\">Antonowski Krzysztof<\/td>\n<td width=\"296\">Zesp\u00f3\u0142 Szk\u00f3\u0142 Elektrycznych Bia\u0142ymstoku<\/td>\n<\/tr>\n<tr>\n<td width=\"59\">2<\/td>\n<td width=\"249\">Czo\u0142pi\u0144ski Karol<\/td>\n<td width=\"296\">Politechnika Bia\u0142ostocka<\/td>\n<\/tr>\n<tr>\n<td width=\"59\">3<\/td>\n<td width=\"249\">Jab\u0142o\u0144ski Micha\u0142<\/td>\n<td width=\"296\">Politechnika Bia\u0142ostocka<\/td>\n<\/tr>\n<tr>\n<td width=\"59\">3<\/td>\n<td width=\"249\">Rogowski Adam<\/td>\n<td width=\"296\">Politechnika Bia\u0142ostocka<\/td>\n<\/tr>\n<tr>\n<td width=\"59\">&nbsp;<\/td>\n<td width=\"249\">&nbsp;<\/td>\n<td width=\"296\">&nbsp;<\/td>\n<\/tr>\n<tr>\n<td width=\"59\">&nbsp;<\/td>\n<td width=\"249\"><strong><u>Znajomo\u015b\u0107 j\u0119zyka Python<\/u><\/strong><\/td>\n<td width=\"296\">&nbsp;<\/td>\n<\/tr>\n<tr>\n<td width=\"59\">1<\/td>\n<td width=\"249\">Raszkiewicz Oskar<\/td>\n<td width=\"296\">Politechnika Bia\u0142ostocka<\/td>\n<\/tr>\n<tr>\n<td width=\"59\">2<\/td>\n<td width=\"249\">Dakowicz Micha\u0142<\/td>\n<td width=\"296\">Technikum Programistyczne INFOTECH<\/td>\n<\/tr>\n<tr>\n<td width=\"59\">3<\/td>\n<td width=\"249\">Bartnik Mateusz<\/td>\n<td width=\"296\">Politechnika Bia\u0142ostocka<\/td>\n<\/tr>\n<tr>\n<td width=\"59\">3<\/td>\n<td width=\"249\">Monach Agnieszka<\/td>\n<td width=\"296\">Politechnika Bia\u0142ostocka<\/td>\n<\/tr>\n<tr>\n<td width=\"59\">3<\/td>\n<td width=\"249\">Misiewicz Mateusz<\/td>\n<td width=\"296\">Politechnika Bia\u0142ostocka<\/td>\n<\/tr>\n<tr>\n<td width=\"59\">3<\/td>\n<td width=\"249\">Tereszkiewicz Grzegorz<\/td>\n<td width=\"296\">Technikum Programistyczne INFOTECH<\/td>\n<\/tr>\n<tr>\n<td width=\"59\">&nbsp;<\/td>\n<td width=\"249\">&nbsp;<\/td>\n<td width=\"296\">&nbsp;<\/td>\n<\/tr>\n<tr>\n<td width=\"59\">&nbsp;<\/td>\n<td width=\"249\"><strong><u>Computer vision<\/u><\/strong><\/td>\n<td width=\"296\">&nbsp;<\/td>\n<\/tr>\n<tr>\n<td width=\"59\">1<\/td>\n<td width=\"249\">Kropiwnicki Jan<\/td>\n<td width=\"296\">Technikum Programistyczne INFOTECH<\/td>\n<\/tr>\n<tr>\n<td width=\"59\">2<\/td>\n<td width=\"249\">Raszkiewicz Oskar<\/td>\n<td width=\"296\">Politechnika Bia\u0142ostocka<\/td>\n<\/tr>\n<tr>\n<td width=\"59\">3<\/td>\n<td width=\"249\">Kosi\u0144ski Jakub<\/td>\n<td width=\"296\">Zesp\u00f3\u0142 Szk\u00f3\u0142 Elektrycznych w Bia\u0142ymstoku<\/td>\n<\/tr>\n<tr>\n<td width=\"59\">&nbsp;<\/td>\n<td width=\"249\">&nbsp;<\/td>\n<td width=\"296\">&nbsp;<\/td>\n<\/tr>\n<\/tbody>\n<\/table>\n<p>&nbsp;<\/p>\n<p>Sponsorami i autorami zada\u0144 by\u0142y firmy:<\/p>\n<p><strong>Infinity Group, LBPro, PLUM, Stekop, Transition Technologies MS, Transition Technologies PSC, Transition Technologies\u2013Software, X-code, workai, ZETO&nbsp;<\/strong><\/p>\n<div class=\"container-logo\"><a href=\"https:\/\/www.infinity-group.pl\/en?utm_source=google&amp;utm_medium=gmf&amp;utm_campaign=website\" target=\"_blank\" rel=\"noopener\"> <img decoding=\"async\" class=\"center\" src=\"https:\/\/pb.edu.pl\/bti\/wp-content\/uploads\/sites\/112\/2024\/10\/Infinity-Group-logo_2019.jpg\" width=\"160px\"><\/a><\/div>\n<div class=\"container-logo\"><a href=\"https:\/\/lbpro.net\/\" target=\"_blank\" rel=\"noopener\"> <img decoding=\"async\" class=\"center\" src=\"https:\/\/pb.edu.pl\/bti\/wp-content\/uploads\/sites\/112\/2023\/11\/LBPro_200.jpg\" width=\"160px\"><\/a><\/div>\n<div class=\"container-logo\"><a href=\"https:\/\/www.plum.pl\/\" target=\"_blank\" rel=\"noopener\"> <img decoding=\"async\" class=\"center\" src=\"https:\/\/pb.edu.pl\/bti\/wp-content\/uploads\/sites\/112\/2023\/11\/PLUM_200.png\" width=\"160px\"><\/a><\/div>\n<div class=\"container-logo\"><a href=\"https:\/\/stekopsa.pl\/\" target=\"_blank\" rel=\"noopener\"><img decoding=\"async\" class=\"center\" src=\"https:\/\/pb.edu.pl\/bti\/wp-content\/uploads\/sites\/112\/2025\/10\/Logo.png\" width=\"160px\"><\/a><\/div>\n<div class=\"container-logo\"><a href=\"https:\/\/ttms.com\/offices\/bialystok\/\" target=\"_blank\" rel=\"noopener\"> <img decoding=\"async\" class=\"center\" src=\"https:\/\/pb.edu.pl\/bti\/wp-content\/uploads\/sites\/112\/2023\/11\/TTMS_200.jpg\" width=\"160px\"><\/a><\/div>\n<div class=\"container-logo\"><a href=\"https:\/\/ttpsc.com\/pl\/\" target=\"_blank\" rel=\"noopener\"> <img decoding=\"async\" class=\"center\" src=\"https:\/\/pb.edu.pl\/bti\/wp-content\/uploads\/sites\/112\/2023\/11\/TTPSC_200.png\" width=\"160px\"><\/a><\/div>\n<div class=\"container-logo\"><a href=\"https:\/\/ttsw.com.pl\/\" target=\"_blank\" rel=\"noopener\"> <img decoding=\"async\" class=\"center\" src=\"https:\/\/pb.edu.pl\/bti\/wp-content\/uploads\/sites\/112\/2023\/11\/TTSW_200.jpg\" width=\"160px\"><\/a><\/div>\n<div class=\"container-logo\"><a href=\"https:\/\/workai.com\/pl\/\" target=\"_blank\" rel=\"noopener\"> <img decoding=\"async\" class=\"center\" src=\"https:\/\/pb.edu.pl\/bti\/wp-content\/uploads\/sites\/112\/2023\/11\/Workai_200.jpg\" width=\"160px\"><\/a><\/div>\n<div class=\"container-logo\"><a href=\"https:\/\/www.x-code.pl\/\" target=\"_blank\" rel=\"noopener\"> <img decoding=\"async\" class=\"center\" src=\"https:\/\/pb.edu.pl\/bti\/wp-content\/uploads\/sites\/112\/2023\/11\/x-code_200.jpg\" width=\"160px\"><\/a><\/div>\n<div class=\"container-logo\"><a href=\"https:\/\/www.zeto.bialystok.pl\/\" target=\"_blank\" rel=\"noopener\"><img decoding=\"async\" class=\"center\" src=\"https:\/\/pb.edu.pl\/bti\/wp-content\/uploads\/sites\/112\/2023\/11\/Zeto_200.jpg\" width=\"160px\"><\/a><\/div>\n<div style=\"clear: both\"><\/div>\n<div>\n<h2>Galeria zdj\u0119\u0107<\/h2>\n<\/div>\n<p>&nbsp;<\/p>\nngg_shortcode_0_placeholder\n","protected":false},"excerpt":{"rendered":"<p>W roku 2025 do XII edycji konkursu zg\u0142osi\u0142o si\u0119 170 os\u00f3b, w tym 140 studentek<\/p>\n","protected":false},"author":150,"featured_media":0,"parent":0,"menu_order":0,"comment_status":"closed","ping_status":"closed","template":"","meta":{"_acf_changed":false,"ngg_post_thumbnail":0,"footnotes":""},"class_list":["post-2731","page","type-page","status-publish","hentry"],"acf":[],"_links":{"self":[{"href":"https:\/\/pb.edu.pl\/bti\/wp-json\/wp\/v2\/pages\/2731","targetHints":{"allow":["GET"]}}],"collection":[{"href":"https:\/\/pb.edu.pl\/bti\/wp-json\/wp\/v2\/pages"}],"about":[{"href":"https:\/\/pb.edu.pl\/bti\/wp-json\/wp\/v2\/types\/page"}],"author":[{"embeddable":true,"href":"https:\/\/pb.edu.pl\/bti\/wp-json\/wp\/v2\/users\/150"}],"replies":[{"embeddable":true,"href":"https:\/\/pb.edu.pl\/bti\/wp-json\/wp\/v2\/comments?post=2731"}],"version-history":[{"count":0,"href":"https:\/\/pb.edu.pl\/bti\/wp-json\/wp\/v2\/pages\/2731\/revisions"}],"wp:attachment":[{"href":"https:\/\/pb.edu.pl\/bti\/wp-json\/wp\/v2\/media?parent=2731"}],"curies":[{"name":"wp","href":"https:\/\/api.w.org\/{rel}","templated":true}]}}