{"id":272,"date":"2020-05-20T22:41:10","date_gmt":"2020-05-20T20:41:10","guid":{"rendered":"https:\/\/pb.edu.pl\/bci\/?page_id=272"},"modified":"2024-11-03T22:18:06","modified_gmt":"2024-11-03T21:18:06","slug":"informacja-o-przetwarzaniu-danych-osobowych","status":"publish","type":"page","link":"https:\/\/pb.edu.pl\/bti\/rejestracja\/informacja-o-przetwarzaniu-danych-osobowych\/","title":{"rendered":"Informacja o przetwarzaniu danych osobowych"},"content":{"rendered":"<p><strong>Informacja Administratora w zwi\u0105zku z przetwarzaniem danych osobowych \u2013 zgodnie z art. 13 ust. 1 i 2 Rozporz\u0105dzenia Parlamentu Europejskiego i Rady (UE) 2016\/679 z dnia 27 kwietnia 2016 r. w sprawie ochrony os\u00f3b fizycznych w zwi\u0105zku z przetwarzaniem danych osobowych i w sprawie swobodnego przep\u0142ywu takich danych oraz uchylenia dyrektywy 95\/46\/WE (zwanego dalej RODO)<\/strong><\/p>\n<ol>\n<li>\nAdministratorem Pani\/Pana danych osobowych jest Politechnika Bia\u0142ostocka,  ul. Wiejska 45A, 15-351 Bia\u0142ystok (zwana dalej Uczelni\u0105), tel.: 85 746 90 00, <a title=\"otworzy si\u0119 w nowej zak\u0142adce\" href=\"https:\/\/pb.edu.pl\" target=\"_blank\" rel=\"noopener\">pb.edu.pl<\/a>, e-mail: rektorat@pb.edu.pl;\n<\/li>\n<li>\nAdministrator, zgodnie z art. 37 ust. 1 lit. a RODO, powo\u0142a\u0142 Inspektora Ochrony Danych, z kt\u00f3rym w sprawach zwi\u0105zanych z przetwarzaniem danych osobowych mo\u017ce si\u0119 Pani\/Pan kontaktowa\u0107 za pomoc\u0105 poczty elektronicznej pod adresem: iod@pb.edu.pl.\n<\/li>\n<li>\nPani \/ Pana dane osobowe b\u0119d\u0105 przetwarzane w celu:<br \/>\na)\trejestracji uczestnictwa w konkursie oraz organizacji konkursu Bia\u0142ostocki Test Informatyk\u00f3w,<br \/>\nb)\tog\u0142oszenia  wynik\u00f3w konkursu i publikowania informacji o laureatach,<br \/>\nc)\tdokumentowania konkursu poprzez przetwarzanie danych osobowych, w tym wizerunku uczestnik\u00f3w konkursu<br \/>\n &#8211; na podstawie &#8211; art. 6 ust. 1 lit. e RODO lub na podstawie udzielonej zgody \u2013 art. 6 ust. 1 lit. a RODO w przypadku przetwarzania indywidualnych wizerunk\u00f3w uczestnik\u00f3w;\n<\/li>\n<li>\nOdbiorcami Pani\/Pana danych osobowych mog\u0105 by\u0107 podmioty uprawnione na podstawie przepis\u00f3w prawa, dostawcy us\u0142ug informatycznych administratora oraz w zakresie danych zwyci\u0119zc\u00f3w (w zakresie imienia, nazwiska, wizerunku i nazwy szko\u0142y) \u2013 u\u017cytkownicy stron internetowych administratora oraz portali spo\u0142eczno\u015bciowych na kt\u00f3rych administrator posiada konta.\n<\/li>\n<li>\nPani\/Pana dane osobowe b\u0119d\u0105 przechowywane w okresach niezb\u0119dnych do realizacji wy\u017cej okre\u015blonych cel\u00f3w.\n<\/li>\n<li>\nPrzys\u0142uguje Pani\/Panu prawo dost\u0119pu do tre\u015bci swoich danych oraz z zastrze\u017ceniem przepis\u00f3w prawa przys\u0142uguje Pani\/Panu prawo do:<br \/>\na)\tcofni\u0119cia udzielonej zgody, z zastrze\u017ceniem, \u017ce wycofanie zgody nie wp\u0142ywa na zgodno\u015b\u0107 z prawem przetwarzania kt\u00f3rego dokonano na podstawie zgody przed jej wycofaniem;<br \/>\nb)\tsprostowania danych;<br \/>\nc)\tusuni\u0119cia danych;<br \/>\nd)\tograniczenia przetwarzania danych;<br \/>\ne)\twniesienia sprzeciwu wobec przetwarzania danych osobowych;\n<\/li>\n<li>\nPrzys\u0142uguje Pani\/Panu prawo do wniesienia skargi do organu nadzorczego \u2013 Prezesa Urz\u0119du Ochrony Danych Osobowych, gdy uzna Pani\/Pan, \u017ce przetwarzanie danych osobowych narusza powszechnie obowi\u0105zuj\u0105ce przepisy w tym zakresie.\n<\/li>\n<li>\nPodanie danych osobowych jest dobrowolne, ale niezb\u0119dne do wzi\u0119cia udzia\u0142u w konkursie. Konsekwencj\u0105 ich niepodania b\u0119dzie brak mo\u017cliwo\u015bci wzi\u0119cia udzia\u0142u w konkursie.\n<\/li>\n<li>\nDane osobowe nie b\u0119d\u0105 wykorzystywane do zautomatyzowanego podejmowania decyzji ani profilowania, o kt\u00f3rym mowa w art. 22.\n<\/li>\n<\/ol>\n","protected":false},"excerpt":{"rendered":"<p>Informacja Administratora w zwi\u0105zku z przetwarzaniem danych osobowych \u2013 zgodnie z art. 13 ust. 1<\/p>\n","protected":false},"author":2,"featured_media":0,"parent":30,"menu_order":1,"comment_status":"closed","ping_status":"closed","template":"","meta":{"_acf_changed":false,"ngg_post_thumbnail":0,"footnotes":""},"class_list":["post-272","page","type-page","status-publish","hentry"],"acf":[],"_links":{"self":[{"href":"https:\/\/pb.edu.pl\/bti\/wp-json\/wp\/v2\/pages\/272","targetHints":{"allow":["GET"]}}],"collection":[{"href":"https:\/\/pb.edu.pl\/bti\/wp-json\/wp\/v2\/pages"}],"about":[{"href":"https:\/\/pb.edu.pl\/bti\/wp-json\/wp\/v2\/types\/page"}],"author":[{"embeddable":true,"href":"https:\/\/pb.edu.pl\/bti\/wp-json\/wp\/v2\/users\/2"}],"replies":[{"embeddable":true,"href":"https:\/\/pb.edu.pl\/bti\/wp-json\/wp\/v2\/comments?post=272"}],"version-history":[{"count":0,"href":"https:\/\/pb.edu.pl\/bti\/wp-json\/wp\/v2\/pages\/272\/revisions"}],"up":[{"embeddable":true,"href":"https:\/\/pb.edu.pl\/bti\/wp-json\/wp\/v2\/pages\/30"}],"wp:attachment":[{"href":"https:\/\/pb.edu.pl\/bti\/wp-json\/wp\/v2\/media?parent=272"}],"curies":[{"name":"wp","href":"https:\/\/api.w.org\/{rel}","templated":true}]}}