{"id":13,"date":"2020-05-18T14:40:41","date_gmt":"2020-05-18T12:40:41","guid":{"rendered":"https:\/\/pb.edu.pl\/bci\/?page_id=13"},"modified":"2026-03-24T22:05:13","modified_gmt":"2026-03-24T21:05:13","slug":"home","status":"publish","type":"page","link":"https:\/\/pb.edu.pl\/bti\/","title":{"rendered":""},"content":{"rendered":"<div class=\"img-full\">\n<img decoding=\"async\" src=\"https:\/\/pb.edu.pl\/bti\/wp-content\/uploads\/sites\/112\/2023\/11\/top-foto.jpg\" alt=\"monitory z kodem programistycznym\"><\/p>\n<div class=\"img-full-text\">\n<div class=\"img-full-title\">XII edycja<br \/>\nBia\u0142ostockiego Testu Informatyk\u00f3w<\/div>\n<div class=\"img-full-button\">Bia\u0142ystok, 26 listopada, 2025 r.<\/div>\n<div class=\"img-full-pb\">Politechnika Bia\u0142ostocka<\/div>\n<\/div>\n<\/div>\n<div id=\"box-menu\" class=\"href\"><\/div>\n<p>&nbsp;<\/p>\n<div class=\"row\">\n<div class=\"col-sm-3 text-center\"><a class=\"button\" style=\"width: 100%;padding: 0px 5px 10px 5px\" href=\"\/bti\/o-wydarzeniu\/\"><img loading=\"lazy\" decoding=\"async\" class=\"aligncenter size-full wp-image-1944\" src=\"https:\/\/pb.edu.pl\/bti\/wp-content\/uploads\/sites\/112\/2023\/11\/box-wydarzenie.jpg\" alt=\"Program komputerowy na monitorze\" width=\"800\" height=\"533\"><span class=\"lead\">O wydarzeniu<\/span><\/a><\/div>\n<div class=\"col-sm-3 text-center\"><a class=\"button\" style=\"width: 100%;padding: 0px 5px 10px 5px\" href=\"https:\/\/pb.edu.pl\/bti\/rejestracja\/\"><img loading=\"lazy\" decoding=\"async\" class=\"aligncenter size-full wp-image-1946\" src=\"https:\/\/pb.edu.pl\/bti\/wp-content\/uploads\/sites\/112\/2023\/10\/box-rejestracja.jpg\" alt=\"rejestracja online\" width=\"800\" height=\"533\" srcset=\"https:\/\/pb.edu.pl\/bti\/wp-content\/uploads\/sites\/112\/2023\/10\/box-rejestracja.jpg 800w, https:\/\/pb.edu.pl\/bti\/wp-content\/uploads\/sites\/112\/2023\/10\/box-rejestracja-300x200.jpg 300w, https:\/\/pb.edu.pl\/bti\/wp-content\/uploads\/sites\/112\/2023\/10\/box-rejestracja-768x512.jpg 768w, https:\/\/pb.edu.pl\/bti\/wp-content\/uploads\/sites\/112\/2023\/10\/box-rejestracja-480x320.jpg 480w\" sizes=\"auto, (max-width: 800px) 100vw, 800px\" \/><span class=\"lead\">Rejestracja<\/span><\/a><\/div>\n<div class=\"col-sm-3 text-center\"><a class=\"button\" style=\"width: 100%;padding: 0px 5px 10px 5px\" href=\"\/bti\/terminy\/\"><img loading=\"lazy\" decoding=\"async\" class=\"aligncenter size-full wp-image-1948\" src=\"https:\/\/pb.edu.pl\/bti\/wp-content\/uploads\/sites\/112\/2023\/11\/box-kalendarz.jpg\" alt=\"kalendarz\" width=\"800\" height=\"533\"><span class=\"lead\">Terminy<\/span><\/a><\/div>\n<div class=\"col-sm-3 text-center\"><a class=\"button\" style=\"width: 100%;padding: 0px 5px 10px 5px\" href=\"\/bti\/kontakt\/\"><img loading=\"lazy\" decoding=\"async\" class=\"aligncenter size-full wp-image-1950\" src=\"https:\/\/pb.edu.pl\/bti\/wp-content\/uploads\/sites\/112\/2023\/10\/box-kontakt.jpg\" alt=\"klawiatura z ikonami kontaktu\" width=\"800\" height=\"533\" srcset=\"https:\/\/pb.edu.pl\/bti\/wp-content\/uploads\/sites\/112\/2023\/10\/box-kontakt.jpg 800w, https:\/\/pb.edu.pl\/bti\/wp-content\/uploads\/sites\/112\/2023\/10\/box-kontakt-300x200.jpg 300w, https:\/\/pb.edu.pl\/bti\/wp-content\/uploads\/sites\/112\/2023\/10\/box-kontakt-768x512.jpg 768w, https:\/\/pb.edu.pl\/bti\/wp-content\/uploads\/sites\/112\/2023\/10\/box-kontakt-480x320.jpg 480w\" sizes=\"auto, (max-width: 800px) 100vw, 800px\" \/><span class=\"lead\">Kontakt<\/span><\/a><\/div>\n<\/div>\n<div class=\"h1 text-center\"><span style=\"font-size: 24pt\">Organizator<\/span><\/div>\n<div>&nbsp;<\/div>\n<div><img loading=\"lazy\" decoding=\"async\" class=\"wp-image-2260 aligncenter\" src=\"https:\/\/pb.edu.pl\/bti\/wp-content\/uploads\/sites\/112\/2023\/11\/logo-WI-PB-wersja-pelna-kolor-czarny-zoom-2.webp\" alt=\"\" width=\"343\" height=\"131\" srcset=\"https:\/\/pb.edu.pl\/bti\/wp-content\/uploads\/sites\/112\/2023\/11\/logo-WI-PB-wersja-pelna-kolor-czarny-zoom-2.webp 1049w, https:\/\/pb.edu.pl\/bti\/wp-content\/uploads\/sites\/112\/2023\/11\/logo-WI-PB-wersja-pelna-kolor-czarny-zoom-2-300x114.webp 300w, https:\/\/pb.edu.pl\/bti\/wp-content\/uploads\/sites\/112\/2023\/11\/logo-WI-PB-wersja-pelna-kolor-czarny-zoom-2-1024x390.webp 1024w, https:\/\/pb.edu.pl\/bti\/wp-content\/uploads\/sites\/112\/2023\/11\/logo-WI-PB-wersja-pelna-kolor-czarny-zoom-2-768x293.webp 768w\" sizes=\"auto, (max-width: 343px) 100vw, 343px\" \/><\/div>\n<div>\n<div style=\"clear: both\">&nbsp;<\/div>\n<\/div>\n<div>\n<div class=\"h1 text-center\"><span style=\"font-size: 24pt\">Partnerzy<\/span><\/div>\n<div>&nbsp;<\/div>\n<div class=\"container-logo\"><a href=\"https:\/\/www.infinity-group.pl\/en?utm_source=google&amp;utm_medium=gmf&amp;utm_campaign=website\" target=\"_blank\" rel=\"noopener\"><img decoding=\"async\" class=\"center\" src=\"https:\/\/pb.edu.pl\/bti\/wp-content\/uploads\/sites\/112\/2024\/10\/Infinity-Group-logo_2019-1.jpg\" width=\"160px\"><\/a><\/div>\n<div class=\"container-logo\"><a href=\"https:\/\/lbpro.net\/\" target=\"_blank\" rel=\"noopener\"><img decoding=\"async\" class=\"center\" src=\"https:\/\/pb.edu.pl\/bti\/wp-content\/uploads\/sites\/112\/2023\/11\/LBPro_200.jpg\" width=\"160px\"><\/a><\/div>\n<div class=\"container-logo\"><a href=\"https:\/\/www.plum.pl\/\" target=\"_blank\" rel=\"noopener\"><img decoding=\"async\" class=\"center\" src=\"https:\/\/pb.edu.pl\/bti\/wp-content\/uploads\/sites\/112\/2025\/11\/Plum_logo_CMYK-1.png\" width=\"160px\"><\/a><\/div>\n<div class=\"container-logo\"><a href=\"https:\/\/stekopsa.pl\/\" target=\"_blank\" rel=\"noopener\"><img decoding=\"async\" class=\"center\" src=\"https:\/\/pb.edu.pl\/bti\/wp-content\/uploads\/sites\/112\/2025\/10\/Logo.png\" width=\"160px\"><\/a><\/div>\n<div class=\"container-logo\"><a href=\"https:\/\/ttms.com\/offices\/bialystok\/\" target=\"_blank\" rel=\"noopener\"><img decoding=\"async\" class=\"center\" src=\"https:\/\/pb.edu.pl\/bti\/wp-content\/uploads\/sites\/112\/2023\/11\/TTMS_200.jpg\" width=\"160px\"><\/a><\/div>\n<div class=\"container-logo\"><a href=\"https:\/\/ttpsc.com\/pl\/\" target=\"_blank\" rel=\"noopener\"><img decoding=\"async\" class=\"center\" src=\"https:\/\/pb.edu.pl\/bti\/wp-content\/uploads\/sites\/112\/2023\/11\/TTPSC_200.png\" width=\"160px\"><\/a><\/div>\n<div class=\"container-logo\"><a href=\"https:\/\/ttsw.com.pl\/\" target=\"_blank\" rel=\"noopener\"><img decoding=\"async\" class=\"center\" src=\"https:\/\/pb.edu.pl\/bti\/wp-content\/uploads\/sites\/112\/2023\/11\/TTSW_200.jpg\" width=\"160px\"><\/a><\/div>\n<div class=\"container-logo\"><a href=\"https:\/\/workai.com\/pl\/\" target=\"_blank\" rel=\"noopener\"><img decoding=\"async\" class=\"center\" src=\"https:\/\/pb.edu.pl\/bti\/wp-content\/uploads\/sites\/112\/2023\/11\/Workai_200.jpg\" width=\"160px\"><\/a><\/div>\n<div class=\"container-logo\"><a href=\"https:\/\/www.x-code.pl\/\" target=\"_blank\" rel=\"noopener\"><img decoding=\"async\" class=\"center\" src=\"https:\/\/pb.edu.pl\/bti\/wp-content\/uploads\/sites\/112\/2023\/11\/x-code_200.jpg\" width=\"160px\"><\/a><\/div>\n<div class=\"container-logo\"><a href=\"https:\/\/www.zeto.bialystok.pl\/\" target=\"_blank\" rel=\"noopener\"><img decoding=\"async\" class=\"center\" src=\"https:\/\/pb.edu.pl\/bti\/wp-content\/uploads\/sites\/112\/2023\/11\/Zeto_200.jpg\" width=\"160px\"><\/a><\/div>\n<\/div>\n<div style=\"clear: both\">&nbsp;<\/div>\n<div>\n<div class=\"h1 text-center\"><span style=\"font-size: 24pt\">Patron honorowy<\/span><\/div>\n<div><img decoding=\"async\" class=\"wp-image-2260 aligncenter\" src=\"https:\/\/pb.edu.pl\/bti\/wp-content\/uploads\/sites\/112\/2025\/10\/logo-Patronat-Rektor-PB-kolor-czarny-na-przezroczystym-tle.png\" alt=\"\" width=\"400\"><\/div>\n<\/div>\n<div class=\"h1 text-center\"><span style=\"font-size: 24pt\">Patroni medialni<\/span><\/div>\n<div>&nbsp;<\/div>\n<div>&nbsp;<\/div>\n<div><img decoding=\"async\" class=\"aligncenter\" src=\"https:\/\/pb.edu.pl\/mp\/wp-content\/uploads\/sites\/108\/2023\/08\/logo-akadera.png\" alt=\"Radio Akadera\"><\/div>\n<div style=\"clear: both\">&nbsp;<\/div>\n","protected":false},"excerpt":{"rendered":"<p>XII edycja Bia\u0142ostockiego Testu Informatyk\u00f3w Bia\u0142ystok, 26 listopada, 2025 r. Politechnika Bia\u0142ostocka &nbsp; O wydarzeniu<\/p>\n","protected":false},"author":2,"featured_media":0,"parent":0,"menu_order":0,"comment_status":"closed","ping_status":"closed","template":"templates\/dzial.php","meta":{"_acf_changed":false,"ngg_post_thumbnail":0,"footnotes":""},"class_list":["post-13","page","type-page","status-publish","hentry"],"acf":[],"_links":{"self":[{"href":"https:\/\/pb.edu.pl\/bti\/wp-json\/wp\/v2\/pages\/13","targetHints":{"allow":["GET"]}}],"collection":[{"href":"https:\/\/pb.edu.pl\/bti\/wp-json\/wp\/v2\/pages"}],"about":[{"href":"https:\/\/pb.edu.pl\/bti\/wp-json\/wp\/v2\/types\/page"}],"author":[{"embeddable":true,"href":"https:\/\/pb.edu.pl\/bti\/wp-json\/wp\/v2\/users\/2"}],"replies":[{"embeddable":true,"href":"https:\/\/pb.edu.pl\/bti\/wp-json\/wp\/v2\/comments?post=13"}],"version-history":[{"count":1,"href":"https:\/\/pb.edu.pl\/bti\/wp-json\/wp\/v2\/pages\/13\/revisions"}],"predecessor-version":[{"id":2971,"href":"https:\/\/pb.edu.pl\/bti\/wp-json\/wp\/v2\/pages\/13\/revisions\/2971"}],"wp:attachment":[{"href":"https:\/\/pb.edu.pl\/bti\/wp-json\/wp\/v2\/media?parent=13"}],"curies":[{"name":"wp","href":"https:\/\/api.w.org\/{rel}","templated":true}]}}