{"id":881,"date":"2020-03-04T16:46:11","date_gmt":"2020-03-04T15:46:11","guid":{"rendered":"https:\/\/pb.edu.pl\/brpm\/?page_id=881"},"modified":"2021-04-02T11:54:29","modified_gmt":"2021-04-02T09:54:29","slug":"cerber","status":"publish","type":"page","link":"https:\/\/pb.edu.pl\/brpm\/projekty-pb\/programy-ue\/projekty-zrealizowane\/cerber\/","title":{"rendered":"Udzia\u0142 student\u00f3w zespo\u0142u Cerber Motorsport w mi\u0119dzynarodowych zawodach Formula Student i konferencjach naukowych"},"content":{"rendered":"<p><img loading=\"lazy\" decoding=\"async\" class=\"alignnone wp-image-568 size-full\" src=\"https:\/\/pb.edu.pl\/brpm\/wp-content\/uploads\/sites\/6\/2018\/09\/FE_POWER_poziom_pl-jpg.jpg\" alt=\"\" width=\"5883\" height=\"756\" srcset=\"https:\/\/pb.edu.pl\/brpm\/wp-content\/uploads\/sites\/6\/2018\/09\/FE_POWER_poziom_pl-jpg.jpg 5883w, https:\/\/pb.edu.pl\/brpm\/wp-content\/uploads\/sites\/6\/2018\/09\/FE_POWER_poziom_pl-jpg-300x39.jpg 300w, https:\/\/pb.edu.pl\/brpm\/wp-content\/uploads\/sites\/6\/2018\/09\/FE_POWER_poziom_pl-jpg-768x99.jpg 768w, https:\/\/pb.edu.pl\/brpm\/wp-content\/uploads\/sites\/6\/2018\/09\/FE_POWER_poziom_pl-jpg-1024x132.jpg 1024w\" sizes=\"auto, (max-width: 5883px) 100vw, 5883px\" \/><\/p>\n<p>Projekt \u201eUdzia\u0142 student\u00f3w zespo\u0142u Cerber Motorsport w mi\u0119dzynarodowych zawodach Formula Student i konferencjach naukowych\u201d&nbsp;uzyska\u0142 finansowanie z osi priorytetowej III. Szkolnictwo wy\u017csze dla gospodarki i rozwoju, Dzia\u0142ania 3.3 Umi\u0119dzynarodowianie polskiego&nbsp; szkolnictwa wy\u017cszego&nbsp; Programu Operacyjnego Wiedza Edukacja Rozw\u00f3j 2014-2020 w ramach zaproszenia Ministra Nauki i Szkolnictwa Wy\u017cszego do sk\u0142adania ofert na projekty pozakonkursowe o charakterze koncepcyjnym pt. \u201dNajlepsi z najlepszych!4.0.\u201d<\/p>\n<p><strong>Cel projektu:<\/strong> Uczestnictwo student\u00f3w zespo\u0142u Cerber Motorsport w 4 presti\u017cowych mi\u0119dzynarodowych zawodach in\u017cynierskich Formula Student organizowanych w sezonie 2019 oraz prezentacja autorskich rozwi\u0105za\u0144 konstrukcyjnych na mi\u0119dzynarodowych konferencjach naukowych.<\/p>\n<p><strong>Czas trwania projektu:<\/strong> od: 2019-06-10 do: 2020-06-09<\/p>\n<p><strong>Ca\u0142kowita warto\u015b\u0107 projektu:<\/strong> 260&nbsp;000,00 z\u0142<\/p>\n<p><strong>G\u0142\u00f3wne za\u0142o\u017cenia projektu:<\/strong><\/p>\n<ul>\n<li>uczestnictwo bolidu CMS-06 w europejskich zawodach Formula Student: FS EAST \u2013Hungary, Formula SAE Italy, FS Czech Republic, FS Germany;<\/li>\n<li>optymalizacja pakietu aerodynamicznego do bolidu CMS-07;<\/li>\n<li>prezentacja studenckich koncepcji in\u017cynierskich na mi\u0119dzynarodowych konferencjach naukowych.<\/li>\n<\/ul>\n<p>W roku 2019 studenci zaprojektowali nowatorski bolid wy\u015bcigowy CMS-06, oparty o zoptymalizowan\u0105 kompozytow\u0105 konstrukcj\u0119 samono\u015bn\u0105 wraz nowym pakietem aerodynamicznym. Przy wsparciu technicznym firm z r\u00f3\u017cnych bran\u017c, bolid zosta\u0142 ju\u017c praktycznie zbudowany. W wyniku przeprowadzonych kwalifikacji zesp\u00f3\u0142 zosta\u0142 dopuszczony do 4 presti\u017cowych zawod\u00f3w w roku 2019. Uczestnictwo w zawodach pozwoli na wymian\u0119 do\u015bwiadcze\u0144 i wiedzy w mi\u0119dzynarodowym \u015brodowisku in\u017cynierskim, co przyczyni si\u0119 do poszerzenia kompetencji przysz\u0142ych polskich in\u017cynier\u00f3w w zakresie wielu dziedzin nauki i techniki. Przetestowanie opracowanego pakietu aerodynamicznego pozwoli na dokonanie jego optymalizacji oraz zastosowanie w nast\u0119pnym bolidzie CMS-07. Projekt zak\u0142ada tak\u017ce umo\u017cliwienie studentom zaprezentowania swoich osi\u0105gni\u0119\u0107 na mi\u0119dzynarodowych konferencjach z zakresu nauk technicznych.<\/p>\n","protected":false},"excerpt":{"rendered":"<p>Projekt \u201eUdzia\u0142 student\u00f3w zespo\u0142u Cerber Motorsport w mi\u0119dzynarodowych zawodach Formula Student i konferencjach naukowych\u201d&nbsp;uzyska\u0142 finansowanie<\/p>\n","protected":false},"author":33,"featured_media":0,"parent":89,"menu_order":0,"comment_status":"closed","ping_status":"closed","template":"","meta":{"_acf_changed":false,"ngg_post_thumbnail":0,"footnotes":""},"class_list":["post-881","page","type-page","status-publish","hentry"],"acf":[],"_links":{"self":[{"href":"https:\/\/pb.edu.pl\/brpm\/wp-json\/wp\/v2\/pages\/881","targetHints":{"allow":["GET"]}}],"collection":[{"href":"https:\/\/pb.edu.pl\/brpm\/wp-json\/wp\/v2\/pages"}],"about":[{"href":"https:\/\/pb.edu.pl\/brpm\/wp-json\/wp\/v2\/types\/page"}],"author":[{"embeddable":true,"href":"https:\/\/pb.edu.pl\/brpm\/wp-json\/wp\/v2\/users\/33"}],"replies":[{"embeddable":true,"href":"https:\/\/pb.edu.pl\/brpm\/wp-json\/wp\/v2\/comments?post=881"}],"version-history":[{"count":0,"href":"https:\/\/pb.edu.pl\/brpm\/wp-json\/wp\/v2\/pages\/881\/revisions"}],"up":[{"embeddable":true,"href":"https:\/\/pb.edu.pl\/brpm\/wp-json\/wp\/v2\/pages\/89"}],"wp:attachment":[{"href":"https:\/\/pb.edu.pl\/brpm\/wp-json\/wp\/v2\/media?parent=881"}],"curies":[{"name":"wp","href":"https:\/\/api.w.org\/{rel}","templated":true}]}}