{"id":804,"date":"2020-01-09T15:00:49","date_gmt":"2020-01-09T14:00:49","guid":{"rendered":"https:\/\/pb.edu.pl\/brpm\/?page_id=804"},"modified":"2022-01-10T08:55:00","modified_gmt":"2022-01-10T07:55:00","slug":"leadership-for-mid-level-menagers","status":"publish","type":"page","link":"https:\/\/pb.edu.pl\/brpm\/projekty-pb\/programy-ue\/projekty-zrealizowane\/leadership-for-mid-level-menagers\/","title":{"rendered":"Leadership for mid level menagers"},"content":{"rendered":"<p><img loading=\"lazy\" decoding=\"async\" class=\"aligncenter wp-image-398 size-full\" src=\"https:\/\/pb.edu.pl\/brpm\/wp-content\/uploads\/sites\/6\/2018\/09\/ERASMUS.png\" alt=\"\" width=\"652\" height=\"157\" srcset=\"https:\/\/pb.edu.pl\/brpm\/wp-content\/uploads\/sites\/6\/2018\/09\/ERASMUS.png 652w, https:\/\/pb.edu.pl\/brpm\/wp-content\/uploads\/sites\/6\/2018\/09\/ERASMUS-300x72.png 300w\" sizes=\"auto, (max-width: 652px) 100vw, 652px\" \/><\/p>\n<h2 class=\"h2\" style=\"text-align: left\">\u201cLeadership for mid level menagers\u201d &#8211; projekt nr: 2018-1-RO01-KA204-049325<\/h2>\n<p style=\"text-align: left\"><strong>Projekt realizowany przez Politechnik\u0119 Bia\u0142ostock\u0105 w partnerstwie z <\/strong>SC INTEGRA HR SRL (Lider Projektu), Instytut Regionalny w Katowicach, Universitatea Babes Bolyai \u2013Rumunia, APS Polygonal &#8211; W\u0142ochy, Malta Institute of Management -Malta w ramach programu Erasmus+, Wsp\u00f3\u0142praca na rzecz innowacji i wymiany dobrych praktyk. Akcja 2&nbsp;Partnerstwa strategiczne&nbsp;na rzecz&nbsp;edukacji doros\u0142ych.<\/p>\n<p style=\"text-align: left\"><strong>Celem projektu jest<\/strong> wymiana najlepszych praktyk mi\u0119dzy partnerami oraz stworzenie narz\u0119dzi i program\u00f3w rozwojowych skierowanych do menad\u017cer\u00f3w \u015bredniego szczebla ze szczeg\u00f3lnym uwzgl\u0119dnieniem zarz\u0105dzania czasem, rozwojem kariery zawodowej i umiej\u0119tno\u015bciami komunikacyjnymi.<\/p>\n<p style=\"text-align: left\">W ramach projektu zaplanowano:<\/p>\n<ol style=\"text-align: left\">\n<li>Zorganizowanie spotkania projektowego na temat: Studi\u00f3w przypadku i dobrych praktyk.<\/li>\n<li>Uczestniczenie w spotkaniach projektowych w Rumunii, na Malcie i we W\u0142oszech.<\/li>\n<li>Uczestniczenie w sesjach 3 dniowych treningowo &#8211; instrukta\u017cowych na Malcie, w Katowicach i w Rumunii.<\/li>\n<li>Prowadzenie dzia\u0142a\u0144 promocyjnych projektu i monitoringu.<\/li>\n<li>Wsp\u00f3\u0142autorstwo mi\u0119dzynarodowego raportu na bazie 18 studi\u00f3w przypadku.<\/li>\n<li>Wsp\u00f3\u0142autorstwo kwestionariuszy ewaluacyjnych i ich dystrybucja.<\/li>\n<li>Wsp\u00f3\u0142autorstwo raportu ko\u0144cowego.<\/li>\n<li>Propagacja wynik\u00f3w i efekt\u00f3w projekt\u00f3w po\u015brednio i bezpo\u015brednio w\u015br\u00f3d organizacji biznesowych, pracodawc\u00f3w, pracownik\u00f3w uczelni oraz przedsi\u0119biorstw itd.<\/li>\n<\/ol>\n<p style=\"text-align: left\"><strong>Realizacja:<\/strong> 01.10.2018 &#8211; 31.01.2020<\/p>\n<p style=\"text-align: left\"><strong>Warto\u015b\u0107 projektu og\u00f3\u0142em:<\/strong> 70&nbsp;624 EUR.<\/p>\n<p style=\"text-align: left\"><strong>Warto\u015b\u0107 projektu PB:<\/strong> 12&nbsp;508 EUR<\/p>\n<p style=\"text-align: left\"><strong>Kierownik Projektu:<\/strong> dr Andrzej Pawluczuk<\/p>\n","protected":false},"excerpt":{"rendered":"<p>\u201cLeadership for mid level menagers\u201d &#8211; projekt nr: 2018-1-RO01-KA204-049325 Projekt realizowany przez Politechnik\u0119 Bia\u0142ostock\u0105 w<\/p>\n","protected":false},"author":33,"featured_media":0,"parent":89,"menu_order":0,"comment_status":"closed","ping_status":"closed","template":"","meta":{"_acf_changed":false,"ngg_post_thumbnail":0,"footnotes":""},"class_list":["post-804","page","type-page","status-publish","hentry"],"acf":[],"_links":{"self":[{"href":"https:\/\/pb.edu.pl\/brpm\/wp-json\/wp\/v2\/pages\/804","targetHints":{"allow":["GET"]}}],"collection":[{"href":"https:\/\/pb.edu.pl\/brpm\/wp-json\/wp\/v2\/pages"}],"about":[{"href":"https:\/\/pb.edu.pl\/brpm\/wp-json\/wp\/v2\/types\/page"}],"author":[{"embeddable":true,"href":"https:\/\/pb.edu.pl\/brpm\/wp-json\/wp\/v2\/users\/33"}],"replies":[{"embeddable":true,"href":"https:\/\/pb.edu.pl\/brpm\/wp-json\/wp\/v2\/comments?post=804"}],"version-history":[{"count":0,"href":"https:\/\/pb.edu.pl\/brpm\/wp-json\/wp\/v2\/pages\/804\/revisions"}],"up":[{"embeddable":true,"href":"https:\/\/pb.edu.pl\/brpm\/wp-json\/wp\/v2\/pages\/89"}],"wp:attachment":[{"href":"https:\/\/pb.edu.pl\/brpm\/wp-json\/wp\/v2\/media?parent=804"}],"curies":[{"name":"wp","href":"https:\/\/api.w.org\/{rel}","templated":true}]}}