{"id":697,"date":"2019-05-31T10:41:30","date_gmt":"2019-05-31T08:41:30","guid":{"rendered":"https:\/\/pb.edu.pl\/brpm\/?page_id=697"},"modified":"2024-09-07T22:12:05","modified_gmt":"2024-09-07T20:12:05","slug":"rid","status":"publish","type":"page","link":"https:\/\/pb.edu.pl\/brpm\/projekty-pb\/programy-krajowe\/projekty-zrealizowane\/rid\/","title":{"rendered":"RID"},"content":{"rendered":"<p><img loading=\"lazy\" decoding=\"async\" class=\"aligncenter wp-image-1612\" src=\"https:\/\/pb.edu.pl\/brpm\/wp-content\/uploads\/sites\/6\/2022\/10\/Logo_ministerstwo_poziom_PL-1024x528.png\" alt=\"\" width=\"612\" height=\"315\" srcset=\"https:\/\/pb.edu.pl\/brpm\/wp-content\/uploads\/sites\/6\/2022\/10\/Logo_ministerstwo_poziom_PL-1024x528.png 1024w, https:\/\/pb.edu.pl\/brpm\/wp-content\/uploads\/sites\/6\/2022\/10\/Logo_ministerstwo_poziom_PL-300x155.png 300w, https:\/\/pb.edu.pl\/brpm\/wp-content\/uploads\/sites\/6\/2022\/10\/Logo_ministerstwo_poziom_PL-768x396.png 768w, https:\/\/pb.edu.pl\/brpm\/wp-content\/uploads\/sites\/6\/2022\/10\/Logo_ministerstwo_poziom_PL-1536x792.png 1536w, https:\/\/pb.edu.pl\/brpm\/wp-content\/uploads\/sites\/6\/2022\/10\/Logo_ministerstwo_poziom_PL-2048x1056.png 2048w\" sizes=\"auto, (max-width: 612px) 100vw, 612px\" \/><\/p>\n<h2>Projekt \u201ePodwy\u017cszenie jako\u015bci i umi\u0119dzynarodowienie bada\u0144 naukowych na Wydziale Mechanicznym Politechniki Bia\u0142ostockiej&#8221; w ramach programu Regionalna Inicjatywa Doskona\u0142o\u015bci.<\/h2>\n<p>G\u0142\u00f3wny cel projektu: przyczynienie si\u0119 do intensywnego rozwoju uczelni wyr\u00f3\u017cniaj\u0105cych si\u0119 w regionach pod wzgl\u0119dem potencja\u0142u badawczego w poszczeg\u00f3lnych dyscyplinach naukowych.<\/p>\n<h3>Dzi\u0119ki dofinansowaniu mo\u017cliwe b\u0119dzie zrealizowanie trzech cel\u00f3w:<\/h3>\n<ul>\n<li>podniesienie poziomu bada\u0144 naukowych,<\/li>\n<li>zwi\u0119kszenie znaczenia prowadzonych bada\u0144 w mi\u0119dzynarodowym \u015brodowisku naukowym<\/li>\n<li>zwi\u0119kszenie wp\u0142ywu bada\u0144 naukowych na funkcjonowanie otoczenia spo\u0142eczno-gospodarczego w regionach.<\/li>\n<\/ul>\n<p>Uzyskane fundusze Wydzia\u0142 Mechaniczny Politechniki Bia\u0142ostockiej przeznaczy na m.in. rozbudow\u0119 bazy laboratoryjnej, zwi\u0119kszenie liczby publikacji naukowych, zwi\u0119kszenie liczby monografii, zwi\u0119kszenie liczby patent\u00f3w, organizowanie wyjazd\u00f3w studyjnych zespo\u0142\u00f3w badawczych, udzia\u0142 zespo\u0142\u00f3w badawczych w mi\u0119dzynarodowych konsorcjach naukowych, zwi\u0119kszenie mobilno\u015bci mi\u0119dzynarodowej pracownik\u00f3w, udzia\u0142 pracownik\u00f3w w konferencjach zagranicznych, wzrost deponowanych publikacji pracownik\u00f3w w czasopismach dzia\u0142aj\u0105cych w systemie Open Access, intensyfikacj\u0119 i konsolidacj\u0119 wsp\u00f3\u0142pracy nauki z biznesem.<\/p>\n<p>Bud\u017cet projektu: <strong>12 mln z\u0142otych<\/strong><\/p>\n<p>Realizacja projektu: <strong>stycze\u0144 2019 roku do grudnia 2023<\/strong><\/p>\n","protected":false},"excerpt":{"rendered":"<p>Projekt \u201ePodwy\u017cszenie jako\u015bci i umi\u0119dzynarodowienie bada\u0144 naukowych na Wydziale Mechanicznym Politechniki Bia\u0142ostockiej&#8221; w ramach programu<\/p>\n","protected":false},"author":33,"featured_media":0,"parent":1575,"menu_order":0,"comment_status":"closed","ping_status":"closed","template":"","meta":{"_acf_changed":false,"ngg_post_thumbnail":0,"footnotes":""},"class_list":["post-697","page","type-page","status-publish","hentry"],"acf":[],"_links":{"self":[{"href":"https:\/\/pb.edu.pl\/brpm\/wp-json\/wp\/v2\/pages\/697","targetHints":{"allow":["GET"]}}],"collection":[{"href":"https:\/\/pb.edu.pl\/brpm\/wp-json\/wp\/v2\/pages"}],"about":[{"href":"https:\/\/pb.edu.pl\/brpm\/wp-json\/wp\/v2\/types\/page"}],"author":[{"embeddable":true,"href":"https:\/\/pb.edu.pl\/brpm\/wp-json\/wp\/v2\/users\/33"}],"replies":[{"embeddable":true,"href":"https:\/\/pb.edu.pl\/brpm\/wp-json\/wp\/v2\/comments?post=697"}],"version-history":[{"count":0,"href":"https:\/\/pb.edu.pl\/brpm\/wp-json\/wp\/v2\/pages\/697\/revisions"}],"up":[{"embeddable":true,"href":"https:\/\/pb.edu.pl\/brpm\/wp-json\/wp\/v2\/pages\/1575"}],"wp:attachment":[{"href":"https:\/\/pb.edu.pl\/brpm\/wp-json\/wp\/v2\/media?parent=697"}],"curies":[{"name":"wp","href":"https:\/\/api.w.org\/{rel}","templated":true}]}}