{"id":653,"date":"2019-04-17T10:47:36","date_gmt":"2019-04-17T08:47:36","guid":{"rendered":"https:\/\/pb.edu.pl\/brpm\/?page_id=653"},"modified":"2022-01-10T09:32:12","modified_gmt":"2022-01-10T08:32:12","slug":"praca-zlecona-przez-firme-moose-sp-z-o-o-nr-2","status":"publish","type":"page","link":"https:\/\/pb.edu.pl\/brpm\/projekty-pb\/programy-ue\/projekty-zrealizowane\/praca-zlecona-przez-firme-moose-sp-z-o-o-nr-2\/","title":{"rendered":"Praca zlecona przez firm\u0119 MOOSE Sp. z o.o. nr 2"},"content":{"rendered":"<h2>Praca zlecona przez firm\u0119 MOOSE Sp. z o.o. w ramach projektu: \u201e<em>System SmartBRAKE \u2013 Inteligentny Syst\u00e9m Asekuracji i Trasy Roweru\u201d<\/em>.<\/h2>\n<p><strong>Przedmiot umowy:<\/strong> Wykonania prac merytorycznych w zakresie us\u0142ug badawczych i rozwojowych polegaj\u0105cych na opracowaniu koncepcji, przeprowadzeniu analiz, bada\u0144 symulacyjnych oraz wytworzeniu dokumentacji, prototyp\u00f3w oraz produktu ko\u0144cowego w zakresie opracowanie i wytworzenie prototypu inteligentnego hamulca umo\u017cliwiaj\u0105cego rodzicom kontrol\u0119 roweru dziecka.<\/p>\n<p><strong>Finansowanie w ramach<\/strong>: programu INNOSBZ Dzia\u0142anie 1.2 POIR \u201eSektorowe programy B+R\u201d Konkurs 5\/1.1.1\/2017 prowadzonego przez Narodowe Centrum Bada\u0144 i Rozwoju, jako Instytucji Po\u015brednicz\u0105cej w ramach I osi priorytetowej \u201eWsparcie prowadzenia prac B+R przez przedsi\u0119biorstwa\u201c Programu Operacyjnego Inteligentny Rozw\u00f3j 2014 \u2013 2020.<\/p>\n<p><strong>Instytucja Po\u015brednicz\u0105ca:<\/strong> Narodowe Centrum Bada\u0144 i Rozwoju<\/p>\n<p><strong>Warto\u015b\u0107 zlecenia:<\/strong> 915&nbsp;782, 60 z\u0142<\/p>\n<p><strong>Okres realizacji pracy: <\/strong>05.11.2018 r. &#8211; 31.10.2020 r.<\/p>\n<p><strong>Jednostka realizuj\u0105ca: <\/strong>Wydzia\u0142 Mechaniczny Politechniki Bia\u0142ostockiej<\/p>\n<p><strong>Kierownik Pracy:<\/strong> Karol Golak<\/p>\n<p><strong>Projekt b\u0119dzie obejmowa\u0142 realizacj\u0119 nast\u0119puj\u0105cych zada\u0144:<\/strong><\/p>\n<ol>\n<li>System mechaniczny hamulca \u2013 opracowanie mechanizmu elementu wykonawczego realizuj\u0105cego akcj\u0119 hamowania<\/li>\n<li>System sensoryczny i sterowania prac\u0105 hamulca<\/li>\n<li>System przycisku bezpiecze\u0144stwa<\/li>\n<li>Prace laboratoryjne zwi\u0105zane z doborem i weryfikacj\u0105 poprawno\u015bci rozwi\u0105za\u0144.<\/li>\n<\/ol>\n","protected":false},"excerpt":{"rendered":"<p>Praca zlecona przez firm\u0119 MOOSE Sp. z o.o. w ramach projektu: \u201eSystem SmartBRAKE \u2013 Inteligentny<\/p>\n","protected":false},"author":33,"featured_media":0,"parent":89,"menu_order":0,"comment_status":"closed","ping_status":"closed","template":"","meta":{"_acf_changed":false,"ngg_post_thumbnail":0,"footnotes":""},"class_list":["post-653","page","type-page","status-publish","hentry"],"acf":[],"_links":{"self":[{"href":"https:\/\/pb.edu.pl\/brpm\/wp-json\/wp\/v2\/pages\/653","targetHints":{"allow":["GET"]}}],"collection":[{"href":"https:\/\/pb.edu.pl\/brpm\/wp-json\/wp\/v2\/pages"}],"about":[{"href":"https:\/\/pb.edu.pl\/brpm\/wp-json\/wp\/v2\/types\/page"}],"author":[{"embeddable":true,"href":"https:\/\/pb.edu.pl\/brpm\/wp-json\/wp\/v2\/users\/33"}],"replies":[{"embeddable":true,"href":"https:\/\/pb.edu.pl\/brpm\/wp-json\/wp\/v2\/comments?post=653"}],"version-history":[{"count":0,"href":"https:\/\/pb.edu.pl\/brpm\/wp-json\/wp\/v2\/pages\/653\/revisions"}],"up":[{"embeddable":true,"href":"https:\/\/pb.edu.pl\/brpm\/wp-json\/wp\/v2\/pages\/89"}],"wp:attachment":[{"href":"https:\/\/pb.edu.pl\/brpm\/wp-json\/wp\/v2\/media?parent=653"}],"curies":[{"name":"wp","href":"https:\/\/api.w.org\/{rel}","templated":true}]}}