{"id":517,"date":"2018-09-05T15:20:50","date_gmt":"2018-09-05T13:20:50","guid":{"rendered":"https:\/\/pb.edu.pl\/brpm\/?page_id=517"},"modified":"2022-01-10T09:29:26","modified_gmt":"2022-01-10T08:29:26","slug":"infortex","status":"publish","type":"page","link":"https:\/\/pb.edu.pl\/brpm\/projekty-pb\/programy-ue\/projekty-zrealizowane\/infortex\/","title":{"rendered":"Praca zlecona przez firm\u0119 Infortex Sp. z o.o"},"content":{"rendered":"<h2>Praca zlecona przez firm\u0119 Infortex Sp. z o.o. w ramach projektu: \u201eRealizacja systemu automatycznego rozpoznawanie cech istniej\u0105cych produkt\u00f3w medycznych z&nbsp; tekstowych \u017ar\u00f3de\u0142 opisuj\u0105cych ich w\u0142a\u015bciwo\u015bci\u201d nr projektu: POIR.02.03.02-20-0001\/16.<\/h2>\n<p><strong>Finansowane w ramach:<\/strong> Dzia\u0142ania 2.3 \u201eProinnowacyjne us\u0142ugi dla przedsi\u0119biorstw\u201d Poddzia\u0142ania 2.3.2 \u201eBony na innowacje dla M\u015aP\u201d w ramach II osi priorytetowej: \u201eWsparcie otoczenia i potencja\u0142u przedsi\u0119biorstw do prowadzenia dzia\u0142alno\u015bci B+R+I\u201d realizowanego w ramach Programu Operacyjnego Inteligentny Rozw\u00f3j.<\/p>\n<p><strong>Przedmiot umowy:<\/strong> Przedmiot umowy: przygotowanie modu\u0142u analizy semantycznej j\u0119zyka angielskiego kompatybilnego z dotychczasowym oprogramowaniem zamawiaj\u0105cego.<\/p>\n<p><strong>Cel projektu:<\/strong><\/p>\n<p>Celem efektu projektu jest poprawa jako\u015bci pracy u\u017cytkownik\u00f3w ko\u0144cowych. Powstanie koncepcji produktu oparte jest na realnej potrzebie p\u0142yn\u0105cej z rynku. Dzi\u0119ki stworzonemu systemowi :<\/p>\n<ul>\n<li>Analitycy w szpitalach zwi\u0119ksz\u0105 efektywno\u015b\u0107 pracy<\/li>\n<li>Lekarze otrzymaj\u0105 obiektywne i kompletne informacje o produktach medycznych<\/li>\n<li>Pacjenci otrzymaj\u0105 lepiej dostosowane leczenie<\/li>\n<li>Szpitale b\u0119d\u0105 mog\u0142y optymalizowa\u0107 zakupy (znale\u017a\u0107 ta\u0144sze\/lepsze zamienniki produkt\u00f3w)<\/li>\n<\/ul>\n<p>Powsta\u0142a w ramach projektu innowacja produktowa polega na stworzeniu modu\u0142u analizy sementycznej, b\u0119d\u0105cego w stanie:<\/p>\n<ol>\n<li>Analizowa\u0107 r\u00f3\u017cne \u017ar\u00f3d\u0142a informacji o produkcie medycznym (publikacje naukowe z Google Scholar, PubMed, artyku\u0142y z czasopism medycznych, specyfikacje producent\u00f3w itp.<\/li>\n<li>Wydobywa\u0107 w\u0142asno\u015bci (atrybuty) produkt\u00f3w z poszczeg\u00f3lnych \u017ar\u00f3de\u0142.<\/li>\n<li>Tworzy zunifikowan\u0105 form\u0119 w\u0142asno\u015bci produkt\u00f3w w celu umo\u017cliwienia por\u00f3wnania ich ze sob\u0105. R\u00f3\u017cni producenci mog\u0105 r\u00f3\u017cnie opisywa\u0107 te same cechy (np. twardo\u015b\u0107 mo\u017ce by\u0107 tym samym co odporno\u015b\u0107 na zarysowania).<\/li>\n<li>Rejestrowa\u0107 charakterystyk\u0119 rozk\u0142ad\u00f3w w\u0142asno\u015bci produkt\u00f3w.<\/li>\n<li>Proponowa\u0107 najlepiej dopasowany produkt do potrzeby u\u017cytkownika (zdefiniowanej zapytaniem).<\/li>\n<\/ol>\n<p><strong>Instytucja Po\u015brednicz\u0105ca:<\/strong> Polska Agencja Rozwoju Przedsi\u0119biorczo\u015bci<\/p>\n<p><strong>Warto\u015b\u0107 zlecenia<\/strong>: 484 128,00 z\u0142<\/p>\n<p><strong>Okres realizacji pracy:<\/strong> 01.12.2016 r.- 24.05.2018 r.<\/p>\n<p><strong>Jednostka realizuj\u0105ca:<\/strong> Wydzia\u0142 Informatyki Politechniki Bia\u0142ostockiej<\/p>\n<p><strong>Kierownik Pracy:<\/strong> dr hab. Dorota Mozyrska<\/p>\n","protected":false},"excerpt":{"rendered":"<p>Praca zlecona przez firm\u0119 Infortex Sp. z o.o. w ramach projektu: \u201eRealizacja systemu automatycznego rozpoznawanie<\/p>\n","protected":false},"author":33,"featured_media":0,"parent":89,"menu_order":0,"comment_status":"closed","ping_status":"closed","template":"","meta":{"_acf_changed":false,"ngg_post_thumbnail":0,"footnotes":""},"class_list":["post-517","page","type-page","status-publish","hentry"],"acf":[],"_links":{"self":[{"href":"https:\/\/pb.edu.pl\/brpm\/wp-json\/wp\/v2\/pages\/517","targetHints":{"allow":["GET"]}}],"collection":[{"href":"https:\/\/pb.edu.pl\/brpm\/wp-json\/wp\/v2\/pages"}],"about":[{"href":"https:\/\/pb.edu.pl\/brpm\/wp-json\/wp\/v2\/types\/page"}],"author":[{"embeddable":true,"href":"https:\/\/pb.edu.pl\/brpm\/wp-json\/wp\/v2\/users\/33"}],"replies":[{"embeddable":true,"href":"https:\/\/pb.edu.pl\/brpm\/wp-json\/wp\/v2\/comments?post=517"}],"version-history":[{"count":0,"href":"https:\/\/pb.edu.pl\/brpm\/wp-json\/wp\/v2\/pages\/517\/revisions"}],"up":[{"embeddable":true,"href":"https:\/\/pb.edu.pl\/brpm\/wp-json\/wp\/v2\/pages\/89"}],"wp:attachment":[{"href":"https:\/\/pb.edu.pl\/brpm\/wp-json\/wp\/v2\/media?parent=517"}],"curies":[{"name":"wp","href":"https:\/\/api.w.org\/{rel}","templated":true}]}}