{"id":356,"date":"2018-05-08T00:22:18","date_gmt":"2018-05-07T22:22:18","guid":{"rendered":"https:\/\/pb.edu.pl\/brpm\/?page_id=356"},"modified":"2020-12-27T01:22:13","modified_gmt":"2020-12-27T00:22:13","slug":"najlepsi-z-najlepszych-2-0-formula","status":"publish","type":"page","link":"https:\/\/pb.edu.pl\/brpm\/projekty-pb\/programy-ue\/projekty-zrealizowane\/najlepsi-z-najlepszych-2-0-formula\/","title":{"rendered":"Najlepsi z Najlepszych! 2.0"},"content":{"rendered":"<p><span style=\"margin-top: -20px;padding-top: 0\"><img loading=\"lazy\" decoding=\"async\" width=\"1190\" height=\"150\" class=\"aligncenter size-full wp-image-262\" src=\"https:\/\/pb.edu.pl\/brpm\/wp-content\/uploads\/sites\/6\/2018\/05\/UE-fundusze-wiedza-edukacja.jpg\" alt=\"UE\" srcset=\"https:\/\/pb.edu.pl\/brpm\/wp-content\/uploads\/sites\/6\/2018\/05\/UE-fundusze-wiedza-edukacja.jpg 1190w, https:\/\/pb.edu.pl\/brpm\/wp-content\/uploads\/sites\/6\/2018\/05\/UE-fundusze-wiedza-edukacja-300x38.jpg 300w, https:\/\/pb.edu.pl\/brpm\/wp-content\/uploads\/sites\/6\/2018\/05\/UE-fundusze-wiedza-edukacja-768x97.jpg 768w, https:\/\/pb.edu.pl\/brpm\/wp-content\/uploads\/sites\/6\/2018\/05\/UE-fundusze-wiedza-edukacja-1024x129.jpg 1024w\" sizes=\"auto, (max-width: 1190px) 100vw, 1190px\" \/><\/span><\/p>\n<div class=\"h3\">Wzmocnienie potencja\u0142u naukowego student\u00f3w oraz popularyzacja nauk \u015bcis\u0142ych na mi\u0119dzynarodowych zawodach Formula SAE Michigan w Stanach Zjednoczonych oraz konferencjach naukowych.<\/div>\n<p>Umowa MNISW\/2017\/93\/DIR\/NN2 z dnia 17.10.2017<\/p>\n<p>Projekt pozakonkursowy o charakterze koncepcyjnym pt. \u201eNajlepsi z najlepszych! 2.0&#8243;<\/p>\n<p><strong>Czas trwania projektu:<\/strong> 30.08.2017 r. &#8211; 20.08.2018 r.<\/p>\n<p><strong>Cel <\/strong><strong>projektu<\/strong><br \/>\nCelem projektu jest uczestnictwo student\u00f3w w najbardziej presti\u017cowych zawodach in\u017cynierskich &#8211; Formula SAE Michigan w Stanach Zjednoczonych oraz prezentacja autorskich rozwi\u0105za\u0144 konstrukcyjnych na konferencjach naukowych. Udzia\u0142 w zawodach poprzedzony b\u0119dzie odpowiednim przygotowaniem auta mi\u0119dzynarodowej klasy Formu\u0142a Student poprzez zastosowanie materia\u0142\u00f3w kompozytowych w odpowiedzialnych podzespo\u0142ach.<\/p>\n<p>W ramach projektu, przy wsparciu technicznym i merytorycznym firm z r\u00f3\u017cnych bran\u017c zbudowany zostanie nowatorski bolid wy\u015bcigowy CMS-04. Uczestnictwo w najbardziej presti\u017cowych zawodach in\u017cynierskich w Stanach Zjednoczonych pozwoli na wymian\u0119 do\u015bwiadcze\u0144 wiedzy polskich in\u017cynier\u00f3w w zakresie wielu dziedzin nauki.<\/p>\n<p><strong>Ca\u0142kowita warto\u015b\u0107 projektu:<\/strong> 250&nbsp;000 z\u0142<\/p>\n<p><strong>Kwota dofinansowania z UE:<\/strong> 210&nbsp;700,00 z\u0142<\/p>\n<p><strong>Kwota dofinansowania ze \u015brodk\u00f3w bud\u017cetu pa\u0144stwa:<\/strong> 39&nbsp;300,00 z\u0142<\/p>\n","protected":false},"excerpt":{"rendered":"<p>Wzmocnienie potencja\u0142u naukowego student\u00f3w oraz popularyzacja nauk \u015bcis\u0142ych na mi\u0119dzynarodowych zawodach Formula SAE Michigan w<\/p>\n","protected":false},"author":2,"featured_media":0,"parent":89,"menu_order":24,"comment_status":"closed","ping_status":"closed","template":"","meta":{"_acf_changed":false,"ngg_post_thumbnail":0,"footnotes":""},"class_list":["post-356","page","type-page","status-publish","hentry"],"acf":[],"_links":{"self":[{"href":"https:\/\/pb.edu.pl\/brpm\/wp-json\/wp\/v2\/pages\/356","targetHints":{"allow":["GET"]}}],"collection":[{"href":"https:\/\/pb.edu.pl\/brpm\/wp-json\/wp\/v2\/pages"}],"about":[{"href":"https:\/\/pb.edu.pl\/brpm\/wp-json\/wp\/v2\/types\/page"}],"author":[{"embeddable":true,"href":"https:\/\/pb.edu.pl\/brpm\/wp-json\/wp\/v2\/users\/2"}],"replies":[{"embeddable":true,"href":"https:\/\/pb.edu.pl\/brpm\/wp-json\/wp\/v2\/comments?post=356"}],"version-history":[{"count":0,"href":"https:\/\/pb.edu.pl\/brpm\/wp-json\/wp\/v2\/pages\/356\/revisions"}],"up":[{"embeddable":true,"href":"https:\/\/pb.edu.pl\/brpm\/wp-json\/wp\/v2\/pages\/89"}],"wp:attachment":[{"href":"https:\/\/pb.edu.pl\/brpm\/wp-json\/wp\/v2\/media?parent=356"}],"curies":[{"name":"wp","href":"https:\/\/api.w.org\/{rel}","templated":true}]}}