{"id":349,"date":"2018-05-08T00:15:54","date_gmt":"2018-05-07T22:15:54","guid":{"rendered":"https:\/\/pb.edu.pl\/brpm\/?page_id=349"},"modified":"2022-01-10T09:22:56","modified_gmt":"2022-01-10T08:22:56","slug":"staze-dla-wzmocnienia-kompetencji-zawodowych-mobilnosci-i-wzrostu-konkurencyjnosci-na-rynku-pracy","status":"publish","type":"page","link":"https:\/\/pb.edu.pl\/brpm\/projekty-pb\/programy-ue\/projekty-zrealizowane\/staze-dla-wzmocnienia-kompetencji-zawodowych-mobilnosci-i-wzrostu-konkurencyjnosci-na-rynku-pracy\/","title":{"rendered":"Sta\u017ce dla wzmocnienia kompetencji zawodowych, mobilno\u015bci i wzrostu konkurencyjno\u015bci na rynku pracy"},"content":{"rendered":"<p><img loading=\"lazy\" decoding=\"async\" class=\"alignnone wp-image-568 size-full\" src=\"https:\/\/pb.edu.pl\/brpm\/wp-content\/uploads\/sites\/6\/2018\/09\/FE_POWER_poziom_pl-jpg.jpg\" alt=\"\" width=\"5883\" height=\"756\" srcset=\"https:\/\/pb.edu.pl\/brpm\/wp-content\/uploads\/sites\/6\/2018\/09\/FE_POWER_poziom_pl-jpg.jpg 5883w, https:\/\/pb.edu.pl\/brpm\/wp-content\/uploads\/sites\/6\/2018\/09\/FE_POWER_poziom_pl-jpg-300x39.jpg 300w, https:\/\/pb.edu.pl\/brpm\/wp-content\/uploads\/sites\/6\/2018\/09\/FE_POWER_poziom_pl-jpg-768x99.jpg 768w, https:\/\/pb.edu.pl\/brpm\/wp-content\/uploads\/sites\/6\/2018\/09\/FE_POWER_poziom_pl-jpg-1024x132.jpg 1024w\" sizes=\"auto, (max-width: 5883px) 100vw, 5883px\" \/><\/p>\n<h2 style=\"text-align: left\">Sta\u017ce dla wzmocnienia kompetencji zawodowych, mobilno\u015bci i wzrostu konkurencyjno\u015bci na rynku pracy. Projekt uzyska\u0142 dofinansowanie w ramach Dzia\u0142ania 3.1 Kompetencje w szkolnictwie wy\u017cszym, Osi priorytetowej III. Szkolnictwo wy\u017csze dla gospodarki i rozwoju Programu Operacyjnego Wiedza Edukacja Rozw\u00f3j 2014-2020, z\u0142o\u017cony w ramach konkursu nr POWR.03.01.00-IP.08-00-SP2\/17 w programie Studiujesz? Praktykuj!<\/h2>\n<p style=\"text-align: left\">Umowa nr POWR.03.01.00-00-S112\/17-00 z dnia 06.11.2017<\/p>\n<p style=\"text-align: left\"><strong>Cel projektu:<\/strong> podniesienie kompetencji student\u00f3w studi\u00f3w stacjonarnych I stopnia poprzez nabycie praktycznych umiej\u0119tno\u015bci niezb\u0119dnych na rynku pracy i zwi\u0105zanych bezpo\u015brednio z tokiem studi\u00f3w na kierunku turystyka i rekreacja Wydzia\u0142u In\u017cynierii Zarz\u0105dzania PB.<\/p>\n<p style=\"text-align: left\"><strong>Czas trwania projektu:<\/strong> 02.04.2018 r. &#8211; 31.10.2019 r.<\/p>\n<p style=\"text-align: left\"><strong>Ca\u0142kowita warto\u015b\u0107 projektu:<\/strong> 451 350,00 z\u0142<\/p>\n<p style=\"text-align: left\"><strong>Dofinansowanie projektu ze \u015brodk\u00f3w europejskich: <\/strong>380&nbsp;397,78&nbsp;z\u0142<\/p>\n<p style=\"text-align: left\"><strong>Kwota dofinansowania ze&nbsp;\u015brodk\u00f3w dotacji celowej:<\/strong>&nbsp;57&nbsp;411,72 z\u0142<\/p>\n<p style=\"text-align: left\"><strong>Wk\u0142ad&nbsp;w\u0142asny:<\/strong>&nbsp;13&nbsp;540,50 z\u0142<\/p>\n<p style=\"text-align: left\"><strong>Charakterystyka&nbsp;projektu<\/strong><br \/>\nProjekt przewiduje realizacj\u0119 wysokiej jako\u015bci sta\u017cy w Polsce u pracodawc\u00f3w krajowych i zagranicznych w wymiarze 360h\/16 tyg.<\/p>\n<p style=\"text-align: left\">Bezpo\u015brednie wsparcie otrzyma 40 student\u00f3w studi\u00f3w stacjonarnych I stopnia, Wydzia\u0142u In\u017cynierii Zarz\u0105dzania PB kierunku Turystyka i Rekreacja. Efektem projektu b\u0119dzie: nabycie umiej\u0119tno\u015bci w zakresie realizacji strategii dzia\u0142a\u0144 marketingowych na mi\u0119dzynarodowym rynku us\u0142ug turystycznych oraz obs\u0142ugi go\u015bci hotelowych, w tym organizacji czasu wolnego w mi\u0119dzynarodowych obiektach hotelowych, kszta\u0142towanie postaw komunikatywno\u015bci, kreatywno\u015bci, inicjatywno\u015bci, samodzielno\u015bci, elastyczno\u015bci, podejmowania decyzji w sytuacjach stresogennych, rozwi\u0105zywania konflikt\u00f3w, innowacyjno\u015bci i pracy zespo\u0142owej, kt\u00f3re pozwol\u0105 na praktyczne wykorzystanie zdobytej wiedzy teoretycznej u pracodawc\u00f3w krajowych i zagranicznych i nabycie kompetencji odpowiadaj\u0105cych potrzebom gospodarki, rynku pracy i spo\u0142ecze\u0144stwa.<\/p>\n<p style=\"text-align: left\"><strong>W projekcie przewiduje si\u0119 rekrutacj\u0119<\/strong>, kt\u00f3ra odb\u0119dzie si\u0119 w kwietniu 2018 r.<\/p>\n<p style=\"text-align: left\"><strong>Przebieg rekrutacji:<\/strong> z\u0142o\u017cenie dokument\u00f3w w biurze projektu w wersji elektronicznej lub papierowej (formularz zg\u0142oszeniowy, deklaracja udzia\u0142u w projekcie). Og\u0142oszenie wynik\u00f3w rekrutacji, utworzenie listy przyj\u0119tych do projektu i listy rezerwowej. W przypadku wolnych miejsc po rekrutacji og\u0142oszony zostanie dodatkowy nab\u00f3r \u2013 w ci\u0105gu 2 tygodni.<\/p>\n","protected":false},"excerpt":{"rendered":"<p>Sta\u017ce dla wzmocnienia kompetencji zawodowych, mobilno\u015bci i wzrostu konkurencyjno\u015bci na rynku pracy. Projekt uzyska\u0142 dofinansowanie<\/p>\n","protected":false},"author":2,"featured_media":0,"parent":89,"menu_order":23,"comment_status":"closed","ping_status":"closed","template":"","meta":{"_acf_changed":false,"ngg_post_thumbnail":0,"footnotes":""},"class_list":["post-349","page","type-page","status-publish","hentry"],"acf":[],"_links":{"self":[{"href":"https:\/\/pb.edu.pl\/brpm\/wp-json\/wp\/v2\/pages\/349","targetHints":{"allow":["GET"]}}],"collection":[{"href":"https:\/\/pb.edu.pl\/brpm\/wp-json\/wp\/v2\/pages"}],"about":[{"href":"https:\/\/pb.edu.pl\/brpm\/wp-json\/wp\/v2\/types\/page"}],"author":[{"embeddable":true,"href":"https:\/\/pb.edu.pl\/brpm\/wp-json\/wp\/v2\/users\/2"}],"replies":[{"embeddable":true,"href":"https:\/\/pb.edu.pl\/brpm\/wp-json\/wp\/v2\/comments?post=349"}],"version-history":[{"count":0,"href":"https:\/\/pb.edu.pl\/brpm\/wp-json\/wp\/v2\/pages\/349\/revisions"}],"up":[{"embeddable":true,"href":"https:\/\/pb.edu.pl\/brpm\/wp-json\/wp\/v2\/pages\/89"}],"wp:attachment":[{"href":"https:\/\/pb.edu.pl\/brpm\/wp-json\/wp\/v2\/media?parent=349"}],"curies":[{"name":"wp","href":"https:\/\/api.w.org\/{rel}","templated":true}]}}