{"id":2904,"date":"2026-01-12T12:55:31","date_gmt":"2026-01-12T11:55:31","guid":{"rendered":"https:\/\/pb.edu.pl\/brpm\/?page_id=2904"},"modified":"2026-03-31T09:46:31","modified_gmt":"2026-03-31T07:46:31","slug":"kompetencje-360","status":"publish","type":"page","link":"https:\/\/pb.edu.pl\/brpm\/projekty-pb\/programy-ue\/projekty-realizowane\/kompetencje-360\/","title":{"rendered":"KOMPETENCJE 360\u00b0 \u2013 Administracja wspieraj\u0105ca rozw\u00f3j nowoczesnej Politechniki Bia\u0142ostockiej"},"content":{"rendered":"<p><img loading=\"lazy\" decoding=\"async\" class=\"aligncenter size-full wp-image-898\" src=\"https:\/\/pb.edu.pl\/pb5\/wp-content\/uploads\/sites\/131\/2024\/07\/image007.png\" alt=\"loga zwi\u0105zane z projektem\" width=\"1440\" height=\"186\"><\/p>\n<h2><strong>Projekt \u201eKOMPETENCJE 360\u00b0 \u2013 Administracja wspieraj\u0105ca rozw\u00f3j nowoczesnej Politechniki Bia\u0142ostockiej\u201d<\/strong> (nr umowy FERS.01.05-IP.08-0318\/25-00) jest realizowany w ramach programu Fundusze Europejskie dla Rozwoju Spo\u0142ecznego 2021-2027 wsp\u00f3\u0142finansowanego ze \u015brodk\u00f3w Europejskiego Funduszu Spo\u0142ecznego Plus.<\/h2>\n<p><strong>Celem g\u0142\u00f3wnym projektu<\/strong> jest wsparcie Politechniki Bia\u0142ostockiej w zakresie dzia\u0142a\u0144 podnosz\u0105cych kompetencje i kwalifikacje kadry kierowniczej lub zaanga\u017cowanej w procesy administrowania uczelni\u0105.<\/p>\n<p>Projekt zak\u0142ada realizacj\u0119 5 kompleksowych zada\u0144, kt\u00f3rych celem jest wzmocnienie potencja\u0142u administracyjnego PB poprzez rozw\u00f3j kompetencji: zarz\u0105dczych (dla kadry kierowniczej), cyfrowych, zielonotransformacyjnych, a tak\u017ce umiej\u0119tno\u015bci transwersalnych, analitycznych, merytorycznych i j\u0119zykowych.<\/p>\n<h4>ZADANIA:<\/h4>\n<ul>\n<li>Zadanie 1: Diagnoza i profilowanie kompetencji kadry administracyjnej i kierowniczej PB z wykorzystaniem narz\u0119dzi psychometrycznych<\/li>\n<li>Zadanie 2: Zielona Uczelnia 360\u00b0<\/li>\n<li>Zadanie 3: Cyfrowa Administracja 360\u00b0<\/li>\n<li>Zadanie 4: Liderzy Uczelni \u2013 Kompetencje Zarz\u0105dcze dla Przysz\u0142o\u015bci PB<\/li>\n<li>Zadanie 5: Akademia Kompetencji 360\u00b0 \u2013 Analityka, Komunikacja, J\u0119zyk, Profesjonalizm<\/li>\n<\/ul>\n<h4>Grup\u0119 docelow\u0105 projektu stanowi\u0105 pracownicy PB zatrudnieni na podstawie UoP, kt\u00f3rzy nale\u017c\u0105 do jednej z dw\u00f3ch grup:<\/h4>\n<ol>\n<li>Kadra kierownicza uczelni, czyli osoby pe\u0142ni\u0105ce funkcje kierownicze zgodnie ze struktur\u0105 organizacyjn\u0105 uczelni.<\/li>\n<li>Kadra zaanga\u017cowana w procesy administrowania uczelni\u0105, czyli osoby zatrudnione na uczelni wykonuj\u0105ce zadania o charakterze administracyjnym lub technicznym, w tym zar\u00f3wno pracownicy administracyjni, jak i nauczyciele akademiccy zaanga\u017cowani w procesy zarz\u0105dczo-organizacyjne.<\/li>\n<\/ol>\n<h4>W projekcie wsparcie otrzyma 150 uczestnik\u00f3w:<\/h4>\n<ul>\n<li>40 kadra kierownicza (25 K; 15 M),<\/li>\n<li>110 kadra administracyjna (67 K;43M).<\/li>\n<\/ul>\n<p><strong style=\"font-size: 1.5rem\">Okres realizacji projektu:<\/strong><span style=\"font-size: 1.5rem\"> 01.04.2026 r. \u2013 31.01.2029 r.<\/span><\/p>\n<p><strong>Warto\u015b\u0107 projektu:<\/strong> 2 989 551,50 z\u0142<\/p>\n<p><strong>Dofinansowanie:<\/strong> 2 896 500,00 z\u0142, w tym:<\/p>\n<p><strong>Dofinansowanie ze \u015brodk\u00f3w europejskich:<\/strong> 2 896 500,00 z\u0142, co stanowi 96,89 % wydatk\u00f3w kwalifikowalnych projektu.<\/p>\n<p>strona projektu: <a title=\"Strona otworzy si\u0119 w nowej karcie\" href=\"http:\/\/www.pb.edu.pl\/kompetencje360\" target=\"_blank\" rel=\"noopener\">www.pb.edu.pl\/kompetencje360<\/a><\/p>\n<hr>\n<h4><strong>Biuro Projektu:<\/strong><\/h4>\n<p>Biuro ds. Rozwoju i Program\u00f3w Mi\u0119dzynarodowych<br \/>\nPolitechnika Bia\u0142ostocka<br \/>\n15-351 Bia\u0142ystok<br \/>\nul. Wiejska 45 A, <strong>pok\u00f3j B1<br \/>\n<\/strong>85 746 91 63<br \/>\n85 746 93 37<\/p>\n<hr>\n<div class=\"panel-group\" id=\"custom-collapse-0\">\n<div class=\"panel panel-default\">\n\t\t\t\t<div class=\"panel-heading\">\n\t\t\t\t\t<div class=\"panel-title\">\n\t\t\t\t\t\t<a class=\"collapsed h4\" data-toggle=\"collapse\" data-parent=\"#custom-collapse-0\" href=\"#custom-collapse-0-0\">Informacja o mo\u017cliwo\u015bci zg\u0142aszania do Instytucji Zarz\u0105dzaj\u0105cej lub Instytucji Po\u015brednicz\u0105cej podejrzenia o niezgodno\u015bci Projektu lub dzia\u0142a\u0144 Beneficjenta z Konwencj\u0105 o prawach os\u00f3b niepe\u0142nosprawnych sporz\u0105dzon\u0105 w Nowym Jorku dnia 13 grudnia 2006 r. (Dz. U. z 2012 r. poz. 1169, z p\u00f3\u017an. zm.), zwanej dalej \u201eKPON\u201d<\/a>\n\t\t\t\t\t<\/div>\n\t\t\t\t<\/div>\n\t\t\t\t<div id=\"custom-collapse-0-0\" class=\"panel-collapse collapse\">\n\t\t\t\t\t<div class=\"panel-body\">\nSygna\u0142y, zg\u0142oszenia lub skargi dotycz\u0105ce wyst\u0105pienia niezgodno\u015bci projekt\u00f3w FERS z postanowieniami KPON mog\u0105 przekazywa\u0107 osoby fizyczne (uczestnicy projekt\u00f3w lub ich pe\u0142nomocnicy i przedstawiciele), instytucje uczestnicz\u0105ce we wdra\u017caniu funduszy Unii Europejskiej, strona spo\u0142eczna (stowarzyszenia, fundacje), za pomoc\u0105 (w ka\u017cdym poni\u017cszym przypadku uznaje si\u0119 zg\u0142oszenie za przekazane w formie pisemnej):<\/p>\n<ol>\n<li>poczty tradycyjnej &#8211; w formie listownej na adres ministerstwa: Ministerstwo Funduszy i Polityki Regionalnej, ul. Wsp\u00f3lna 2\/4, 00-926 Warszawa lub adres Instytucji Po\u015brednicz\u0105cej: Narodowe Centrum Bada\u0144 i Rozwoju, ul. Chmielna 69, 00-801 Warszawa,<\/li>\n<li>skrzynki nadawczej e-puap Ministerstwa Funduszy i Polityki Regionalnej lub Narodowego Centrum Bada\u0144 i Rozwoju.<\/li>\n<\/ol>\n<\/div>\n\t\t\t\t<\/div>\n\t\t\t<\/div>\n<\/div>\n","protected":false},"excerpt":{"rendered":"<p>Projekt \u201eKOMPETENCJE 360\u00b0 \u2013 Administracja wspieraj\u0105ca rozw\u00f3j nowoczesnej Politechniki Bia\u0142ostockiej\u201d (nr umowy FERS.01.05-IP.08-0318\/25-00) jest realizowany<\/p>\n","protected":false},"author":192,"featured_media":0,"parent":94,"menu_order":0,"comment_status":"closed","ping_status":"closed","template":"","meta":{"_acf_changed":false,"ngg_post_thumbnail":0,"footnotes":""},"class_list":["post-2904","page","type-page","status-publish","hentry"],"acf":[],"_links":{"self":[{"href":"https:\/\/pb.edu.pl\/brpm\/wp-json\/wp\/v2\/pages\/2904","targetHints":{"allow":["GET"]}}],"collection":[{"href":"https:\/\/pb.edu.pl\/brpm\/wp-json\/wp\/v2\/pages"}],"about":[{"href":"https:\/\/pb.edu.pl\/brpm\/wp-json\/wp\/v2\/types\/page"}],"author":[{"embeddable":true,"href":"https:\/\/pb.edu.pl\/brpm\/wp-json\/wp\/v2\/users\/192"}],"replies":[{"embeddable":true,"href":"https:\/\/pb.edu.pl\/brpm\/wp-json\/wp\/v2\/comments?post=2904"}],"version-history":[{"count":1,"href":"https:\/\/pb.edu.pl\/brpm\/wp-json\/wp\/v2\/pages\/2904\/revisions"}],"predecessor-version":[{"id":2996,"href":"https:\/\/pb.edu.pl\/brpm\/wp-json\/wp\/v2\/pages\/2904\/revisions\/2996"}],"up":[{"embeddable":true,"href":"https:\/\/pb.edu.pl\/brpm\/wp-json\/wp\/v2\/pages\/94"}],"wp:attachment":[{"href":"https:\/\/pb.edu.pl\/brpm\/wp-json\/wp\/v2\/media?parent=2904"}],"curies":[{"name":"wp","href":"https:\/\/api.w.org\/{rel}","templated":true}]}}

KOMPETENCJE 360° – Administracja wspierająca rozwój nowoczesnej Politechniki Białostockiej

<p><img loading="lazy" decoding="async" class="aligncenter size-full wp-image-898" src="https://pb.edu.pl/pb5/wp-content/uploads/sites/131/2024/07/image007.png" alt="loga związane z projektem" width="1440" height="186"></p>
<h2><strong>Projekt „KOMPETENCJE 360° – Administracja wspierająca rozwój nowoczesnej Politechniki Białostockiej”</strong> (nr umowy FERS.01.05-IP.08-0318/25-00) jest realizowany w ramach programu Fundusze Europejskie dla Rozwoju Społecznego 2021-2027 współfinansowanego ze środków Europejskiego Funduszu Społecznego Plus.</h2>
<p><strong>Celem głównym projektu</strong> jest wsparcie Politechniki Białostockiej w zakresie działań podnoszących kompetencje i kwalifikacje kadry kierowniczej lub zaangażowanej w procesy administrowania uczelnią.</p>
<p>Projekt zakłada realizację 5 kompleksowych zadań, których celem jest wzmocnienie potencjału administracyjnego PB poprzez rozwój kompetencji: zarządczych (dla kadry kierowniczej), cyfrowych, zielonotransformacyjnych, a także umiejętności transwersalnych, analitycznych, merytorycznych i językowych.</p>
<h4>ZADANIA:</h4>
<ul>
<li>Zadanie 1: Diagnoza i profilowanie kompetencji kadry administracyjnej i kierowniczej PB z wykorzystaniem narzędzi psychometrycznych</li>
<li>Zadanie 2: Zielona Uczelnia 360°</li>
<li>Zadanie 3: Cyfrowa Administracja 360°</li>
<li>Zadanie 4: Liderzy Uczelni – Kompetencje Zarządcze dla Przyszłości PB</li>
<li>Zadanie 5: Akademia Kompetencji 360° – Analityka, Komunikacja, Język, Profesjonalizm</li>
</ul>
<h4>Grupę docelową projektu stanowią pracownicy PB zatrudnieni na podstawie UoP, którzy należą do jednej z dwóch grup:</h4>
<ol>
<li>Kadra kierownicza uczelni, czyli osoby pełniące funkcje kierownicze zgodnie ze strukturą organizacyjną uczelni.</li>
<li>Kadra zaangażowana w procesy administrowania uczelnią, czyli osoby zatrudnione na uczelni wykonujące zadania o charakterze administracyjnym lub technicznym, w tym zarówno pracownicy administracyjni, jak i nauczyciele akademiccy zaangażowani w procesy zarządczo-organizacyjne.</li>
</ol>
<h4>W projekcie wsparcie otrzyma 150 uczestników:</h4>
<ul>
<li>40 kadra kierownicza (25 K; 15 M),</li>
<li>110 kadra administracyjna (67 K;43M).</li>
</ul>
<p><strong style="font-size: 1.5rem">Okres realizacji projektu:</strong><span style="font-size: 1.5rem"> 01.04.2026 r. – 31.01.2029 r.</span></p>
<p><strong>Wartość projektu:</strong> 2 989 551,50 zł</p>
<p><strong>Dofinansowanie:</strong> 2 896 500,00 zł, w tym:</p>
<p><strong>Dofinansowanie ze środków europejskich:</strong> 2 896 500,00 zł, co stanowi 96,89 % wydatków kwalifikowalnych projektu.</p>
<p>strona projektu: <a title="Strona otworzy się w nowej karcie" href="http://www.pb.edu.pl/kompetencje360" target="_blank" rel="noopener">www.pb.edu.pl/kompetencje360</a></p>
<hr>
<h4><strong>Biuro Projektu:</strong></h4>
<p>Biuro ds. Rozwoju i Programów Międzynarodowych<br />
Politechnika Białostocka<br />
15-351 Białystok<br />
ul. Wiejska 45 A, <strong>pokój B1<br />
</strong>85 746 91 63<br />
85 746 93 37</p>
<hr>
<div class="panel-group" id="custom-collapse-0">
<div class="panel panel-default">
				<div class="panel-heading">
					<div class="panel-title">
						<a class="collapsed h4" data-toggle="collapse" data-parent="#custom-collapse-0" href="#custom-collapse-0-0">Informacja o możliwości zgłaszania do Instytucji Zarządzającej lub Instytucji Pośredniczącej podejrzenia o niezgodności Projektu lub działań Beneficjenta z Konwencją o prawach osób niepełnosprawnych sporządzoną w Nowym Jorku dnia 13 grudnia 2006 r. (Dz. U. z 2012 r. poz. 1169, z późn. zm.), zwanej dalej „KPON”</a>
					</div>
				</div>
				<div id="custom-collapse-0-0" class="panel-collapse collapse">
					<div class="panel-body">
Sygnały, zgłoszenia lub skargi dotyczące wystąpienia niezgodności projektów FERS z postanowieniami KPON mogą przekazywać osoby fizyczne (uczestnicy projektów lub ich pełnomocnicy i przedstawiciele), instytucje uczestniczące we wdrażaniu funduszy Unii Europejskiej, strona społeczna (stowarzyszenia, fundacje), za pomocą (w każdym poniższym przypadku uznaje się zgłoszenie za przekazane w formie pisemnej):</p>
<ol>
<li>poczty tradycyjnej &#8211; w formie listownej na adres ministerstwa: Ministerstwo Funduszy i Polityki Regionalnej, ul. Wspólna 2/4, 00-926 Warszawa lub adres Instytucji Pośredniczącej: Narodowe Centrum Badań i Rozwoju, ul. Chmielna 69, 00-801 Warszawa,</li>
<li>skrzynki nadawczej e-puap Ministerstwa Funduszy i Polityki Regionalnej lub Narodowego Centrum Badań i Rozwoju.</li>
</ol>
</div>
				</div>
			</div>
</div>

<p>Projekt „KOMPETENCJE 360° – Administracja wspierająca rozwój nowoczesnej Politechniki Białostockiej” (nr umowy FERS.01.05-IP.08-0318/25-00) jest realizowany</p>
