{"id":289,"date":"2018-05-06T21:36:23","date_gmt":"2018-05-06T19:36:23","guid":{"rendered":"https:\/\/pb.edu.pl\/brpm\/?page_id=289"},"modified":"2022-01-10T09:04:13","modified_gmt":"2022-01-10T08:04:13","slug":"projekt-najlepsi-z-najlepszych-sumomasters-rozwoj-autonomicznych-robotow-klasy-mega-sumo-poprzez-modernizacje-i-implementacje-innowacyjnych-rozwiazan-oraz-udzial-w-miedzynarodowych-zawodach-r","status":"publish","type":"page","link":"https:\/\/pb.edu.pl\/brpm\/projekty-pb\/programy-ue\/projekty-zrealizowane\/projekt-najlepsi-z-najlepszych-sumomasters-rozwoj-autonomicznych-robotow-klasy-mega-sumo-poprzez-modernizacje-i-implementacje-innowacyjnych-rozwiazan-oraz-udzial-w-miedzynarodowych-zawodach-r\/","title":{"rendered":"Najlepsi z Najlepszych! 2.0"},"content":{"rendered":"<p><img loading=\"lazy\" decoding=\"async\" width=\"1190\" height=\"150\" class=\"aligncenter size-full wp-image-262\" src=\"https:\/\/pb.edu.pl\/brpm\/wp-content\/uploads\/sites\/6\/2018\/05\/UE-fundusze-wiedza-edukacja.jpg\" alt=\"UE\" srcset=\"https:\/\/pb.edu.pl\/brpm\/wp-content\/uploads\/sites\/6\/2018\/05\/UE-fundusze-wiedza-edukacja.jpg 1190w, https:\/\/pb.edu.pl\/brpm\/wp-content\/uploads\/sites\/6\/2018\/05\/UE-fundusze-wiedza-edukacja-300x38.jpg 300w, https:\/\/pb.edu.pl\/brpm\/wp-content\/uploads\/sites\/6\/2018\/05\/UE-fundusze-wiedza-edukacja-768x97.jpg 768w, https:\/\/pb.edu.pl\/brpm\/wp-content\/uploads\/sites\/6\/2018\/05\/UE-fundusze-wiedza-edukacja-1024x129.jpg 1024w\" sizes=\"auto, (max-width: 1190px) 100vw, 1190px\" \/><\/p>\n<h2>\u201eSumoMasters-rozw\u00f3j autonomicznych robot\u00f3w klasy Mega Sumo poprzez modernizacj\u0119 i implementacj\u0119 innowacyjnych rozwi\u0105za\u0144 oraz udzia\u0142 w mi\u0119dzynarodowych zawodach robotycznych i konferencjach naukowych\u201d. Projekt uzyska\u0142 finansowanie z osi priorytetowej III. Szkolnictwo wy\u017csze dla gospodarki i rozwoju, Dzia\u0142ania 3.3 Umi\u0119dzynarodowianie polskiego&nbsp; szkolnictwa wy\u017cszego &nbsp;Programu Operacyjnego Wiedza Edukacja Rozw\u00f3j 2014-2020 w ramach zaproszenia Ministra Nauki i Szkolnictwa Wy\u017cszego do sk\u0142adania ofert na projekty pozakonkursowe o charakterze koncepcyjnym pt. \u201dNajlepsi z najlepszych!2.0.\u201d<\/h2>\n<p><strong>Cel projektu:<\/strong> G\u0142\u00f3wnym celem projektu jest udzia\u0142 w 29 edycji najwa\u017cniejszych zawod\u00f3w robot\u00f3w Sumo, International All Japan Robot-Sumo Tournament, kt\u00f3re odbywaj\u0105 si\u0119 pod koniec ka\u017cdego roku w Tokio.<\/p>\n<p>Dodatkowo w ramach projektu prezentowane b\u0119d\u0105 aspekty naukowe przygotowanej konstrukcji, jej rozw\u00f3j, problemy techniczne i spos\u00f3b ich rozwi\u0105zywania, wprowadzone algorytmy sterowania, prowadzone badania nad stosowanymi czujnikami, analiza wp\u0142ywu pola magnetycznego w zale\u017cno\u015bci od typu i ilo\u015bci magnes\u00f3w na sterowanie robota. Zesp\u00f3\u0142 planuje r\u00f3wnie\u017c dalszy rozw\u00f3j i modernizacj\u0119 konstrukcji.<\/p>\n<p><strong>Czas trwania projektu:<\/strong> od: 2017-07-25 do: 2018-07-24<\/p>\n<p><strong>Ca\u0142kowita warto\u015b\u0107 projektu:<\/strong> 225&nbsp;000,00 z\u0142<\/p>\n<p><strong>Kwota dofinansowania z UE:<\/strong> 189&nbsp;630,00 z\u0142<\/p>\n<p><strong>Kwota dofinansowania ze \u015brodk\u00f3w bud\u017cetu pa\u0144stwa:<\/strong> 35&nbsp;370,00 z\u0142<\/p>\n<p><strong>Charakterystyka projektu:<\/strong><br \/>\nProjekt ma za zadanie umo\u017cliwi\u0107 studentom Wydzia\u0142u Mechanicznego Politechniki Bia\u0142ostockiej udzia\u0142 w najbardziej presti\u017cowych zawodach o tematyce robotycznej w kategorii Mega Sumo. W sk\u0142ada zespo\u0142u projektowego wchodzi 7 student\u00f3w II stopnia Automatyki i Robotyki, cz\u0142onk\u00f3w Ko\u0142a Naukowego Robotyk\u00f3w oraz opiekun. Ca\u0142y projekt zak\u0142ada 9 zada\u0144: 8 zawod\u00f3w i 1 konferencja na zako\u0144czenie. S\u0105 to:<\/p>\n<ol>\n<li>Mi\u0119dzynarodowe zawody robotyczne RobotChallenge 2017, Pekin, Chiny<\/li>\n<li>Mi\u0119dzynarodowe zawody robotyczne RoboChallenge 2017, Bukareszt, Rumunia<\/li>\n<li>Mi\u0119dzynarodowe zawody robotyczne International All Japan Robot-Sumo Tournament 2017, Tokio, Japonia<\/li>\n<li>Mi\u0119dzynarodowe zawody robotyczne Robotiada 2018, Wilno, Litwa<\/li>\n<li>Mi\u0119dzynarodowe zawody robotyczne RoboGames 2018, Pleasanton, CA, USA<\/li>\n<li>Mi\u0119dzynarodowe zawody robotyczne BattleLab Robotica 2018, Cluj-Napoca, Rumunia<\/li>\n<li>Mi\u0119dzynarodowe zawody robotyczne RoboTEC 2018, Timi\u0219oara, Rumunia<\/li>\n<li>Mi\u0119dzynarodowe zawody robotyczne Robotic Tournament 2018, Rybnik, Polska<\/li>\n<li>Mi\u0119dzynarodowa konferencja: 14th International Conference Mechatronic Systems and Materials 2018, Zakopane 2018<\/li>\n<\/ol>\n<p>Dzi\u0119ki dzia\u0142aniom zaplanowanym w projekcie zesp\u00f3\u0142 projektowy rozwinie swoj\u0105 wiedz\u0119 na temat konstruowania i programowania autonomicznych robot\u00f3w, oraz b\u0119dzie mia\u0142 mo\u017cliwo\u015b\u0107 zaprezentowania nabytych do\u015bwiadcze\u0144 podczas konferencji naukowych.<\/p>\n","protected":false},"excerpt":{"rendered":"<p>\u201eSumoMasters-rozw\u00f3j autonomicznych robot\u00f3w klasy Mega Sumo poprzez modernizacj\u0119 i implementacj\u0119 innowacyjnych rozwi\u0105za\u0144 oraz udzia\u0142 w<\/p>\n","protected":false},"author":2,"featured_media":0,"parent":89,"menu_order":15,"comment_status":"closed","ping_status":"closed","template":"","meta":{"_acf_changed":false,"ngg_post_thumbnail":0,"footnotes":""},"class_list":["post-289","page","type-page","status-publish","hentry"],"acf":[],"_links":{"self":[{"href":"https:\/\/pb.edu.pl\/brpm\/wp-json\/wp\/v2\/pages\/289","targetHints":{"allow":["GET"]}}],"collection":[{"href":"https:\/\/pb.edu.pl\/brpm\/wp-json\/wp\/v2\/pages"}],"about":[{"href":"https:\/\/pb.edu.pl\/brpm\/wp-json\/wp\/v2\/types\/page"}],"author":[{"embeddable":true,"href":"https:\/\/pb.edu.pl\/brpm\/wp-json\/wp\/v2\/users\/2"}],"replies":[{"embeddable":true,"href":"https:\/\/pb.edu.pl\/brpm\/wp-json\/wp\/v2\/comments?post=289"}],"version-history":[{"count":0,"href":"https:\/\/pb.edu.pl\/brpm\/wp-json\/wp\/v2\/pages\/289\/revisions"}],"up":[{"embeddable":true,"href":"https:\/\/pb.edu.pl\/brpm\/wp-json\/wp\/v2\/pages\/89"}],"wp:attachment":[{"href":"https:\/\/pb.edu.pl\/brpm\/wp-json\/wp\/v2\/media?parent=289"}],"curies":[{"name":"wp","href":"https:\/\/api.w.org\/{rel}","templated":true}]}}