{"id":2796,"date":"2025-07-23T22:22:41","date_gmt":"2025-07-23T20:22:41","guid":{"rendered":"https:\/\/pb.edu.pl\/brpm\/?page_id=2796"},"modified":"2025-08-18T18:58:32","modified_gmt":"2025-08-18T16:58:32","slug":"wtorne-wykorzystanie-lopat-turbin-wiatrowych-do-budowy-ekranow-akustycznych-jako-przyklad-gospodarki-o-obiegu-zamknietym","status":"publish","type":"page","link":"https:\/\/pb.edu.pl\/brpm\/projekty-pb\/programy-ue\/projekty-realizowane\/wtorne-wykorzystanie-lopat-turbin-wiatrowych-do-budowy-ekranow-akustycznych-jako-przyklad-gospodarki-o-obiegu-zamknietym\/","title":{"rendered":"Wt\u00f3rne wykorzystanie \u0142opat turbin wiatrowych do budowy ekran\u00f3w akustycznych jako przyk\u0142ad gospodarki o obiegu zamkni\u0119tym"},"content":{"rendered":"<p>&nbsp;<\/p>\n<p><img loading=\"lazy\" decoding=\"async\" src=\"https:\/\/pb.edu.pl\/brpm\/wp-content\/uploads\/sites\/6\/2025\/06\/FedP_logo-1140px.png\" alt=\"loga wymagane do projektu: UE, PL, podlaskie\" width=\"1140\" height=\"129\" class=\"aligncenter size-full wp-image-2744\" srcset=\"https:\/\/pb.edu.pl\/brpm\/wp-content\/uploads\/sites\/6\/2025\/06\/FedP_logo-1140px.png 1140w, https:\/\/pb.edu.pl\/brpm\/wp-content\/uploads\/sites\/6\/2025\/06\/FedP_logo-1140px-300x34.png 300w, https:\/\/pb.edu.pl\/brpm\/wp-content\/uploads\/sites\/6\/2025\/06\/FedP_logo-1140px-1024x116.png 1024w, https:\/\/pb.edu.pl\/brpm\/wp-content\/uploads\/sites\/6\/2025\/06\/FedP_logo-1140px-768x87.png 768w\" sizes=\"auto, (max-width: 1140px) 100vw, 1140px\" \/><\/p>\n<h1>Wt\u00f3rne wykorzystanie \u0142opat turbin wiatrowych do budowy ekran\u00f3w akustycznych jako przyk\u0142ad gospodarki o obiegu zamkni\u0119tym<\/h1>\n<p>Projekt zak\u0142ada wykorzystanie zu\u017cytych \u0142opat turbin wiatrowych do produkcji ekran\u00f3w akustycznych, wpisuj\u0105c si\u0119 w ide\u0119 gospodarki o obiegu zamkni\u0119tym. Nowe ekrany maj\u0105 by\u0107 trwa\u0142e, odporne na warunki \u015brodowiskowe i ekologiczne. W por\u00f3wnaniu do betonowych alternatyw, pozwol\u0105 na znaczne ograniczenie emisji CO\u2082 i zu\u017cycia energii.<\/p>\n<p><strong>Kierownik projektu:<\/strong> dr hab. in\u017c. Miros\u0142aw Broniewicz, prof. PB z Katedry Konstrukcji Budowlanych i Mechaniki Budowli Wydzia\u0142u Budownictwa i Nauk o \u015arodowisku Politechniki Bia\u0142ostockiej<\/p>\n<p><strong>Warto\u015b\u0107 projektu:<\/strong> 80 147,48 z\u0142<\/p>\n<p><strong>Ca\u0142kowita warto\u015b\u0107 projektu:<\/strong> 89 381,00 z\u0142<\/p>\n<p><strong>Okres realizacji projektu:<\/strong> 01.05.2025-30.10.2026<\/p>\n","protected":false},"excerpt":{"rendered":"<p>&nbsp; Wt\u00f3rne wykorzystanie \u0142opat turbin wiatrowych do budowy ekran\u00f3w akustycznych jako przyk\u0142ad gospodarki o obiegu<\/p>\n","protected":false},"author":2,"featured_media":0,"parent":94,"menu_order":0,"comment_status":"closed","ping_status":"closed","template":"templates\/dzial.php","meta":{"_acf_changed":false,"ngg_post_thumbnail":0,"footnotes":""},"class_list":["post-2796","page","type-page","status-publish","hentry"],"acf":[],"_links":{"self":[{"href":"https:\/\/pb.edu.pl\/brpm\/wp-json\/wp\/v2\/pages\/2796","targetHints":{"allow":["GET"]}}],"collection":[{"href":"https:\/\/pb.edu.pl\/brpm\/wp-json\/wp\/v2\/pages"}],"about":[{"href":"https:\/\/pb.edu.pl\/brpm\/wp-json\/wp\/v2\/types\/page"}],"author":[{"embeddable":true,"href":"https:\/\/pb.edu.pl\/brpm\/wp-json\/wp\/v2\/users\/2"}],"replies":[{"embeddable":true,"href":"https:\/\/pb.edu.pl\/brpm\/wp-json\/wp\/v2\/comments?post=2796"}],"version-history":[{"count":0,"href":"https:\/\/pb.edu.pl\/brpm\/wp-json\/wp\/v2\/pages\/2796\/revisions"}],"up":[{"embeddable":true,"href":"https:\/\/pb.edu.pl\/brpm\/wp-json\/wp\/v2\/pages\/94"}],"wp:attachment":[{"href":"https:\/\/pb.edu.pl\/brpm\/wp-json\/wp\/v2\/media?parent=2796"}],"curies":[{"name":"wp","href":"https:\/\/api.w.org\/{rel}","templated":true}]}}

Wtórne wykorzystanie łopat turbin wiatrowych do budowy ekranów akustycznych jako przykład gospodarki o obiegu zamkniętym

<p>&nbsp;</p>
<p><img loading="lazy" decoding="async" src="https://pb.edu.pl/brpm/wp-content/uploads/sites/6/2025/06/FedP_logo-1140px.png" alt="loga wymagane do projektu: UE, PL, podlaskie" width="1140" height="129" class="aligncenter size-full wp-image-2744" srcset="https://pb.edu.pl/brpm/wp-content/uploads/sites/6/2025/06/FedP_logo-1140px.png 1140w, https://pb.edu.pl/brpm/wp-content/uploads/sites/6/2025/06/FedP_logo-1140px-300x34.png 300w, https://pb.edu.pl/brpm/wp-content/uploads/sites/6/2025/06/FedP_logo-1140px-1024x116.png 1024w, https://pb.edu.pl/brpm/wp-content/uploads/sites/6/2025/06/FedP_logo-1140px-768x87.png 768w" sizes="auto, (max-width: 1140px) 100vw, 1140px" /></p>
<h1>Wtórne wykorzystanie łopat turbin wiatrowych do budowy ekranów akustycznych jako przykład gospodarki o obiegu zamkniętym</h1>
<p>Projekt zakłada wykorzystanie zużytych łopat turbin wiatrowych do produkcji ekranów akustycznych, wpisując się w ideę gospodarki o obiegu zamkniętym. Nowe ekrany mają być trwałe, odporne na warunki środowiskowe i ekologiczne. W porównaniu do betonowych alternatyw, pozwolą na znaczne ograniczenie emisji CO₂ i zużycia energii.</p>
<p><strong>Kierownik projektu:</strong> dr hab. inż. Mirosław Broniewicz, prof. PB z Katedry Konstrukcji Budowlanych i Mechaniki Budowli Wydziału Budownictwa i Nauk o Środowisku Politechniki Białostockiej</p>
<p><strong>Wartość projektu:</strong> 80 147,48 zł</p>
<p><strong>Całkowita wartość projektu:</strong> 89 381,00 zł</p>
<p><strong>Okres realizacji projektu:</strong> 01.05.2025-30.10.2026</p>

<p>&nbsp; Wtórne wykorzystanie łopat turbin wiatrowych do budowy ekranów akustycznych jako przykład gospodarki o obiegu</p>
