{"id":2766,"date":"2025-07-23T18:29:40","date_gmt":"2025-07-23T16:29:40","guid":{"rendered":"https:\/\/pb.edu.pl\/brpm\/?page_id=2766"},"modified":"2025-08-18T18:48:47","modified_gmt":"2025-08-18T16:48:47","slug":"komputerowo-wspomagane-projektowania-i-wytwarzania-gorsetow-ortopedycznych","status":"publish","type":"page","link":"https:\/\/pb.edu.pl\/brpm\/projekty-pb\/programy-ue\/projekty-realizowane\/komputerowo-wspomagane-projektowania-i-wytwarzania-gorsetow-ortopedycznych\/","title":{"rendered":"Rozw\u00f3j technologii komputerowo wspomaganego projektowania i wytwarzania gorset\u00f3w ortopedycznych do leczenia skoliozy u dzieci i m\u0142odzie\u017cy"},"content":{"rendered":"<p>&nbsp;<\/p>\n<p><img loading=\"lazy\" decoding=\"async\" src=\"https:\/\/pb.edu.pl\/brpm\/wp-content\/uploads\/sites\/6\/2025\/06\/FedP_logo-1140px.png\" alt=\"loga wymagane do projektu: UE, PL, podlaskie\" width=\"1140\" height=\"129\" class=\"aligncenter size-full wp-image-2744\" srcset=\"https:\/\/pb.edu.pl\/brpm\/wp-content\/uploads\/sites\/6\/2025\/06\/FedP_logo-1140px.png 1140w, https:\/\/pb.edu.pl\/brpm\/wp-content\/uploads\/sites\/6\/2025\/06\/FedP_logo-1140px-300x34.png 300w, https:\/\/pb.edu.pl\/brpm\/wp-content\/uploads\/sites\/6\/2025\/06\/FedP_logo-1140px-1024x116.png 1024w, https:\/\/pb.edu.pl\/brpm\/wp-content\/uploads\/sites\/6\/2025\/06\/FedP_logo-1140px-768x87.png 768w\" sizes=\"auto, (max-width: 1140px) 100vw, 1140px\" \/><\/p>\n<h1>Rozw\u00f3j technologii komputerowo wspomaganego projektowania i wytwarzania gorset\u00f3w ortopedycznych do leczenia skoliozy u dzieci i m\u0142odzie\u017cy<\/h1>\n<p>Projekt dotyczy opracowania nowoczesnej technologii komputerowego projektowania i wytwarzania gorset\u00f3w ortopedycznych do leczenia skoliozy u dzieci i m\u0142odzie\u017cy. System b\u0119dzie obejmowa\u0107 urz\u0105dzenia do korekcji tu\u0142owia, skanowania 3D, projektowania form gorset\u00f3w oraz ich wytwarzania z u\u017cyciem frezarki CNC. Celem jest stworzenie precyzyjnego, szybkiego i \u0142atwego w obs\u0142udze systemu, umo\u017cliwiaj\u0105cego indywidualne dopasowanie gorsetu do pacjenta. Efektem ko\u0144cowym b\u0119dzie kompletny zestaw narz\u0119dzi gotowy do wdro\u017cenia w pracowniach ortopedycznych.<\/p>\n<p><strong>Kierownik projektu:<\/strong> dr hab. in\u017c. Piotr Mrozek, prof. PB, kierownik Zak\u0142adu Biomechatroniki na Wydziale Mechanicznym Politechniki Bia\u0142ostockiej<\/p>\n<p><strong>Warto\u015b\u0107 projektu:<\/strong> 95 850,00 z\u0142<\/p>\n<p><strong>Ca\u0142kowita warto\u015b\u0107 projektu:<\/strong> 106 807,00 z\u0142<\/p>\n<p><strong>Okres realizacji projektu:<\/strong> 01.05.2025 &#8211; 30.10.2026<\/p>\n","protected":false},"excerpt":{"rendered":"<p>&nbsp; Rozw\u00f3j technologii komputerowo wspomaganego projektowania i wytwarzania gorset\u00f3w ortopedycznych do leczenia skoliozy u dzieci<\/p>\n","protected":false},"author":2,"featured_media":0,"parent":94,"menu_order":3,"comment_status":"closed","ping_status":"closed","template":"templates\/dzial.php","meta":{"_acf_changed":false,"ngg_post_thumbnail":0,"footnotes":""},"class_list":["post-2766","page","type-page","status-publish","hentry"],"acf":[],"_links":{"self":[{"href":"https:\/\/pb.edu.pl\/brpm\/wp-json\/wp\/v2\/pages\/2766","targetHints":{"allow":["GET"]}}],"collection":[{"href":"https:\/\/pb.edu.pl\/brpm\/wp-json\/wp\/v2\/pages"}],"about":[{"href":"https:\/\/pb.edu.pl\/brpm\/wp-json\/wp\/v2\/types\/page"}],"author":[{"embeddable":true,"href":"https:\/\/pb.edu.pl\/brpm\/wp-json\/wp\/v2\/users\/2"}],"replies":[{"embeddable":true,"href":"https:\/\/pb.edu.pl\/brpm\/wp-json\/wp\/v2\/comments?post=2766"}],"version-history":[{"count":0,"href":"https:\/\/pb.edu.pl\/brpm\/wp-json\/wp\/v2\/pages\/2766\/revisions"}],"up":[{"embeddable":true,"href":"https:\/\/pb.edu.pl\/brpm\/wp-json\/wp\/v2\/pages\/94"}],"wp:attachment":[{"href":"https:\/\/pb.edu.pl\/brpm\/wp-json\/wp\/v2\/media?parent=2766"}],"curies":[{"name":"wp","href":"https:\/\/api.w.org\/{rel}","templated":true}]}}