{"id":2350,"date":"2024-04-22T18:28:48","date_gmt":"2024-04-22T16:28:48","guid":{"rendered":"https:\/\/pb.edu.pl\/brpm\/?page_id=2350"},"modified":"2024-04-22T18:40:13","modified_gmt":"2024-04-22T16:40:13","slug":"zbudowanie-systemu-koordynacji-i-monitorowania-regionalnych-dzialan-na-rzecz-ksztalcenia-zawodowego","status":"publish","type":"page","link":"https:\/\/pb.edu.pl\/brpm\/projekty-pb\/programy-ue\/projekty-realizowane\/zbudowanie-systemu-koordynacji-i-monitorowania-regionalnych-dzialan-na-rzecz-ksztalcenia-zawodowego\/","title":{"rendered":"Zbudowanie systemu koordynacji i monitorowania &#8230;"},"content":{"rendered":"<h1>Zbudowanie systemu koordynacji i monitorowania regionalnych dzia\u0142a\u0144 na rzecz kszta\u0142cenia zawodowego, szkolnictwa wy\u017cszego oraz uczenia si\u0119 przez ca\u0142e \u017cycie, w tym uczenia si\u0119 doros\u0142ych<\/h1>\n<p><img loading=\"lazy\" decoding=\"async\" src=\"https:\/\/pb.edu.pl\/brpm\/wp-content\/uploads\/sites\/6\/2024\/04\/loga-projektu.jpg\" alt=\"\" width=\"945\" height=\"122\" class=\"aligncenter size-full wp-image-2355\" srcset=\"https:\/\/pb.edu.pl\/brpm\/wp-content\/uploads\/sites\/6\/2024\/04\/loga-projektu.jpg 945w, https:\/\/pb.edu.pl\/brpm\/wp-content\/uploads\/sites\/6\/2024\/04\/loga-projektu-300x39.jpg 300w, https:\/\/pb.edu.pl\/brpm\/wp-content\/uploads\/sites\/6\/2024\/04\/loga-projektu-768x99.jpg 768w\" sizes=\"auto, (max-width: 945px) 100vw, 945px\" \/><\/p>\n<p>Projekt \u201eZbudowanie systemu koordynacji i monitorowania regionalnych dzia\u0142a\u0144 na rzecz kszta\u0142cenia zawodowego, szkolnictwa wy\u017cszego oraz uczenia si\u0119 przez ca\u0142e \u017cycie, w tym uczenia si\u0119 doros\u0142ych\u201d realizowany w ramach Krajowego Planu Odbudowy i Zwi\u0119kszania Odporno\u015bci. <\/p>\n<p><strong>Cel szczeg\u00f3\u0142owy inwestycji KPO:<\/strong> Wdro\u017cenie innowacyjnych i trwa\u0142ych mechanizm\u00f3w wsp\u00f3\u0142pracy na gruncie kszta\u0142cenia zawodowego, szkolnictwa wy\u017cszego, uczenia si\u0119 przez ca\u0142e \u017cycie, sprzyjaj\u0105cych odporno\u015bci i doskona\u0142o\u015bci oraz cyfrowej i zielonej transformacji.<\/p>\n<p>Projekt umo\u017cliwi wsparcie wdra\u017cania, koordynacji i monitorowania Zintegrowanej Strategii Umiej\u0119tno\u015bci 2030 jako polityki publicznej na poziomie wojew\u00f3dztwa podlaskiego, co zostanie osi\u0105gni\u0119te przede wszystkim poprzez:<\/p>\n<ol>\n<li>wspieranie w wojew\u00f3dztwie realizacji polityki na rzecz rozwijania umiej\u0119tno\u015bci,<\/li>\n<li>skoordynowanie w wojew\u00f3dztwie dzia\u0142a\u0144 r\u00f3\u017cnych podmiot\u00f3w na rzecz rozwijania umiej\u0119tno\u015bci.<\/li>\n<\/ol>\n<p><strong>Sk\u0142ad Konsorcjum:<\/strong><br \/>\nWojew\u00f3dztwo Podlaskie \u2013 ostateczny odbiorca wsparcia<\/p>\n<ol>\n<li>Politechnika Bia\u0142ostocka<\/li>\n<li>Uniwersytet w Bia\u0142ymstoku<\/li>\n<li>Akademia Nauk Stosowanych w \u0141om\u017cy<\/li>\n<\/ol>\n<p><strong>Grupa docelowa<\/strong> \u2013 mieszka\u0144cy wojew\u00f3dztwa podlaskiego. <\/p>\n<p><strong>Koszt przedsi\u0119wzi\u0119cia:<\/strong> 6 393 600, 00 z\u0142 (w tym Politechnika Bia\u0142ostocka: 2 135 500,00 z\u0142). <\/p>\n","protected":false},"excerpt":{"rendered":"<p>Zbudowanie systemu koordynacji i monitorowania regionalnych dzia\u0142a\u0144 na rzecz kszta\u0142cenia zawodowego, szkolnictwa wy\u017cszego oraz uczenia<\/p>\n","protected":false},"author":2,"featured_media":0,"parent":94,"menu_order":3,"comment_status":"closed","ping_status":"closed","template":"templates\/dzial.php","meta":{"_acf_changed":false,"ngg_post_thumbnail":0,"footnotes":""},"class_list":["post-2350","page","type-page","status-publish","hentry"],"acf":[],"_links":{"self":[{"href":"https:\/\/pb.edu.pl\/brpm\/wp-json\/wp\/v2\/pages\/2350","targetHints":{"allow":["GET"]}}],"collection":[{"href":"https:\/\/pb.edu.pl\/brpm\/wp-json\/wp\/v2\/pages"}],"about":[{"href":"https:\/\/pb.edu.pl\/brpm\/wp-json\/wp\/v2\/types\/page"}],"author":[{"embeddable":true,"href":"https:\/\/pb.edu.pl\/brpm\/wp-json\/wp\/v2\/users\/2"}],"replies":[{"embeddable":true,"href":"https:\/\/pb.edu.pl\/brpm\/wp-json\/wp\/v2\/comments?post=2350"}],"version-history":[{"count":0,"href":"https:\/\/pb.edu.pl\/brpm\/wp-json\/wp\/v2\/pages\/2350\/revisions"}],"up":[{"embeddable":true,"href":"https:\/\/pb.edu.pl\/brpm\/wp-json\/wp\/v2\/pages\/94"}],"wp:attachment":[{"href":"https:\/\/pb.edu.pl\/brpm\/wp-json\/wp\/v2\/media?parent=2350"}],"curies":[{"name":"wp","href":"https:\/\/api.w.org\/{rel}","templated":true}]}}

<h1>Zbudowanie systemu koordynacji i monitorowania regionalnych działań na rzecz kształcenia zawodowego, szkolnictwa wyższego oraz uczenia się przez całe życie, w tym uczenia się dorosłych</h1>
<p><img loading="lazy" decoding="async" src="https://pb.edu.pl/brpm/wp-content/uploads/sites/6/2024/04/loga-projektu.jpg" alt="" width="945" height="122" class="aligncenter size-full wp-image-2355" srcset="https://pb.edu.pl/brpm/wp-content/uploads/sites/6/2024/04/loga-projektu.jpg 945w, https://pb.edu.pl/brpm/wp-content/uploads/sites/6/2024/04/loga-projektu-300x39.jpg 300w, https://pb.edu.pl/brpm/wp-content/uploads/sites/6/2024/04/loga-projektu-768x99.jpg 768w" sizes="auto, (max-width: 945px) 100vw, 945px" /></p>
<p>Projekt „Zbudowanie systemu koordynacji i monitorowania regionalnych działań na rzecz kształcenia zawodowego, szkolnictwa wyższego oraz uczenia się przez całe życie, w tym uczenia się dorosłych” realizowany w ramach Krajowego Planu Odbudowy i Zwiększania Odporności. </p>
<p><strong>Cel szczegółowy inwestycji KPO:</strong> Wdrożenie innowacyjnych i trwałych mechanizmów współpracy na gruncie kształcenia zawodowego, szkolnictwa wyższego, uczenia się przez całe życie, sprzyjających odporności i doskonałości oraz cyfrowej i zielonej transformacji.</p>
<p>Projekt umożliwi wsparcie wdrażania, koordynacji i monitorowania Zintegrowanej Strategii Umiejętności 2030 jako polityki publicznej na poziomie województwa podlaskiego, co zostanie osiągnięte przede wszystkim poprzez:</p>
<ol>
<li>wspieranie w województwie realizacji polityki na rzecz rozwijania umiejętności,</li>
<li>skoordynowanie w województwie działań różnych podmiotów na rzecz rozwijania umiejętności.</li>
</ol>
<p><strong>Skład Konsorcjum:</strong><br />
Województwo Podlaskie – ostateczny odbiorca wsparcia</p>
<ol>
<li>Politechnika Białostocka</li>
<li>Uniwersytet w Białymstoku</li>
<li>Akademia Nauk Stosowanych w Łomży</li>
</ol>
<p><strong>Grupa docelowa</strong> – mieszkańcy województwa podlaskiego. </p>
<p><strong>Koszt przedsięwzięcia:</strong> 6 393 600, 00 zł (w tym Politechnika Białostocka: 2 135 500,00 zł). </p>

<p>Zbudowanie systemu koordynacji i monitorowania regionalnych działań na rzecz kształcenia zawodowego, szkolnictwa wyższego oraz uczenia</p>
