{"id":1757,"date":"2023-01-12T10:58:04","date_gmt":"2023-01-12T09:58:04","guid":{"rendered":"https:\/\/pb.edu.pl\/brpm\/?page_id=1757"},"modified":"2023-01-12T10:58:04","modified_gmt":"2023-01-12T09:58:04","slug":"land-use","status":"publish","type":"page","link":"https:\/\/pb.edu.pl\/brpm\/projekty-pb\/programy-ue\/projekty-realizowane\/land-use\/","title":{"rendered":"Land Use"},"content":{"rendered":"<h2><img loading=\"lazy\" decoding=\"async\" class=\"aligncenter size-full wp-image-226\" src=\"https:\/\/pb.edu.pl\/brpm\/wp-content\/uploads\/sites\/6\/2018\/04\/Nano2all.png\" alt=\"logo programu operacyjnego UE\" width=\"318\" height=\"159\" srcset=\"https:\/\/pb.edu.pl\/brpm\/wp-content\/uploads\/sites\/6\/2018\/04\/Nano2all.png 318w, https:\/\/pb.edu.pl\/brpm\/wp-content\/uploads\/sites\/6\/2018\/04\/Nano2all-300x150.png 300w\" sizes=\"auto, (max-width: 318px) 100vw, 318px\" \/><\/h2>\n<h2><strong>Towards Sustainable Land-use Strategies in the Context of Climate Change and Biodiversity Challenges in Europe (LAND USE) <\/strong>(ID 101081307-2)<strong>,<\/strong> kt\u00f3rego Politechnika Bia\u0142ostocka jest Partnerem uzyska\u0142 finansowanie ze \u015brodk\u00f3w programu HORIZON EUROPE, akcja HORIZON-RIA HORIZON-CL5-2022-D1-01-03\u2013two-stage: Social science for land-use strategies in the context of climate change and biodiversity challenges.<\/h2>\n<p>Liderem projektu jest <strong>Hamburg University of Applied Sciences z Niemiec.<\/strong><\/p>\n<h3>Konsorcjum projektu tworzy 13 partner\u00f3w reprezentuj\u0105cych 12 kraj\u00f3w, a w jego sk\u0142ad wchodz\u0105:<\/h3>\n<ol>\n<li>Hamburg University of Applied Sciences (Niemcy),<\/li>\n<li>Aristotle University of Thessaloniki (Grecja),<\/li>\n<li>Estonian University of Life Sciences (Estonia),<\/li>\n<li>University of Copenhagen (Dania)<\/li>\n<li>University of Coimbra (Portugalia),<\/li>\n<li><strong>Bialystok University of Technology (Polska),<\/strong><\/li>\n<li>University of Bologna (W\u0142ochy),<\/li>\n<li>Romanian Academy (Rumunia)<\/li>\n<li>University of Latvia (\u0141otwa),<\/li>\n<li>Slovak University of Agriculture In Nitra (S\u0142owacja),<\/li>\n<li>University of Natural Resources And Life Sciences, Vienna (Austria),<\/li>\n<li>Leibniz-Institut Fuer Agrarentwicklung In Transformationsoekonomien (Niemcy),<\/li>\n<li>Charles University Prague (Czechy)<\/li>\n<\/ol>\n<p>Uwzgl\u0119dniaj\u0105c potrzeb\u0119 wdra\u017cania zr\u00f3wnowa\u017conych strategii u\u017cytkowania grunt\u00f3w projekt LAND-USE skupia si\u0119 na integracji nauk przyrodniczych i spo\u0142ecznych w celu okre\u015blenia, opracowania, przetestowania i wdro\u017cenia zintegrowanych narz\u0119dzi maj\u0105cych na celu usprawnienie procesu decyzyjnego&nbsp; dotycz\u0105cego &nbsp;zagospodarowania terenu, oraz budowania \u015bwiadomo\u015bci i zaanga\u017cowania interesariuszy w przeciwdzia\u0142aniu skutkom zmian klimatu i pokonywaniu wyzwa\u0144 wynikaj\u0105cych ze zmniejszania si\u0119 r\u00f3\u017cnorodno\u015bci biologicznej w Europie \u2013 wskazuje prof. Joanna Ejdys.<\/p>\n<p>W ramach projektu przewidziano 7 pakiet\u00f3w roboczych, w ramach kt\u00f3rych badacze z 12 kraj\u00f3w maj\u0105 zebra\u0107 wzorce u\u017cytkowanie grunt\u00f3w w Europie, zbada\u0107 \u015bwiadomo\u015b\u0107 kluczowych interesariuszy na temat zmian klimatu i r\u00f3\u017cnorodno\u015bci biologicznej, zebra\u0107 dane na temat pokrycia i u\u017cytkowania terenu oraz zaproponowa\u0107 holistyczne i systemowe podej\u015bcie do wykorzystania teren\u00f3w rolniczych w Europie \u2013 wyja\u015bnia prof. Piotr Banaszuk.<\/p>\n<h4>Zesp\u00f3\u0142 z Wydzia\u0142u Budownictwa i Nauk o \u015arodowiska pod kierunkiem prof. dr hab. Piotra Banaszuka b\u0119dzie odpowiedzialny za:<\/h4>\n<ul>\n<li>europejsk\u0105 inwentaryzacj\u0119 mokrade\u0142,<\/li>\n<li>charakterystyk\u0119 ich u\u017cytkowania<\/li>\n<li>opracowanie scenariuszy emisji gaz\u00f3w cieplarnianych z teren\u00f3w podmok\u0142ych u\u017cytkowanych rolniczo.<\/li>\n<\/ul>\n<h4>Zesp\u00f3\u0142 z Wydzia\u0142u In\u017cynierii Zarz\u0105dzania pod kierunkiem prof. dr hab. in\u017c. Joanny Ejdys b\u0119dzie odpowiedzialny w projekcie w szczeg\u00f3lno\u015bci za:<\/h4>\n<ul>\n<li>analiz\u0119 i ocen\u0119 instrument\u00f3w zwi\u0105zanych z decyzjami dotycz\u0105cymi zagospodarowania terenu;<\/li>\n<li>rozw\u00f3j metod i narz\u0119dzi umo\u017cliwiaj\u0105cych wielopoziomowe zaanga\u017cowanie interesariuszy w zr\u00f3wnowa\u017cone zarz\u0105dzanie u\u017cytkowaniem grunt\u00f3w;<\/li>\n<li>organizacj\u0119 warsztat\u00f3w maj\u0105cych na celu podnoszenie \u015bwiadomo\u015bci &nbsp;i generowanie najlepszych praktyk w zakresie zr\u00f3wnowa\u017conego zarz\u0105dzania u\u017cytkowaniem teren\u00f3w<\/li>\n<li>opracowanie studium przypadku wykorzystania bada\u0144 foresight na potrzeby budowy scenariuszy zwi\u0105zanych z antropogenicznymi zagro\u017ceniami Puszczy Bia\u0142owieskiej,<\/li>\n<li>opracowanie scenariuszy u\u017cytkowania teren\u00f3w z wykorzystaniem Scenario Exploration System.<\/li>\n<\/ul>\n<p>Zesp\u00f3\u0142 badawczy Politechniki Bia\u0142ostockiej tworz\u0105 pracownicy Wydzia\u0142u Budownictwa i Nauk o \u015arodowisku oraz Wydzia\u0142u In\u017cynierii Zarz\u0105dzania, a koordynatorami projektu s\u0105:<\/p>\n<ul>\n<li>prof. dr hab. Piotr Banaszuk,<\/li>\n<li>prof. dr hab. in\u017c. Joanna Ejdys.<\/li>\n<\/ul>\n<h5>Kluczowy zesp\u00f3\u0142 projektowy tworz\u0105:<\/h5>\n<p>Wydzia\u0142 Budownictwa i Nauk o \u015arodowiska:<\/p>\n<ul>\n<li>prof. dr hab. Piotr Banaszuk,<\/li>\n<li>dr in\u017c. Andrzej K. Kamocki,<\/li>\n<li>dr hab. Aleksander Ko\u0142os,<\/li>\n<li>dr in\u017c. Robert Czubaszek,<\/li>\n<li>dr in\u017c. Agnieszka Wysocka-Czubaszek.<\/li>\n<\/ul>\n<p>Wydzia\u0142 In\u017cynierii Zarz\u0105dzania:<\/p>\n<ul>\n<li>prof. dr hab. in\u017c. Joanna Ejdys,<\/li>\n<li>dr hab. in\u017c. Katarzyna Halicka,<\/li>\n<li>prof. PB, dr Anna Kononiuk,<\/li>\n<li>dr Andrzej Magruk,<\/li>\n<li>dr Joanna Godlewska,<\/li>\n<li>dr Danuta Szpilko,<\/li>\n<li>dr \u0141ukasz Nazarko.<\/li>\n<\/ul>\n<p><strong>Okres realizacji:<\/strong> 48 miesi\u0119cy.<\/p>\n<p><strong>Bud\u017cet projektu:<\/strong> 6,3 mln EUR, z czego bud\u017cet Politechniki Bia\u0142ostockiej wynosi 373 tys. EUR.<\/p>\n","protected":false},"excerpt":{"rendered":"<p>Towards Sustainable Land-use Strategies in the Context of Climate Change and Biodiversity Challenges in Europe<\/p>\n","protected":false},"author":33,"featured_media":0,"parent":94,"menu_order":0,"comment_status":"closed","ping_status":"closed","template":"","meta":{"_acf_changed":false,"ngg_post_thumbnail":0,"footnotes":""},"class_list":["post-1757","page","type-page","status-publish","hentry"],"acf":[],"_links":{"self":[{"href":"https:\/\/pb.edu.pl\/brpm\/wp-json\/wp\/v2\/pages\/1757","targetHints":{"allow":["GET"]}}],"collection":[{"href":"https:\/\/pb.edu.pl\/brpm\/wp-json\/wp\/v2\/pages"}],"about":[{"href":"https:\/\/pb.edu.pl\/brpm\/wp-json\/wp\/v2\/types\/page"}],"author":[{"embeddable":true,"href":"https:\/\/pb.edu.pl\/brpm\/wp-json\/wp\/v2\/users\/33"}],"replies":[{"embeddable":true,"href":"https:\/\/pb.edu.pl\/brpm\/wp-json\/wp\/v2\/comments?post=1757"}],"version-history":[{"count":0,"href":"https:\/\/pb.edu.pl\/brpm\/wp-json\/wp\/v2\/pages\/1757\/revisions"}],"up":[{"embeddable":true,"href":"https:\/\/pb.edu.pl\/brpm\/wp-json\/wp\/v2\/pages\/94"}],"wp:attachment":[{"href":"https:\/\/pb.edu.pl\/brpm\/wp-json\/wp\/v2\/media?parent=1757"}],"curies":[{"name":"wp","href":"https:\/\/api.w.org\/{rel}","templated":true}]}}