{"id":1746,"date":"2023-01-12T10:14:25","date_gmt":"2023-01-12T09:14:25","guid":{"rendered":"https:\/\/pb.edu.pl\/brpm\/?page_id=1746"},"modified":"2025-10-31T08:26:27","modified_gmt":"2025-10-31T07:26:27","slug":"via-carpatia","status":"publish","type":"page","link":"https:\/\/pb.edu.pl\/brpm\/projekty-pb\/programy-krajowe\/projekty-zrealizowane\/via-carpatia\/","title":{"rendered":"Politechniczna Sie\u0107 VIA CARPATIA im. Prezydenta RP Lecha Kaczy\u0144skiego"},"content":{"rendered":"<h2><img loading=\"lazy\" decoding=\"async\" class=\"alignleft wp-image-1748 size-medium\" src=\"https:\/\/pb.edu.pl\/brpm\/wp-content\/uploads\/sites\/6\/2023\/01\/01_znak_podstawowy_kolor_biale_tlo1-300x121.png\" alt=\"\" width=\"300\" height=\"121\" srcset=\"https:\/\/pb.edu.pl\/brpm\/wp-content\/uploads\/sites\/6\/2023\/01\/01_znak_podstawowy_kolor_biale_tlo1-300x121.png 300w, https:\/\/pb.edu.pl\/brpm\/wp-content\/uploads\/sites\/6\/2023\/01\/01_znak_podstawowy_kolor_biale_tlo1-1024x415.png 1024w, https:\/\/pb.edu.pl\/brpm\/wp-content\/uploads\/sites\/6\/2023\/01\/01_znak_podstawowy_kolor_biale_tlo1-768x311.png 768w, https:\/\/pb.edu.pl\/brpm\/wp-content\/uploads\/sites\/6\/2023\/01\/01_znak_podstawowy_kolor_biale_tlo1.png 1067w\" sizes=\"auto, (max-width: 300px) 100vw, 300px\" \/><img loading=\"lazy\" decoding=\"async\" class=\"size-medium wp-image-1747 alignright\" src=\"https:\/\/pb.edu.pl\/brpm\/wp-content\/uploads\/sites\/6\/2023\/01\/01_znak_podstawowy_kolor_biale_tlo-300x121.png\" alt=\"\" width=\"300\" height=\"121\" srcset=\"https:\/\/pb.edu.pl\/brpm\/wp-content\/uploads\/sites\/6\/2023\/01\/01_znak_podstawowy_kolor_biale_tlo-300x121.png 300w, https:\/\/pb.edu.pl\/brpm\/wp-content\/uploads\/sites\/6\/2023\/01\/01_znak_podstawowy_kolor_biale_tlo-1024x415.png 1024w, https:\/\/pb.edu.pl\/brpm\/wp-content\/uploads\/sites\/6\/2023\/01\/01_znak_podstawowy_kolor_biale_tlo-768x311.png 768w, https:\/\/pb.edu.pl\/brpm\/wp-content\/uploads\/sites\/6\/2023\/01\/01_znak_podstawowy_kolor_biale_tlo.png 1067w\" sizes=\"auto, (max-width: 300px) 100vw, 300px\" \/><\/h2>\n<h2>&nbsp;<\/h2>\n<h2>&nbsp;<\/h2>\n<h2>&nbsp;<\/h2>\n<h2>Zadanie pn. \u201ePolitechniczna Sie\u0107 VIA CARPATIA im. Prezydenta RP Lecha Kaczy\u0144skiego\u201d, polegaj\u0105ce na wykonaniu w obszarze szkolnictwa wy\u017cszego i nauki bada\u0144 naukowych, dzia\u0142a\u0144 zwi\u0105zanych z kszta\u0142ceniem student\u00f3w, prac rozwojowych, prac wdro\u017ceniowych oraz dzia\u0142a\u0144 popularyzatorskich skierowanych w szczeg\u00f3lno\u015bci do spo\u0142eczno\u015bci regionalnych i lokalnych tj. region\u00f3w Polski Wschodniej.<\/h2>\n<h4>Celem zadania jest rozw\u00f3j Politechnicznej Sieci VIA CARPATIA im. Prezydenta RP Lecha Kaczy\u0144skiego w obszarach Kszta\u0142cenie, Nauka i Komercjalizacja, tak aby dzi\u0119ki przenikaniu si\u0119 swoich potencja\u0142\u00f3w, Uczelnie stowarzyszone w niej sta\u0142y si\u0119 konkurencyjne na rynku\u015bwiatowym oraz znacz\u0105co podnosi\u0142y jako\u015b\u0107 \u017cycia spo\u0142ecze\u0144stwa, ze szczeg\u00f3lnym uwzgl\u0119dnieniem Polski Wschodniej.<\/h4>\n<div>W dniu 06 grudnia 2021 r. Politechnika Lubelska, Politechnika Rzeszowska oraz Politechnika Bia\u0142ostocka powo\u0142a\u0142y Politechniczn\u0105 Sie\u0107 VIA CARPATIA im. Prezydenta RP Lecha Kaczy\u0144skiego.<br \/>\nPolitechniczna Sie\u0107 VIA CARPATIA prowadzi wsp\u00f3lne dzia\u0142ania s\u0142u\u017c\u0105ce realizacji trzech misji wsp\u00f3\u0142czesnej uczelni:<\/div>\n<ol>\n<li>kszta\u0142cenia,<\/li>\n<li>dzia\u0142alno\u015bci naukowo-badawczej,<\/li>\n<li>kreowania wzajemnych relacji z otoczeniem spo\u0142eczno-gospodarczym,<\/li>\n<\/ol>\n<div>\n<div>w celu uzyskania efektu synergii po\u0142\u0105czonych potencja\u0142\u00f3w Uczelni Technicznych.<\/div>\n<div><strong>Termin realizacji zadania:<\/strong> 01.10.2022 \u2013 30.09.2025.<\/div>\n<div><strong>Bud\u017cet projektu:<\/strong> 10 990 546,00 z\u0142<\/div>\n<div>Finansowanie ze \u015brodk\u00f3w Ministerstwa Edukacji i Nauki na podstawie umowy nr MEiN\/2022\/DPI\/2577 z dnia 27.10.2022 r.<\/div>\n<div><a title=\"Strona otworzy si\u0119 w nowym oknie.\" href=\"https:\/\/pb.edu.pl\/via-carpatia\/\" target=\"_blank\" rel=\"noopener\">Strona projektu<\/a><\/div>\n<\/div>\n","protected":false},"excerpt":{"rendered":"<p>&nbsp; &nbsp; &nbsp; Zadanie pn. \u201ePolitechniczna Sie\u0107 VIA CARPATIA im. Prezydenta RP Lecha Kaczy\u0144skiego\u201d, polegaj\u0105ce<\/p>\n","protected":false},"author":65,"featured_media":0,"parent":1575,"menu_order":0,"comment_status":"closed","ping_status":"closed","template":"","meta":{"_acf_changed":false,"ngg_post_thumbnail":0,"footnotes":""},"class_list":["post-1746","page","type-page","status-publish","hentry"],"acf":[],"_links":{"self":[{"href":"https:\/\/pb.edu.pl\/brpm\/wp-json\/wp\/v2\/pages\/1746","targetHints":{"allow":["GET"]}}],"collection":[{"href":"https:\/\/pb.edu.pl\/brpm\/wp-json\/wp\/v2\/pages"}],"about":[{"href":"https:\/\/pb.edu.pl\/brpm\/wp-json\/wp\/v2\/types\/page"}],"author":[{"embeddable":true,"href":"https:\/\/pb.edu.pl\/brpm\/wp-json\/wp\/v2\/users\/65"}],"replies":[{"embeddable":true,"href":"https:\/\/pb.edu.pl\/brpm\/wp-json\/wp\/v2\/comments?post=1746"}],"version-history":[{"count":0,"href":"https:\/\/pb.edu.pl\/brpm\/wp-json\/wp\/v2\/pages\/1746\/revisions"}],"up":[{"embeddable":true,"href":"https:\/\/pb.edu.pl\/brpm\/wp-json\/wp\/v2\/pages\/1575"}],"wp:attachment":[{"href":"https:\/\/pb.edu.pl\/brpm\/wp-json\/wp\/v2\/media?parent=1746"}],"curies":[{"name":"wp","href":"https:\/\/api.w.org\/{rel}","templated":true}]}}