{"id":1740,"date":"2023-01-05T10:46:17","date_gmt":"2023-01-05T09:46:17","guid":{"rendered":"https:\/\/pb.edu.pl\/brpm\/?page_id=1740"},"modified":"2024-02-20T20:26:34","modified_gmt":"2024-02-20T19:26:34","slug":"podlascy-pasjonaci-nauki","status":"publish","type":"page","link":"https:\/\/pb.edu.pl\/brpm\/projekty-pb\/programy-krajowe\/projekty-zrealizowane\/podlascy-pasjonaci-nauki\/","title":{"rendered":"Podlascy pasjonaci nauki"},"content":{"rendered":"<p><img loading=\"lazy\" decoding=\"async\" class=\"aligncenter wp-image-1179\" src=\"https:\/\/pb.edu.pl\/brpm\/wp-content\/uploads\/sites\/6\/2021\/01\/znaki_strona_www-1024x341.png\" alt=\"Flaga Republiki Polski oraz God\u0142o Polski\" width=\"225\" height=\"75\" srcset=\"https:\/\/pb.edu.pl\/brpm\/wp-content\/uploads\/sites\/6\/2021\/01\/znaki_strona_www-1024x341.png 1024w, https:\/\/pb.edu.pl\/brpm\/wp-content\/uploads\/sites\/6\/2021\/01\/znaki_strona_www-300x100.png 300w, https:\/\/pb.edu.pl\/brpm\/wp-content\/uploads\/sites\/6\/2021\/01\/znaki_strona_www-768x256.png 768w, https:\/\/pb.edu.pl\/brpm\/wp-content\/uploads\/sites\/6\/2021\/01\/znaki_strona_www-1536x511.png 1536w, https:\/\/pb.edu.pl\/brpm\/wp-content\/uploads\/sites\/6\/2021\/01\/znaki_strona_www.png 1751w\" sizes=\"auto, (max-width: 225px) 100vw, 225px\" \/><\/p>\n<h2><strong>Projekt dofinansowany z bud\u017cetu Pa\u0144stwa przez Ministerstwo Edukacji i Nauki w ramach programu ,,Spo\u0142eczna odpowiedzialno\u015b\u0107 nauki\u201d, modu\u0142 Popularyzacja nauki i promocja sportu.<\/strong><\/h2>\n<h3>G\u0142\u00f3wnym celem projektu jest popularyzacja osi\u0105gni\u0119\u0107 naukowych, prac naukowc\u00f3w, bada\u0144 naukowych i prac rozwojowych naukowc\u00f3w Politechniki Bia\u0142ostockiej oraz promocja nauki. Odbiorcami projektu s\u0105: uczniowie wy\u017cszych klas szk\u00f3\u0142 podstawowych, uczniowie szk\u00f3\u0142 ponadpodstawowych, studenci, osoby zainteresowane nauk\u0105 i rozwojem nauki w Polsce, og\u00f3\u0142 spo\u0142ecze\u0144stwa.<\/h3>\n<p>Projekt ma na celu:<\/p>\n<ul>\n<li>przedstawi\u0107 naukowc\u00f3w jako pasjonat\u00f3w, ludzi ciekawych \u015bwiata, godnych na\u015bladowania, wzorc\u00f3w osobowych dla m\u0142odzie\u017cy<\/li>\n<li>informowa\u0107 o tocz\u0105cych si\u0119 kluczowych badaniach naukowych i ich mo\u017cliwym wp\u0142ywie na otoczenie gospodarcze i przemys\u0142owe<\/li>\n<li>prezentowa\u0107 dobra kultury jako integraln\u0105 cz\u0119\u015b\u0107 rozwoju intelektualnego cz\u0142owieka.<\/li>\n<\/ul>\n<p>Dzi\u0119ki publikowaniu w Internecie i promowaniu w mediach spo\u0142eczno\u015bciowych projekt uzyskuje niezwyk\u0142\u0105 warto\u015b\u0107 w postaci b\u0142yskawicznego badania spo\u0142ecznego oddzia\u0142ywania publikowanych tekst\u00f3w i nagra\u0144 wideo.<\/p>\n<p>Do osi\u0105gni\u0119cia za\u0142o\u017conych cel\u00f3w zostanie wykorzystany portal <strong>Geekstok.pl<\/strong><\/p>\n<p><strong>Ca\u0142kowita warto\u015b\u0107 projektu: 125&nbsp;900,00 z\u0142<\/strong><\/p>\n<p><strong>Dofinansowanie: 109&nbsp;900,00 z\u0142<\/strong><\/p>\n<p><strong>Termin realizacji: 29.11.2021 \u2013 29.11.2022<\/strong><\/p>\n","protected":false},"excerpt":{"rendered":"<p>Projekt dofinansowany z bud\u017cetu Pa\u0144stwa przez Ministerstwo Edukacji i Nauki w ramach programu ,,Spo\u0142eczna odpowiedzialno\u015b\u0107<\/p>\n","protected":false},"author":33,"featured_media":0,"parent":1575,"menu_order":0,"comment_status":"closed","ping_status":"closed","template":"","meta":{"_acf_changed":false,"ngg_post_thumbnail":0,"footnotes":""},"class_list":["post-1740","page","type-page","status-publish","hentry"],"acf":[],"_links":{"self":[{"href":"https:\/\/pb.edu.pl\/brpm\/wp-json\/wp\/v2\/pages\/1740","targetHints":{"allow":["GET"]}}],"collection":[{"href":"https:\/\/pb.edu.pl\/brpm\/wp-json\/wp\/v2\/pages"}],"about":[{"href":"https:\/\/pb.edu.pl\/brpm\/wp-json\/wp\/v2\/types\/page"}],"author":[{"embeddable":true,"href":"https:\/\/pb.edu.pl\/brpm\/wp-json\/wp\/v2\/users\/33"}],"replies":[{"embeddable":true,"href":"https:\/\/pb.edu.pl\/brpm\/wp-json\/wp\/v2\/comments?post=1740"}],"version-history":[{"count":0,"href":"https:\/\/pb.edu.pl\/brpm\/wp-json\/wp\/v2\/pages\/1740\/revisions"}],"up":[{"embeddable":true,"href":"https:\/\/pb.edu.pl\/brpm\/wp-json\/wp\/v2\/pages\/1575"}],"wp:attachment":[{"href":"https:\/\/pb.edu.pl\/brpm\/wp-json\/wp\/v2\/media?parent=1740"}],"curies":[{"name":"wp","href":"https:\/\/api.w.org\/{rel}","templated":true}]}}