{"id":1691,"date":"2022-11-30T10:44:25","date_gmt":"2022-11-30T09:44:25","guid":{"rendered":"https:\/\/pb.edu.pl\/brpm\/?page_id=1691"},"modified":"2023-04-03T08:28:57","modified_gmt":"2023-04-03T06:28:57","slug":"programy-miedzynarodowe","status":"publish","type":"page","link":"https:\/\/pb.edu.pl\/brpm\/biuro-ds-rozwoju-programow-miedzynarodowych\/dla-wnioskujacych\/programy-miedzynarodowe\/","title":{"rendered":"Programy mi\u0119dzynarodowe"},"content":{"rendered":"<table style=\"border-collapse: collapse;width: 100%;height: 304px\">\n<tbody>\n<tr style=\"height: 216px\">\n<td style=\"width: 32.8141%;height: 216px\"><img loading=\"lazy\" decoding=\"async\" class=\"alignleft size-thumbnail wp-image-1845\" src=\"https:\/\/pb.edu.pl\/brpm\/wp-content\/uploads\/sites\/6\/2023\/04\/NCBR_logo_PL-284x200.png\" alt=\"\" width=\"284\" height=\"200\"><\/td>\n<td style=\"width: 67.1859%;height: 216px\"><a title=\"Strona otworzy si\u0119 w nowym oknie\" href=\"https:\/\/www.gov.pl\/web\/ncbr\/programy--miedzynarodowe\" target=\"_blank\" rel=\"noopener\">Biuro Wsp\u00f3\u0142pracy Mi\u0119dzynarodowej<\/a><\/p>\n<p><a title=\"Strona otworzy si\u0119 w nowym oknie\" href=\"https:\/\/www.gov.pl\/web\/ncbr\/biuro-ncbr-w-brukseli\" target=\"_blank\" rel=\"noopener\">Biuro NCBR w Bruksel<\/a>i<\/p>\n<p><a title=\"Strona otworzy si\u0119 w nowym oknie\" href=\"http:\/\/www.kpk.gov.pl\" target=\"_blank\" rel=\"noopener\">Krajowy Punkt Kontaktowy<\/a><\/td>\n<\/tr>\n<tr style=\"height: 22px\">\n<td style=\"width: 32.8141%;height: 22px\"><img loading=\"lazy\" decoding=\"async\" class=\"alignleft wp-image-1846 size-full\" src=\"https:\/\/pb.edu.pl\/brpm\/wp-content\/uploads\/sites\/6\/2023\/04\/IBSR_Logo.jpg\" alt=\"\" width=\"893\" height=\"179\" srcset=\"https:\/\/pb.edu.pl\/brpm\/wp-content\/uploads\/sites\/6\/2023\/04\/IBSR_Logo.jpg 893w, https:\/\/pb.edu.pl\/brpm\/wp-content\/uploads\/sites\/6\/2023\/04\/IBSR_Logo-300x60.jpg 300w, https:\/\/pb.edu.pl\/brpm\/wp-content\/uploads\/sites\/6\/2023\/04\/IBSR_Logo-768x154.jpg 768w\" sizes=\"auto, (max-width: 893px) 100vw, 893px\" \/><\/td>\n<td style=\"width: 67.1859%;height: 22px\"><a title=\"Strona otworzy si\u0119 w nowym oknie\" href=\"https:\/\/interreg-baltic.eu\/\" target=\"_blank\" rel=\"noopener\">Interreg Morza Ba\u0142tyckiego<\/a><\/td>\n<\/tr>\n<tr style=\"height: 22px\">\n<td style=\"width: 32.8141%;height: 22px\"><img loading=\"lazy\" decoding=\"async\" class=\"alignleft size-medium wp-image-1847\" src=\"https:\/\/pb.edu.pl\/brpm\/wp-content\/uploads\/sites\/6\/2023\/04\/Logo-EN-v1-23-01-10-300x66.png\" alt=\"\" width=\"300\" height=\"66\" srcset=\"https:\/\/pb.edu.pl\/brpm\/wp-content\/uploads\/sites\/6\/2023\/04\/Logo-EN-v1-23-01-10-300x66.png 300w, https:\/\/pb.edu.pl\/brpm\/wp-content\/uploads\/sites\/6\/2023\/04\/Logo-EN-v1-23-01-10.png 626w\" sizes=\"auto, (max-width: 300px) 100vw, 300px\" \/><\/td>\n<td style=\"width: 67.1859%;height: 22px\"><a title=\"Strona otworzy si\u0119 w nowym oknie\" href=\"https:\/\/lietuva-polska.eu\/\" target=\"_blank\" rel=\"noopener\">Interreg Litwa-Polska<\/a><\/td>\n<\/tr>\n<tr style=\"height: 22px\">\n<td style=\"width: 32.8141%;height: 22px\"><img loading=\"lazy\" decoding=\"async\" class=\"alignleft size-medium wp-image-1848\" src=\"https:\/\/pb.edu.pl\/brpm\/wp-content\/uploads\/sites\/6\/2023\/04\/InterregCE-LOGO-standard-768x164-1-300x64.png\" alt=\"\" width=\"300\" height=\"64\" srcset=\"https:\/\/pb.edu.pl\/brpm\/wp-content\/uploads\/sites\/6\/2023\/04\/InterregCE-LOGO-standard-768x164-1-300x64.png 300w, https:\/\/pb.edu.pl\/brpm\/wp-content\/uploads\/sites\/6\/2023\/04\/InterregCE-LOGO-standard-768x164-1.png 768w\" sizes=\"auto, (max-width: 300px) 100vw, 300px\" \/><\/td>\n<td style=\"width: 67.1859%;height: 22px\"><a title=\"Strona otworzy si\u0119 w nowym oknie\" href=\"https:\/\/www.interreg-central.eu\/\" target=\"_blank\" rel=\"noopener\">Interreg Europa Centralna<\/a><\/td>\n<\/tr>\n<tr style=\"height: 22px\">\n<td style=\"width: 32.8141%;height: 22px\"><img loading=\"lazy\" decoding=\"async\" class=\"size-medium wp-image-1867 alignleft\" src=\"https:\/\/pb.edu.pl\/brpm\/wp-content\/uploads\/sites\/6\/2023\/04\/Interreg_Europe_High_res_1-1-300x66.jpg\" alt=\"\" width=\"300\" height=\"66\" srcset=\"https:\/\/pb.edu.pl\/brpm\/wp-content\/uploads\/sites\/6\/2023\/04\/Interreg_Europe_High_res_1-1-300x66.jpg 300w, https:\/\/pb.edu.pl\/brpm\/wp-content\/uploads\/sites\/6\/2023\/04\/Interreg_Europe_High_res_1-1-1024x225.jpg 1024w, https:\/\/pb.edu.pl\/brpm\/wp-content\/uploads\/sites\/6\/2023\/04\/Interreg_Europe_High_res_1-1-768x169.jpg 768w, https:\/\/pb.edu.pl\/brpm\/wp-content\/uploads\/sites\/6\/2023\/04\/Interreg_Europe_High_res_1-1-1536x338.jpg 1536w, https:\/\/pb.edu.pl\/brpm\/wp-content\/uploads\/sites\/6\/2023\/04\/Interreg_Europe_High_res_1-1-2048x451.jpg 2048w\" sizes=\"auto, (max-width: 300px) 100vw, 300px\" \/><\/td>\n<td style=\"width: 67.1859%;height: 22px\"><a title=\"Strona otworzy si\u0119 w nowym oknie.\" href=\"https:\/\/www.interregeurope.eu\/\" target=\"_blank\" rel=\"noopener\">Interreg Europa<\/a><\/td>\n<\/tr>\n<\/tbody>\n<\/table>\n","protected":false},"excerpt":{"rendered":"<p>Biuro Wsp\u00f3\u0142pracy Mi\u0119dzynarodowej Biuro NCBR w Brukseli Krajowy Punkt Kontaktowy Interreg Morza Ba\u0142tyckiego Interreg Litwa-Polska<\/p>\n","protected":false},"author":33,"featured_media":0,"parent":1661,"menu_order":0,"comment_status":"closed","ping_status":"closed","template":"","meta":{"_acf_changed":false,"ngg_post_thumbnail":0,"footnotes":""},"class_list":["post-1691","page","type-page","status-publish","hentry"],"acf":[],"_links":{"self":[{"href":"https:\/\/pb.edu.pl\/brpm\/wp-json\/wp\/v2\/pages\/1691","targetHints":{"allow":["GET"]}}],"collection":[{"href":"https:\/\/pb.edu.pl\/brpm\/wp-json\/wp\/v2\/pages"}],"about":[{"href":"https:\/\/pb.edu.pl\/brpm\/wp-json\/wp\/v2\/types\/page"}],"author":[{"embeddable":true,"href":"https:\/\/pb.edu.pl\/brpm\/wp-json\/wp\/v2\/users\/33"}],"replies":[{"embeddable":true,"href":"https:\/\/pb.edu.pl\/brpm\/wp-json\/wp\/v2\/comments?post=1691"}],"version-history":[{"count":0,"href":"https:\/\/pb.edu.pl\/brpm\/wp-json\/wp\/v2\/pages\/1691\/revisions"}],"up":[{"embeddable":true,"href":"https:\/\/pb.edu.pl\/brpm\/wp-json\/wp\/v2\/pages\/1661"}],"wp:attachment":[{"href":"https:\/\/pb.edu.pl\/brpm\/wp-json\/wp\/v2\/media?parent=1691"}],"curies":[{"name":"wp","href":"https:\/\/api.w.org\/{rel}","templated":true}]}}

Programy międzynarodowe

<table style="border-collapse: collapse;width: 100%;height: 304px">
<tbody>
<tr style="height: 216px">
<td style="width: 32.8141%;height: 216px"><img loading="lazy" decoding="async" class="alignleft size-thumbnail wp-image-1845" src="https://pb.edu.pl/brpm/wp-content/uploads/sites/6/2023/04/NCBR_logo_PL-284x200.png" alt="" width="284" height="200"></td>
<td style="width: 67.1859%;height: 216px"><a title="Strona otworzy się w nowym oknie" href="https://www.gov.pl/web/ncbr/programy--miedzynarodowe" target="_blank" rel="noopener">Biuro Współpracy Międzynarodowej</a></p>
<p><a title="Strona otworzy się w nowym oknie" href="https://www.gov.pl/web/ncbr/biuro-ncbr-w-brukseli" target="_blank" rel="noopener">Biuro NCBR w Bruksel</a>i</p>
<p><a title="Strona otworzy się w nowym oknie" href="http://www.kpk.gov.pl" target="_blank" rel="noopener">Krajowy Punkt Kontaktowy</a></td>
</tr>
<tr style="height: 22px">
<td style="width: 32.8141%;height: 22px"><img loading="lazy" decoding="async" class="alignleft wp-image-1846 size-full" src="https://pb.edu.pl/brpm/wp-content/uploads/sites/6/2023/04/IBSR_Logo.jpg" alt="" width="893" height="179" srcset="https://pb.edu.pl/brpm/wp-content/uploads/sites/6/2023/04/IBSR_Logo.jpg 893w, https://pb.edu.pl/brpm/wp-content/uploads/sites/6/2023/04/IBSR_Logo-300x60.jpg 300w, https://pb.edu.pl/brpm/wp-content/uploads/sites/6/2023/04/IBSR_Logo-768x154.jpg 768w" sizes="auto, (max-width: 893px) 100vw, 893px" /></td>
<td style="width: 67.1859%;height: 22px"><a title="Strona otworzy się w nowym oknie" href="https://interreg-baltic.eu/" target="_blank" rel="noopener">Interreg Morza Bałtyckiego</a></td>
</tr>
<tr style="height: 22px">
<td style="width: 32.8141%;height: 22px"><img loading="lazy" decoding="async" class="alignleft size-medium wp-image-1847" src="https://pb.edu.pl/brpm/wp-content/uploads/sites/6/2023/04/Logo-EN-v1-23-01-10-300x66.png" alt="" width="300" height="66" srcset="https://pb.edu.pl/brpm/wp-content/uploads/sites/6/2023/04/Logo-EN-v1-23-01-10-300x66.png 300w, https://pb.edu.pl/brpm/wp-content/uploads/sites/6/2023/04/Logo-EN-v1-23-01-10.png 626w" sizes="auto, (max-width: 300px) 100vw, 300px" /></td>
<td style="width: 67.1859%;height: 22px"><a title="Strona otworzy się w nowym oknie" href="https://lietuva-polska.eu/" target="_blank" rel="noopener">Interreg Litwa-Polska</a></td>
</tr>
<tr style="height: 22px">
<td style="width: 32.8141%;height: 22px"><img loading="lazy" decoding="async" class="alignleft size-medium wp-image-1848" src="https://pb.edu.pl/brpm/wp-content/uploads/sites/6/2023/04/InterregCE-LOGO-standard-768x164-1-300x64.png" alt="" width="300" height="64" srcset="https://pb.edu.pl/brpm/wp-content/uploads/sites/6/2023/04/InterregCE-LOGO-standard-768x164-1-300x64.png 300w, https://pb.edu.pl/brpm/wp-content/uploads/sites/6/2023/04/InterregCE-LOGO-standard-768x164-1.png 768w" sizes="auto, (max-width: 300px) 100vw, 300px" /></td>
<td style="width: 67.1859%;height: 22px"><a title="Strona otworzy się w nowym oknie" href="https://www.interreg-central.eu/" target="_blank" rel="noopener">Interreg Europa Centralna</a></td>
</tr>
<tr style="height: 22px">
<td style="width: 32.8141%;height: 22px"><img loading="lazy" decoding="async" class="size-medium wp-image-1867 alignleft" src="https://pb.edu.pl/brpm/wp-content/uploads/sites/6/2023/04/Interreg_Europe_High_res_1-1-300x66.jpg" alt="" width="300" height="66" srcset="https://pb.edu.pl/brpm/wp-content/uploads/sites/6/2023/04/Interreg_Europe_High_res_1-1-300x66.jpg 300w, https://pb.edu.pl/brpm/wp-content/uploads/sites/6/2023/04/Interreg_Europe_High_res_1-1-1024x225.jpg 1024w, https://pb.edu.pl/brpm/wp-content/uploads/sites/6/2023/04/Interreg_Europe_High_res_1-1-768x169.jpg 768w, https://pb.edu.pl/brpm/wp-content/uploads/sites/6/2023/04/Interreg_Europe_High_res_1-1-1536x338.jpg 1536w, https://pb.edu.pl/brpm/wp-content/uploads/sites/6/2023/04/Interreg_Europe_High_res_1-1-2048x451.jpg 2048w" sizes="auto, (max-width: 300px) 100vw, 300px" /></td>
<td style="width: 67.1859%;height: 22px"><a title="Strona otworzy się w nowym oknie." href="https://www.interregeurope.eu/" target="_blank" rel="noopener">Interreg Europa</a></td>
</tr>
</tbody>
</table>

<p>Biuro Współpracy Międzynarodowej Biuro NCBR w Brukseli Krajowy Punkt Kontaktowy Interreg Morza Bałtyckiego Interreg Litwa-Polska</p>
