{"id":1635,"date":"2022-10-17T09:52:02","date_gmt":"2022-10-17T07:52:02","guid":{"rendered":"https:\/\/pb.edu.pl\/brpm\/?page_id=1635"},"modified":"2024-09-07T22:15:48","modified_gmt":"2024-09-07T20:15:48","slug":"nauka-dobrze-rockuje","status":"publish","type":"page","link":"https:\/\/pb.edu.pl\/brpm\/projekty-pb\/programy-krajowe\/projekty-zrealizowane\/nauka-dobrze-rockuje\/","title":{"rendered":"Nauka dobrze ro(c)kuje"},"content":{"rendered":"<p><img loading=\"lazy\" decoding=\"async\" class=\"aligncenter wp-image-1179\" src=\"https:\/\/pb.edu.pl\/brpm\/wp-content\/uploads\/sites\/6\/2021\/01\/znaki_strona_www-1024x341.png\" alt=\"Flaga Republiki Polski oraz God\u0142o Polski\" width=\"300\" height=\"100\" srcset=\"https:\/\/pb.edu.pl\/brpm\/wp-content\/uploads\/sites\/6\/2021\/01\/znaki_strona_www-1024x341.png 1024w, https:\/\/pb.edu.pl\/brpm\/wp-content\/uploads\/sites\/6\/2021\/01\/znaki_strona_www-300x100.png 300w, https:\/\/pb.edu.pl\/brpm\/wp-content\/uploads\/sites\/6\/2021\/01\/znaki_strona_www-768x256.png 768w, https:\/\/pb.edu.pl\/brpm\/wp-content\/uploads\/sites\/6\/2021\/01\/znaki_strona_www-1536x511.png 1536w, https:\/\/pb.edu.pl\/brpm\/wp-content\/uploads\/sites\/6\/2021\/01\/znaki_strona_www.png 1751w\" sizes=\"auto, (max-width: 300px) 100vw, 300px\" \/><\/p>\n<h2>Projekt finansowany przez Ministerstwo Edukacji i Nauki w ramach programu ,,Spo\u0142eczna odpowiedzialno\u015b\u0107 nauki\u201d, modu\u0142 Popularyzacja nauki i promocja sportu.<\/h2>\n<p>G\u0142\u00f3wnym celem projektu jest popularyzacja i promocja szeroko poj\u0119tej nauki, w tym dyscyplin technicznych w wymiarze ludzkim jako pasji, dzia\u0142a\u0144 na rzecz \u015brodowiska lokalnego Wojew\u00f3dztwa Podlaskiego oraz promocja dokona\u0144 \u015brodowiska akademickiego i naukowego. Ukazanie pi\u0119kna Podlasia, ze szczeg\u00f3lnym uwzgl\u0119dnieniem park\u00f3w narodowych. Spotkania z naukowcami, muzealnikami, historykami, cz\u0142onkami studenckich k\u00f3\u0142 naukowych, reporta\u017ce przyrodnicze, kulturalne i naukowe. Dziennikarze AKADERY przywi\u0105zuj\u0105 du\u017c\u0105 wag\u0119 do popularyzacji szeroko poj\u0119tej nauki, informuj\u0105 o tym co si\u0119 dzieje w regionie, prowadz\u0105 audycje profilaktyczne, naukowe i kulturalne. Do program\u00f3w jako eksperci zapraszani s\u0105 podlascy naukowcy, wynalazcy, studenci dzia\u0142aj\u0105cy aktywnie w ko\u0142ach naukowych. Na antenie AKADERA szeroko jest promowane \u015brodowisko akademickie Bia\u0142egostoku. Szczeg\u00f3\u0142owo omawiane s\u0105 osi\u0105gni\u0119cia naukowc\u00f3w i student\u00f3w. W programach publicystycznych AKADERA wskazuje m\u0142odym ludziom kierunki dalszego rozwoju. Stacja zachowuj\u0105c wysoki pozom merytoryczny, jednocze\u015bnie jest blisko swoich s\u0142uchaczy: rozmawia z nimi i udost\u0119pnia im anten\u0119, tworz\u0105c \u017cyw\u0105, codzienn\u0105 opowie\u015b\u0107 o Bia\u0142ymstoku i Wojew\u00f3dztwie Podlaskim. Odbiorcami projektu b\u0119d\u0105 w szczeg\u00f3lno\u015bci wojew\u00f3dztwa podlaskiego, uczniowie, studenci, osoby zainteresowane nauk\u0105 i rozwojem nauki w Polsce.<\/p>\n<p><strong>Bud\u017cet projektu:<\/strong> 174 898,40 z\u0142<\/p>\n<p><strong>Termin realizacji:<\/strong> 01.10.2022 \u2013 31.12.2023<\/p>\n","protected":false},"excerpt":{"rendered":"<p>Projekt finansowany przez Ministerstwo Edukacji i Nauki w ramach programu ,,Spo\u0142eczna odpowiedzialno\u015b\u0107 nauki\u201d, modu\u0142 Popularyzacja<\/p>\n","protected":false},"author":33,"featured_media":0,"parent":1575,"menu_order":0,"comment_status":"closed","ping_status":"closed","template":"","meta":{"_acf_changed":false,"ngg_post_thumbnail":0,"footnotes":""},"class_list":["post-1635","page","type-page","status-publish","hentry"],"acf":[],"_links":{"self":[{"href":"https:\/\/pb.edu.pl\/brpm\/wp-json\/wp\/v2\/pages\/1635","targetHints":{"allow":["GET"]}}],"collection":[{"href":"https:\/\/pb.edu.pl\/brpm\/wp-json\/wp\/v2\/pages"}],"about":[{"href":"https:\/\/pb.edu.pl\/brpm\/wp-json\/wp\/v2\/types\/page"}],"author":[{"embeddable":true,"href":"https:\/\/pb.edu.pl\/brpm\/wp-json\/wp\/v2\/users\/33"}],"replies":[{"embeddable":true,"href":"https:\/\/pb.edu.pl\/brpm\/wp-json\/wp\/v2\/comments?post=1635"}],"version-history":[{"count":0,"href":"https:\/\/pb.edu.pl\/brpm\/wp-json\/wp\/v2\/pages\/1635\/revisions"}],"up":[{"embeddable":true,"href":"https:\/\/pb.edu.pl\/brpm\/wp-json\/wp\/v2\/pages\/1575"}],"wp:attachment":[{"href":"https:\/\/pb.edu.pl\/brpm\/wp-json\/wp\/v2\/media?parent=1635"}],"curies":[{"name":"wp","href":"https:\/\/api.w.org\/{rel}","templated":true}]}}

<p><img loading="lazy" decoding="async" class="aligncenter wp-image-1179" src="https://pb.edu.pl/brpm/wp-content/uploads/sites/6/2021/01/znaki_strona_www-1024x341.png" alt="Flaga Republiki Polski oraz Godło Polski" width="300" height="100" srcset="https://pb.edu.pl/brpm/wp-content/uploads/sites/6/2021/01/znaki_strona_www-1024x341.png 1024w, https://pb.edu.pl/brpm/wp-content/uploads/sites/6/2021/01/znaki_strona_www-300x100.png 300w, https://pb.edu.pl/brpm/wp-content/uploads/sites/6/2021/01/znaki_strona_www-768x256.png 768w, https://pb.edu.pl/brpm/wp-content/uploads/sites/6/2021/01/znaki_strona_www-1536x511.png 1536w, https://pb.edu.pl/brpm/wp-content/uploads/sites/6/2021/01/znaki_strona_www.png 1751w" sizes="auto, (max-width: 300px) 100vw, 300px" /></p>
<h2>Projekt finansowany przez Ministerstwo Edukacji i Nauki w ramach programu ,,Społeczna odpowiedzialność nauki”, moduł Popularyzacja nauki i promocja sportu.</h2>
<p>Głównym celem projektu jest popularyzacja i promocja szeroko pojętej nauki, w tym dyscyplin technicznych w wymiarze ludzkim jako pasji, działań na rzecz środowiska lokalnego Województwa Podlaskiego oraz promocja dokonań środowiska akademickiego i naukowego. Ukazanie piękna Podlasia, ze szczególnym uwzględnieniem parków narodowych. Spotkania z naukowcami, muzealnikami, historykami, członkami studenckich kół naukowych, reportaże przyrodnicze, kulturalne i naukowe. Dziennikarze AKADERY przywiązują dużą wagę do popularyzacji szeroko pojętej nauki, informują o tym co się dzieje w regionie, prowadzą audycje profilaktyczne, naukowe i kulturalne. Do programów jako eksperci zapraszani są podlascy naukowcy, wynalazcy, studenci działający aktywnie w kołach naukowych. Na antenie AKADERA szeroko jest promowane środowisko akademickie Białegostoku. Szczegółowo omawiane są osiągnięcia naukowców i studentów. W programach publicystycznych AKADERA wskazuje młodym ludziom kierunki dalszego rozwoju. Stacja zachowując wysoki pozom merytoryczny, jednocześnie jest blisko swoich słuchaczy: rozmawia z nimi i udostępnia im antenę, tworząc żywą, codzienną opowieść o Białymstoku i Województwie Podlaskim. Odbiorcami projektu będą w szczególności województwa podlaskiego, uczniowie, studenci, osoby zainteresowane nauką i rozwojem nauki w Polsce.</p>
<p><strong>Budżet projektu:</strong> 174 898,40 zł</p>
<p><strong>Termin realizacji:</strong> 01.10.2022 – 31.12.2023</p>

<p>Projekt finansowany przez Ministerstwo Edukacji i Nauki w ramach programu ,,Społeczna odpowiedzialność nauki”, moduł Popularyzacja</p>
