{"id":1629,"date":"2022-10-17T09:44:07","date_gmt":"2022-10-17T07:44:07","guid":{"rendered":"https:\/\/pb.edu.pl\/brpm\/?page_id=1629"},"modified":"2024-01-31T22:44:08","modified_gmt":"2024-01-31T21:44:08","slug":"dda","status":"publish","type":"page","link":"https:\/\/pb.edu.pl\/brpm\/projekty-pb\/programy-ue\/projekty-zrealizowane\/dda\/","title":{"rendered":"Doskona\u0142o\u015b\u0107 dydaktyczna uczelni"},"content":{"rendered":"<h2><img loading=\"lazy\" decoding=\"async\" class=\"alignnone size-full wp-image-1630\" src=\"https:\/\/pb.edu.pl\/brpm\/wp-content\/uploads\/sites\/6\/2022\/10\/logo-dda-1600\u00d7160.png\" alt=\"\" width=\"1600\" height=\"160\" srcset=\"https:\/\/pb.edu.pl\/brpm\/wp-content\/uploads\/sites\/6\/2022\/10\/logo-dda-1600\u00d7160.png 1600w, https:\/\/pb.edu.pl\/brpm\/wp-content\/uploads\/sites\/6\/2022\/10\/logo-dda-1600\u00d7160-300x30.png 300w, https:\/\/pb.edu.pl\/brpm\/wp-content\/uploads\/sites\/6\/2022\/10\/logo-dda-1600\u00d7160-1024x102.png 1024w, https:\/\/pb.edu.pl\/brpm\/wp-content\/uploads\/sites\/6\/2022\/10\/logo-dda-1600\u00d7160-768x77.png 768w, https:\/\/pb.edu.pl\/brpm\/wp-content\/uploads\/sites\/6\/2022\/10\/logo-dda-1600\u00d7160-1536x154.png 1536w\" sizes=\"auto, (max-width: 1600px) 100vw, 1600px\" \/><\/h2>\n<h2>Projekt \u201eDoskona\u0142o\u015b\u0107 dydaktyczna uczelni\u201d realizowany z Programu Operacyjnego Wiedza Edukacja Rozw\u00f3j 2014-2020, O\u015b Priorytetowa III Szkolnictwo wy\u017csze dla gospodarki i rozwoju, Dzia\u0142anie 3.4 Zarz\u0105dzanie w instytucjach szkolnictwa wy\u017cszego.<\/h2>\n<p>Celem og\u00f3lnym projektu jest doskonalenie jako\u015bci kszta\u0142cenia z uwzgl\u0119dnieniem podej\u015bcia interdyscyplinarnego, indywidualizacji, doskonalenia metod dydaktycznych oraz usprawnienia organizacji dydaktyki.<\/p>\n<h3>Cele szczeg\u00f3\u0142owe:&nbsp; &nbsp;<\/h3>\n<ul>\n<li>Ukierunkowanie systemu rozwoju kadry naukowej i dydaktycznej przez usprawnienie diagnozy i monitorowania potrzeb dydaktycznych.&nbsp;<\/li>\n<li>Doskonalenie systemu finansowego wspierania innowacji dydaktycznych oraz badawczych projekt\u00f3w dydaktycznych.&nbsp; &nbsp;<\/li>\n<li>Doskonalenie jako\u015bci kszta\u0142cenia w szczeg\u00f3lno\u015bci indywidualizacji kszta\u0142cenia student\u00f3w ze specyficznymi trudno\u015bciami, jak i szczeg\u00f3lnie uzdolnionymi.&nbsp;<\/li>\n<li>Stworzenie wsparcia w zakresie projektowania materia\u0142\u00f3w dydaktycznych, \u0107wicze\u0144 laboratoryjnych, szczeg\u00f3lnie w formie wizualnej.&nbsp;<\/li>\n<li>Budowanie uczelni przyjaznej cudzoziemcom poprzez stworzenie warunk\u00f3w do szybszej nauki j\u0119zyk\u00f3w obcych, w tym j\u0119zyka polskiego w obszarze specjalistycznej terminologii technicznej umo\u017cliwiaj\u0105cej efektywniejsze studiowanie na uczelniach technicznych. &nbsp;<\/li>\n<li>Rozszerzenie wsparcia psychologicznego pracownikom i studentom Politechniki Bia\u0142ostockiej.<\/li>\n<\/ul>\n<h4><strong>Bud\u017cet projektu:<\/strong> 918&nbsp;498,00 z\u0142<\/h4>\n<h4><strong>Termin realizacji:<\/strong> 30.09.2022 \u2013 30.09.2023 r.<\/h4>\n","protected":false},"excerpt":{"rendered":"<p>Projekt \u201eDoskona\u0142o\u015b\u0107 dydaktyczna uczelni\u201d realizowany z Programu Operacyjnego Wiedza Edukacja Rozw\u00f3j 2014-2020, O\u015b Priorytetowa III<\/p>\n","protected":false},"author":33,"featured_media":0,"parent":89,"menu_order":0,"comment_status":"closed","ping_status":"closed","template":"","meta":{"_acf_changed":false,"ngg_post_thumbnail":0,"footnotes":""},"class_list":["post-1629","page","type-page","status-publish","hentry"],"acf":[],"_links":{"self":[{"href":"https:\/\/pb.edu.pl\/brpm\/wp-json\/wp\/v2\/pages\/1629","targetHints":{"allow":["GET"]}}],"collection":[{"href":"https:\/\/pb.edu.pl\/brpm\/wp-json\/wp\/v2\/pages"}],"about":[{"href":"https:\/\/pb.edu.pl\/brpm\/wp-json\/wp\/v2\/types\/page"}],"author":[{"embeddable":true,"href":"https:\/\/pb.edu.pl\/brpm\/wp-json\/wp\/v2\/users\/33"}],"replies":[{"embeddable":true,"href":"https:\/\/pb.edu.pl\/brpm\/wp-json\/wp\/v2\/comments?post=1629"}],"version-history":[{"count":0,"href":"https:\/\/pb.edu.pl\/brpm\/wp-json\/wp\/v2\/pages\/1629\/revisions"}],"up":[{"embeddable":true,"href":"https:\/\/pb.edu.pl\/brpm\/wp-json\/wp\/v2\/pages\/89"}],"wp:attachment":[{"href":"https:\/\/pb.edu.pl\/brpm\/wp-json\/wp\/v2\/media?parent=1629"}],"curies":[{"name":"wp","href":"https:\/\/api.w.org\/{rel}","templated":true}]}}