{"id":1567,"date":"2022-10-06T10:54:52","date_gmt":"2022-10-06T08:54:52","guid":{"rendered":"https:\/\/pb.edu.pl\/brpm\/?page_id=1567"},"modified":"2025-10-30T13:51:55","modified_gmt":"2025-10-30T12:51:55","slug":"samasz-staze","status":"publish","type":"page","link":"https:\/\/pb.edu.pl\/brpm\/projekty-pb\/programy-ue\/projekty-realizowane\/samasz-staze\/","title":{"rendered":"Praca zlecona przez firm\u0119 SaMASZ Sp.z.o.o &#8211; sta\u017ce"},"content":{"rendered":"<h2>Sta\u017ce naukowe dla pracownik\u00f3w Politechniki Bia\u0142ostockiej w zakresie realizacji prac badawczo-rozwojowych podczas realizacji projektu OBR.SaMASZ.PL jako element koncepcji Super Fabryka 4.0 na potrzeby Klastra Obr\u00f3bki Metali &#8211; Krajowy Klaster Kluczy.<\/h2>\n<p><strong>Warto\u015b\u0107 zlecenia: 5 904 z\u0142otych <\/strong>brutto<\/p>\n<p><strong>Okres realizacji pracy: <\/strong>29.01.2020 r. \u2013 31.12.2025 r.<\/p>\n<p><strong>Jednostka realizuj\u0105ca: <\/strong>Wydzia\u0142 Mechaniczny<\/p>\n<p><strong>Kierownik Pracy:&nbsp;<\/strong>dr hab. in\u017c. Roman Kaczy\u0144ski, prof. PB<\/p>\n","protected":false},"excerpt":{"rendered":"<p>Sta\u017ce naukowe dla pracownik\u00f3w Politechniki Bia\u0142ostockiej w zakresie realizacji prac badawczo-rozwojowych podczas realizacji projektu OBR.SaMASZ.PL<\/p>\n","protected":false},"author":65,"featured_media":0,"parent":94,"menu_order":0,"comment_status":"closed","ping_status":"closed","template":"","meta":{"_acf_changed":false,"ngg_post_thumbnail":0,"footnotes":""},"class_list":["post-1567","page","type-page","status-publish","hentry"],"acf":[],"_links":{"self":[{"href":"https:\/\/pb.edu.pl\/brpm\/wp-json\/wp\/v2\/pages\/1567","targetHints":{"allow":["GET"]}}],"collection":[{"href":"https:\/\/pb.edu.pl\/brpm\/wp-json\/wp\/v2\/pages"}],"about":[{"href":"https:\/\/pb.edu.pl\/brpm\/wp-json\/wp\/v2\/types\/page"}],"author":[{"embeddable":true,"href":"https:\/\/pb.edu.pl\/brpm\/wp-json\/wp\/v2\/users\/65"}],"replies":[{"embeddable":true,"href":"https:\/\/pb.edu.pl\/brpm\/wp-json\/wp\/v2\/comments?post=1567"}],"version-history":[{"count":0,"href":"https:\/\/pb.edu.pl\/brpm\/wp-json\/wp\/v2\/pages\/1567\/revisions"}],"up":[{"embeddable":true,"href":"https:\/\/pb.edu.pl\/brpm\/wp-json\/wp\/v2\/pages\/94"}],"wp:attachment":[{"href":"https:\/\/pb.edu.pl\/brpm\/wp-json\/wp\/v2\/media?parent=1567"}],"curies":[{"name":"wp","href":"https:\/\/api.w.org\/{rel}","templated":true}]}}