{"id":1485,"date":"2022-06-23T10:35:18","date_gmt":"2022-06-23T08:35:18","guid":{"rendered":"https:\/\/pb.edu.pl\/brpm\/?page_id=1485"},"modified":"2024-01-31T22:21:29","modified_gmt":"2024-01-31T21:21:29","slug":"kmd","status":"publish","type":"page","link":"https:\/\/pb.edu.pl\/brpm\/projekty-pb\/programy-ue\/projekty-zrealizowane\/kmd\/","title":{"rendered":"Krajowy Magazyn Danych"},"content":{"rendered":"<p><img loading=\"lazy\" decoding=\"async\" class=\"alignnone size-full wp-image-1525\" src=\"https:\/\/pb.edu.pl\/brpm\/wp-content\/uploads\/sites\/6\/2022\/10\/belka-POIR_pl.jpg\" alt=\"\" width=\"1778\" height=\"181\" srcset=\"https:\/\/pb.edu.pl\/brpm\/wp-content\/uploads\/sites\/6\/2022\/10\/belka-POIR_pl.jpg 1778w, https:\/\/pb.edu.pl\/brpm\/wp-content\/uploads\/sites\/6\/2022\/10\/belka-POIR_pl-300x31.jpg 300w, https:\/\/pb.edu.pl\/brpm\/wp-content\/uploads\/sites\/6\/2022\/10\/belka-POIR_pl-1024x104.jpg 1024w, https:\/\/pb.edu.pl\/brpm\/wp-content\/uploads\/sites\/6\/2022\/10\/belka-POIR_pl-768x78.jpg 768w, https:\/\/pb.edu.pl\/brpm\/wp-content\/uploads\/sites\/6\/2022\/10\/belka-POIR_pl-1536x156.jpg 1536w\" sizes=\"auto, (max-width: 1778px) 100vw, 1778px\" \/><\/p>\n<h2>Projekt \u201eKrajowy Magazyn Danych. Uniwersalna infrastruktura dla sk\u0142adowania i udost\u0119pniania danych oraz efektywnego przetwarzania du\u017cych wolumen\u00f3w danych w modelach HPC, BigData i sztucznej inteligencji.\u201d realizowany jest w ramach Dzia\u0142ania 4.2. Programu Operacyjnego Inteligentny Rozw\u00f3j 2014-2020 wsp\u00f3\u0142finansowanego ze \u015brodk\u00f3w Europejskiego Funduszu Rozwoju Regionalnego.<\/h2>\n<p>G\u0142\u00f3wnym celem projektu jest opracowanie i dostarczenie produkcyjnych us\u0142ug przechowywania, dost\u0119pu oraz zabezpieczania danych i zarz\u0105dzania metadanymi, a tak\u017ce integracji rozwi\u0105za\u0144 dla przetwarzania du\u017cych i z\u0142o\u017conych wolumen\u00f3w danych na bazie rozproszonej e-infrastruktury. Umo\u017cliwi to integracj\u0119 platform analitycznych oraz rozwi\u0105za\u0144 z zakresu uczenia maszynowego i sztucznej inteligencji w infrastrukturze danych i \u015bcis\u0142\u0105 integracj\u0119 infrastruktury danych z systemami HPC i HTC w centrach HPC w celu efektywnego przetwarzanie obszernych i z\u0142o\u017conych wolumen\u00f3w i zbior\u00f3w danych.<\/p>\n<h3>Projekt realizowany jest przez Konsorcjum w sk\u0142adzie:<\/h3>\n<ul>\n<li>Instytut Chemii Bioorganicznej Polskiej Akademii Nauk \u2013 Pozna\u0144skie Centrum Superkomputerowo-Sieciowe (Lider projektu)<\/li>\n<li>Akademickie Centrum Komputerowe CYFRONET AGH<\/li>\n<li>Politechnika Bia\u0142ostocka<\/li>\n<li>Politechnika Cz\u0119stochowska<\/li>\n<li>Politechnika Gda\u0144ska CI TASK<\/li>\n<li>Politechnika \u0141\u00f3dzka<\/li>\n<li>Politechnika \u015awi\u0119tokrzyska<\/li>\n<li>Politechnika Wroc\u0142awska<\/li>\n<li>Narodowe Centrum Bada\u0144 J\u0105drowych<\/li>\n<\/ul>\n<p>Bud\u017cet projektu: <strong>190 819 117,31 z\u0142<\/strong><\/p>\n<p>Kwota dofinansowania projektu ze \u015brodk\u00f3w europejskich:<strong> 153 540 119,74 z\u0142&nbsp; <\/strong>(w tym PB &#8211; 5 385 161,92 z\u0142)<\/p>\n<p>Okres realizacji: &nbsp;<strong>01.01.2021 r. \u2013 31.12.2023 r.<\/strong><\/p>\n<p>Umowa dofinansowania: <strong>POIR.04.02.00-00-D010\/20-00 z dnia 29 grudnia 2020 r.<\/strong><\/p>\n<p>Link do strony projektu: <a title=\"Strona otworzy si\u0119 w nowym oknie.\" href=\"https:\/\/kmd.pionier.net.pl\/\" target=\"_blank\" rel=\"noopener\">https:\/\/kmd.pionier.net.pl\/<\/a><\/p>\n<p>&nbsp;<\/p>\n","protected":false},"excerpt":{"rendered":"<p>Projekt \u201eKrajowy Magazyn Danych. Uniwersalna infrastruktura dla sk\u0142adowania i udost\u0119pniania danych oraz efektywnego przetwarzania du\u017cych<\/p>\n","protected":false},"author":33,"featured_media":0,"parent":89,"menu_order":0,"comment_status":"closed","ping_status":"closed","template":"","meta":{"_acf_changed":false,"ngg_post_thumbnail":0,"footnotes":""},"class_list":["post-1485","page","type-page","status-publish","hentry"],"acf":[],"_links":{"self":[{"href":"https:\/\/pb.edu.pl\/brpm\/wp-json\/wp\/v2\/pages\/1485","targetHints":{"allow":["GET"]}}],"collection":[{"href":"https:\/\/pb.edu.pl\/brpm\/wp-json\/wp\/v2\/pages"}],"about":[{"href":"https:\/\/pb.edu.pl\/brpm\/wp-json\/wp\/v2\/types\/page"}],"author":[{"embeddable":true,"href":"https:\/\/pb.edu.pl\/brpm\/wp-json\/wp\/v2\/users\/33"}],"replies":[{"embeddable":true,"href":"https:\/\/pb.edu.pl\/brpm\/wp-json\/wp\/v2\/comments?post=1485"}],"version-history":[{"count":0,"href":"https:\/\/pb.edu.pl\/brpm\/wp-json\/wp\/v2\/pages\/1485\/revisions"}],"up":[{"embeddable":true,"href":"https:\/\/pb.edu.pl\/brpm\/wp-json\/wp\/v2\/pages\/89"}],"wp:attachment":[{"href":"https:\/\/pb.edu.pl\/brpm\/wp-json\/wp\/v2\/media?parent=1485"}],"curies":[{"name":"wp","href":"https:\/\/api.w.org\/{rel}","templated":true}]}}