{"id":1464,"date":"2022-01-10T12:18:04","date_gmt":"2022-01-10T11:18:04","guid":{"rendered":"https:\/\/pb.edu.pl\/brpm\/?page_id=1464"},"modified":"2024-01-31T22:43:36","modified_gmt":"2024-01-31T21:43:36","slug":"zaprojektowani","status":"publish","type":"page","link":"https:\/\/pb.edu.pl\/brpm\/projekty-pb\/programy-ue\/projekty-zrealizowane\/zaprojektowani\/","title":{"rendered":"ZAPROJEKTOWANI.PB"},"content":{"rendered":"<h2><img loading=\"lazy\" decoding=\"async\" class=\"alignnone size-full wp-image-1524\" src=\"https:\/\/pb.edu.pl\/brpm\/wp-content\/uploads\/sites\/6\/2022\/10\/belka-POWER_pl.jpg\" alt=\"\" width=\"1871\" height=\"183\" srcset=\"https:\/\/pb.edu.pl\/brpm\/wp-content\/uploads\/sites\/6\/2022\/10\/belka-POWER_pl.jpg 1871w, https:\/\/pb.edu.pl\/brpm\/wp-content\/uploads\/sites\/6\/2022\/10\/belka-POWER_pl-300x29.jpg 300w, https:\/\/pb.edu.pl\/brpm\/wp-content\/uploads\/sites\/6\/2022\/10\/belka-POWER_pl-1024x100.jpg 1024w, https:\/\/pb.edu.pl\/brpm\/wp-content\/uploads\/sites\/6\/2022\/10\/belka-POWER_pl-768x75.jpg 768w, https:\/\/pb.edu.pl\/brpm\/wp-content\/uploads\/sites\/6\/2022\/10\/belka-POWER_pl-1536x150.jpg 1536w\" sizes=\"auto, (max-width: 1871px) 100vw, 1871px\" \/><\/h2>\n<h2>ZAPROJEKTOWANI.PB &#8211; projekt rozwoju kompetencji kadry dydaktycznej Politechniki Bia\u0142ostockiej. Projekt jest &nbsp;realizowany z Programu Operacyjnego Wiedza Edukacja Rozw\u00f3j wsp\u00f3\u0142finansowanego przez &nbsp;Uni\u0119 &nbsp;Europejsk\u0105 &nbsp;ze \u015brodk\u00f3w Europejskiego &nbsp;Funduszu &nbsp;Spo\u0142ecznego &nbsp;w &nbsp;ramach &nbsp;Programu &nbsp;Operacyjnego Wiedza Edukacja Rozw\u00f3j 2014-2020, O\u015b Priorytetowa III Szkolnictwo wy\u017csze dla gospodarki i rozwoju, Dzia\u0142anie 3.4 Zarz\u0105dzanie w instytucjach szkolnictwa wy\u017cszego.<\/h2>\n<p>Projekt &nbsp;ZAPROJEKTOWANI.PB zak\u0142ada &nbsp;podniesienie kompetencji przez min. 48 nauczycieli akademickich Politechniki Bia\u0142ostockiej w zakresie projektowania uniwersalnego. W ramach projektu wsparciem obj\u0119tych zostanie min. 60 nauczycieli akademickich Politechniki Bia\u0142ostockiej. Wszyscy nauczyciele akademiccy, kt\u00f3rzy otrzymaj\u0105 wsparcie w ramach projektu i podnios\u0105 swoje kompetencje w zakresie umiej\u0119tno\u015bci stosowania zasad projektowania uniwersalnego w procesie kszta\u0142cenia b\u0119d\u0105 zobligowani do przeprowadzenia zaj\u0119\u0107 ze studentami czyli prze\u0142o\u017cenia zdobytej wiedzy na praktyk\u0119 w wymiarze co najmniej jednego semestru (zrealizowanego lub te\u017c rozpocz\u0119tego w trakcie realizacji projektu). Realizacja projektu zaowocuje modyfikacj\u0105 program\u00f3w oraz wprowadzeniem do oferty kszta\u0142cenia PB zaj\u0119\u0107 ze studentami element\u00f3w zwi\u0105zanych z Programowaniem Uniwersalnym (PU), kt\u00f3re b\u0119d\u0105 dost\u0119pne w ramach oferty dydaktycznej PB.<\/p>\n<p>Cel projektu b\u0119dzie wykonany poprzez realizacj\u0119 7 zada\u0144.<\/p>\n<p>Zadanie 1 zak\u0142ada organizacja szkole\u0144\/warsztat\u00f3w wprowadzaj\u0105cych do tematyki projektowania uniwersalnego, umo\u017cliwiaj\u0105cych realizacj\u0119 zaj\u0119\u0107 ze studentami, kt\u00f3rych celem b\u0119dzie u\u015bwiadomienie r\u00f3\u017cnorodno\u015bci grup\/os\u00f3b funkcjonuj\u0105cych w spo\u0142ecze\u0144stwie.<\/p>\n<p>Zadania 2-7 to zindywidualizowane, sprofilowane wsparcie ,odpowiadaj\u0105ce specyfice potrzeb uczestnik\u00f3w projektu pochodz\u0105cych z poszczeg\u00f3lnych 6 Wydzia\u0142\u00f3w PB (WA,WBINO\u015a,WE,WI,WM,WI).<\/p>\n<p><strong>Przewidywane formy wsparcia w ramach projektu to: szkolenia, sta\u017ce krajowe i sta\u017ce zagraniczne.<\/strong><\/p>\n<p><strong>Dofinansowanie projektu z UE:&nbsp;<\/strong>865 873,75 z\u0142<\/p>\n<p><strong>Okres realizacji : <\/strong>01.10.2021-31.12.2023<\/p>\n<p><strong>Grupa docelowa:<\/strong>&nbsp;nauczyciele akademiccy wydzia\u0142\u00f3w: WA,WBINO\u015a,WE,WI,WM,WI&nbsp;<\/p>\n<p>Wi\u0119cej informacji na stronie projektu:&nbsp;<a title=\"Strona otworzy si\u0119 w nowym oknie.\" href=\"https:\/\/pb.edu.pl\/zaprojektowani\/\" target=\"_blank\" rel=\"noopener\">www.pb.edu.pl\/zaprojektowani<\/a><\/p>\n","protected":false},"excerpt":{"rendered":"<p>ZAPROJEKTOWANI.PB &#8211; projekt rozwoju kompetencji kadry dydaktycznej Politechniki Bia\u0142ostockiej. Projekt jest &nbsp;realizowany z Programu Operacyjnego<\/p>\n","protected":false},"author":33,"featured_media":0,"parent":89,"menu_order":0,"comment_status":"closed","ping_status":"closed","template":"","meta":{"_acf_changed":false,"ngg_post_thumbnail":0,"footnotes":""},"class_list":["post-1464","page","type-page","status-publish","hentry"],"acf":[],"_links":{"self":[{"href":"https:\/\/pb.edu.pl\/brpm\/wp-json\/wp\/v2\/pages\/1464","targetHints":{"allow":["GET"]}}],"collection":[{"href":"https:\/\/pb.edu.pl\/brpm\/wp-json\/wp\/v2\/pages"}],"about":[{"href":"https:\/\/pb.edu.pl\/brpm\/wp-json\/wp\/v2\/types\/page"}],"author":[{"embeddable":true,"href":"https:\/\/pb.edu.pl\/brpm\/wp-json\/wp\/v2\/users\/33"}],"replies":[{"embeddable":true,"href":"https:\/\/pb.edu.pl\/brpm\/wp-json\/wp\/v2\/comments?post=1464"}],"version-history":[{"count":0,"href":"https:\/\/pb.edu.pl\/brpm\/wp-json\/wp\/v2\/pages\/1464\/revisions"}],"up":[{"embeddable":true,"href":"https:\/\/pb.edu.pl\/brpm\/wp-json\/wp\/v2\/pages\/89"}],"wp:attachment":[{"href":"https:\/\/pb.edu.pl\/brpm\/wp-json\/wp\/v2\/media?parent=1464"}],"curies":[{"name":"wp","href":"https:\/\/api.w.org\/{rel}","templated":true}]}}