{"id":140,"date":"2017-12-28T23:11:11","date_gmt":"2017-12-28T22:11:11","guid":{"rendered":"https:\/\/pb.edu.pl\/brpm\/?page_id=140"},"modified":"2022-01-10T09:13:02","modified_gmt":"2022-01-10T08:13:02","slug":"logman2","status":"publish","type":"page","link":"https:\/\/pb.edu.pl\/brpm\/projekty-pb\/programy-ue\/projekty-zrealizowane\/logman2\/","title":{"rendered":"LOGMAN2"},"content":{"rendered":"<p><img loading=\"lazy\" decoding=\"async\" class=\"alignnone wp-image-568 size-full\" src=\"https:\/\/pb.edu.pl\/brpm\/wp-content\/uploads\/sites\/6\/2018\/09\/FE_POWER_poziom_pl-jpg.jpg\" alt=\"\" width=\"5883\" height=\"756\" srcset=\"https:\/\/pb.edu.pl\/brpm\/wp-content\/uploads\/sites\/6\/2018\/09\/FE_POWER_poziom_pl-jpg.jpg 5883w, https:\/\/pb.edu.pl\/brpm\/wp-content\/uploads\/sites\/6\/2018\/09\/FE_POWER_poziom_pl-jpg-300x39.jpg 300w, https:\/\/pb.edu.pl\/brpm\/wp-content\/uploads\/sites\/6\/2018\/09\/FE_POWER_poziom_pl-jpg-768x99.jpg 768w, https:\/\/pb.edu.pl\/brpm\/wp-content\/uploads\/sites\/6\/2018\/09\/FE_POWER_poziom_pl-jpg-1024x132.jpg 1024w\" sizes=\"auto, (max-width: 5883px) 100vw, 5883px\" \/><\/p>\n<h2>&#8222;Logistyka i zarz\u0105dzanie \u2013 mi\u0119dzynarodowe programy studi\u00f3w II stopnia na Wydziale Zarz\u0105dzania Politechniki Bia\u0142ostockiej (LogMan2)&#8221;. Projekt uzyska\u0142 finansowanie z Osi priorytetowej III. Szkolnictwo wy\u017csze dla gospodarki i rozwoju, Dzia\u0142anie 3.3. Umi\u0119dzynarodowienie polskiego szkolnictwa wy\u017cszego, Programu Operacyjnego Wiedza Edukacja Rozw\u00f3j 2014-2020 w ramach konkursu nr 1\/MPK\/POWER\/3.3\/2016.<\/h2>\n<p><b>Cel projektu:<\/b> Podniesienie dost\u0119pno\u015bci mi\u0119dzynarodowych program\u00f3w studi\u00f3w II stopnia na Wydziale Zarz\u0105dzania Politechniki Bia\u0142ostockiej.<\/p>\n<p><b>Czas trwania projektu:<\/b> 1 marca 2017 r. \u2013 31 grudnia 2019 r.<\/p>\n<p><b>Ca\u0142kowita warto\u015b\u0107 projektu:<\/b> 1 974 968,80 z\u0142<\/p>\n<p><b>Kwota dofinansowania z UE w ramach POWER 2014-2020:<\/b> 1 664 503,70 z\u0142<\/p>\n<p><b>Kwota dofinansowania ze \u015brodk\u00f3w dotacji celowej:<\/b> 250 496,03 z\u0142<\/p>\n<p><b>Wk\u0142ad w\u0142asny:<\/b> 59 969,07 z\u0142<\/p>\n<p><b>Charakterystyka projektu:<\/b><br \/>\nProjekt pt. Logistyka i zarz\u0105dzanie \u2013 mi\u0119dzynarodowe programy studi\u00f3w II stopnia na Wydziale Zarz\u0105dzania Politechniki Bia\u0142ostockiej (LogMan2) skierowany jest do 60 absolwent\u00f3w studi\u00f3w I stopnia, zar\u00f3wno z Polski, Ukrainy, Litwy, Bia\u0142orusi, Kazachstanu, Chin i innych kraj\u00f3w, ch\u0119tnych do podj\u0119cia kszta\u0142cenia w mi\u0119dzynarodowym \u015brodowisku.<\/p>\n<p><b>W ramach projektu przewidziano realizacj\u0119 cyklu kszta\u0142cenia w j\u0119zyku angielskim na studiach II stopnia:<\/b><br \/>\n<b>Zarz\u0105dzanie, specjalno\u015b\u0107: smart and innovative business<\/b> \u2013 mi\u0119dzynarodowy program studi\u00f3w zorientowany na kszta\u0142towanie w studentach kreatywno\u015bci w zakresie tworzenia innowacyjnych start-up\u00f3w i przedsi\u0119biorstw, a zarazem dostarczaj\u0105cy umiej\u0119tno\u015bci inteligentnego zarz\u0105dzania nimi z wykorzystaniem biznesowych narz\u0119dzi IT. Studia trwaj\u0105 4 semestry. Rozpoczn\u0105 si\u0119 od semestru zimowego roku akademickiego 2017\/2018.<\/p>\n<p><b>Zarz\u0105dzanie, specjalno\u015b\u0107: management of business relations between the EU and Eurasian countries<\/b> \u2013 mi\u0119dzynarodowy program studi\u00f3w ukazuj\u0105cy realia rynk\u00f3w pa\u0144stw Eurazji i uwarunkowania wynikaj\u0105ce z integracji europejskiej w zakresie prowadzenia transakcji gospodarczych mi\u0119dzy podmiotami z UE i Eurazji. Studia trwaj\u0105 4 semestry. Rozpoczn\u0105 si\u0119 od semestru zimowego roku akademickiego 2017\/2018.<\/p>\n<p><b>Logistyka<\/b> \u2013 mi\u0119dzynarodowy program studi\u00f3w ukierunkowany na najnowsze trendy w sferze transportu, spedycji, logistyki i zarz\u0105dzania \u0142a\u0144cuchem dostaw oparte na dominacji technologii informacyjnych, po\u0142\u0105czony jednocze\u015bnie z treningiem umiej\u0119tno\u015bci zarz\u0105dzania projektami z zakresu obs\u0142ugi du\u017cych kontrakt\u00f3w w obszarze us\u0142ug logistycznych. Studia trwaj\u0105 3 semestry. Rozpoczn\u0105 si\u0119 od semestru letniego roku akademickiego 2017\/2018.<\/p>\n<p>Praktyczne uzupe\u0142nienie program\u00f3w studi\u00f3w stanowi 2-tygodniowa Mi\u0119dzynarodowa Szko\u0142a Letnia oraz zaj\u0119cia adaptacyjne i przygotowuj\u0105ce cudzoziemc\u00f3w do kontynuowania kszta\u0142cenia lub podj\u0119cia zatrudnienia w Polsce (30 godz.). Dodatkowo dla student\u00f3w zagranicznych przewidziane zosta\u0142y lekcje j\u0119zyka polskiego (120 godz.). W toku realizacji projektu zostan\u0105 zatrudnieni 3 profesorowie z zagranicy.<\/p>\n<p>Studenci zagraniczni dodatkowo b\u0119d\u0105 otrzymywa\u0107 stypendia w kwocie 1500 z\u0142 przeznaczone na utrzymanie i zakwaterowanie w akademikach Politechniki Bia\u0142ostockiej.<\/p>\n<p>Nabyta w trakcie studi\u00f3w wiedza i umiej\u0119tno\u015bci podnios\u0105 konkurencyjno\u015b\u0107 absolwent\u00f3w na polskim jak i zagranicznym rynku pracy. Internacjonalizacja pozwoli studentom na wypracowanie kontakt\u00f3w mi\u0119dzynarodowych stanowi\u0105cych atut w przysz\u0142ej pracy zawodowej oraz udoskonalenie umiej\u0119tno\u015bci j\u0119zykowych i interpersonalnych.<\/p>\n<p>Link do <a title=\"Strona otworzy si\u0119 w nowym oknie.\" href=\"https:\/\/wiz.pb.edu.pl\/projekty\/studia-logman2\/\" target=\"_blank\" rel=\"noopener\">strony projektu.<\/a><\/p>\n","protected":false},"excerpt":{"rendered":"<p>&#8222;Logistyka i zarz\u0105dzanie \u2013 mi\u0119dzynarodowe programy studi\u00f3w II stopnia na Wydziale Zarz\u0105dzania Politechniki Bia\u0142ostockiej (LogMan2)&#8221;.<\/p>\n","protected":false},"author":2,"featured_media":0,"parent":89,"menu_order":6,"comment_status":"closed","ping_status":"closed","template":"","meta":{"_acf_changed":false,"ngg_post_thumbnail":0,"footnotes":""},"class_list":["post-140","page","type-page","status-publish","hentry"],"acf":[],"_links":{"self":[{"href":"https:\/\/pb.edu.pl\/brpm\/wp-json\/wp\/v2\/pages\/140","targetHints":{"allow":["GET"]}}],"collection":[{"href":"https:\/\/pb.edu.pl\/brpm\/wp-json\/wp\/v2\/pages"}],"about":[{"href":"https:\/\/pb.edu.pl\/brpm\/wp-json\/wp\/v2\/types\/page"}],"author":[{"embeddable":true,"href":"https:\/\/pb.edu.pl\/brpm\/wp-json\/wp\/v2\/users\/2"}],"replies":[{"embeddable":true,"href":"https:\/\/pb.edu.pl\/brpm\/wp-json\/wp\/v2\/comments?post=140"}],"version-history":[{"count":0,"href":"https:\/\/pb.edu.pl\/brpm\/wp-json\/wp\/v2\/pages\/140\/revisions"}],"up":[{"embeddable":true,"href":"https:\/\/pb.edu.pl\/brpm\/wp-json\/wp\/v2\/pages\/89"}],"wp:attachment":[{"href":"https:\/\/pb.edu.pl\/brpm\/wp-json\/wp\/v2\/media?parent=140"}],"curies":[{"name":"wp","href":"https:\/\/api.w.org\/{rel}","templated":true}]}}