{"id":1270,"date":"2021-06-30T10:37:35","date_gmt":"2021-06-30T08:37:35","guid":{"rendered":"https:\/\/pb.edu.pl\/brpm\/?page_id=1270"},"modified":"2024-01-31T22:20:46","modified_gmt":"2024-01-31T21:20:46","slug":"dolina_rolnicza","status":"publish","type":"page","link":"https:\/\/pb.edu.pl\/brpm\/projekty-pb\/programy-ue\/projekty-zrealizowane\/dolina_rolnicza\/","title":{"rendered":"Prace badawczo \u2013 rozwojowe &#8211; SaMASZ"},"content":{"rendered":"<h2><img loading=\"lazy\" decoding=\"async\" class=\"alignnone size-full wp-image-1525\" src=\"https:\/\/pb.edu.pl\/brpm\/wp-content\/uploads\/sites\/6\/2022\/10\/belka-POIR_pl.jpg\" alt=\"\" width=\"1778\" height=\"181\" srcset=\"https:\/\/pb.edu.pl\/brpm\/wp-content\/uploads\/sites\/6\/2022\/10\/belka-POIR_pl.jpg 1778w, https:\/\/pb.edu.pl\/brpm\/wp-content\/uploads\/sites\/6\/2022\/10\/belka-POIR_pl-300x31.jpg 300w, https:\/\/pb.edu.pl\/brpm\/wp-content\/uploads\/sites\/6\/2022\/10\/belka-POIR_pl-1024x104.jpg 1024w, https:\/\/pb.edu.pl\/brpm\/wp-content\/uploads\/sites\/6\/2022\/10\/belka-POIR_pl-768x78.jpg 768w, https:\/\/pb.edu.pl\/brpm\/wp-content\/uploads\/sites\/6\/2022\/10\/belka-POIR_pl-1536x156.jpg 1536w\" sizes=\"auto, (max-width: 1778px) 100vw, 1778px\" \/>Projekt \u201ePrace badawczo \u2013 rozwojowe nad zespo\u0142em maszyn rolniczych do zr\u00f3wnowa\u017conego zbioru zielonki z wykorzystaniem inteligentnych technologii firmy SaMASZ wspieraj\u0105cych koncepcj\u0119 Doliny Rolniczej 4.0\u201d realizowany jest w ramach Dzia\u0142ania 1.1 Programu Operacyjnego Inteligentny Rozw\u00f3j 2014-2020 wsp\u00f3\u0142finansowanego ze \u015brodk\u00f3w Europejskiego Funduszu Rozwoju Regionalnego, Poddzia\u0142anie 1.1.1 \u201eBadania przemys\u0142owe i prace rozwojowe realizowane przez przedsi\u0119biorstwa\u201d.<\/h2>\n<p><strong>Celem projektu<\/strong> jest opracowanie i przebadanie zespo\u0142u powi\u0105zanych ze sob\u0105 maszyn do zbioru zielonki z wielkopowierzchniowych area\u0142\u00f3w, zgodnie z koncepcj\u0105 Doliny Rolniczej 4.0., przy zastosowaniu innowacyjnych system\u00f3w i uk\u0142ad\u00f3w, pozwalaj\u0105cych na prowadzenie zr\u00f3wnowa\u017conego, precyzyjnego rolnictwa.<\/p>\n<p><strong>Bud\u017cet projektu:<\/strong> 11 393 247,32 PLN (PB \u2013 3 455 840,41 PLN)<\/p>\n<p><strong>Termin realizacji:<\/strong> 01.01.2021 \u2013 31.12.2023<\/p>\n<h3>Projekt realizowany jest przez Konsorcjum w sk\u0142adzie:<\/h3>\n<ul>\n<li>SaMASZ Sp. z o.o. &#8211; lider<\/li>\n<li>Politechnika Bia\u0142ostocka (Wydzia\u0142 Mechaniczny i Wydzia\u0142 Elektryczny) &#8211; partner<\/li>\n<\/ul>\n","protected":false},"excerpt":{"rendered":"<p>Projekt \u201ePrace badawczo \u2013 rozwojowe nad zespo\u0142em maszyn rolniczych do zr\u00f3wnowa\u017conego zbioru zielonki z wykorzystaniem<\/p>\n","protected":false},"author":33,"featured_media":0,"parent":89,"menu_order":0,"comment_status":"closed","ping_status":"closed","template":"","meta":{"_acf_changed":false,"ngg_post_thumbnail":0,"footnotes":""},"class_list":["post-1270","page","type-page","status-publish","hentry"],"acf":[],"_links":{"self":[{"href":"https:\/\/pb.edu.pl\/brpm\/wp-json\/wp\/v2\/pages\/1270","targetHints":{"allow":["GET"]}}],"collection":[{"href":"https:\/\/pb.edu.pl\/brpm\/wp-json\/wp\/v2\/pages"}],"about":[{"href":"https:\/\/pb.edu.pl\/brpm\/wp-json\/wp\/v2\/types\/page"}],"author":[{"embeddable":true,"href":"https:\/\/pb.edu.pl\/brpm\/wp-json\/wp\/v2\/users\/33"}],"replies":[{"embeddable":true,"href":"https:\/\/pb.edu.pl\/brpm\/wp-json\/wp\/v2\/comments?post=1270"}],"version-history":[{"count":0,"href":"https:\/\/pb.edu.pl\/brpm\/wp-json\/wp\/v2\/pages\/1270\/revisions"}],"up":[{"embeddable":true,"href":"https:\/\/pb.edu.pl\/brpm\/wp-json\/wp\/v2\/pages\/89"}],"wp:attachment":[{"href":"https:\/\/pb.edu.pl\/brpm\/wp-json\/wp\/v2\/media?parent=1270"}],"curies":[{"name":"wp","href":"https:\/\/api.w.org\/{rel}","templated":true}]}}