{"id":1241,"date":"2021-04-07T12:09:26","date_gmt":"2021-04-07T10:09:26","guid":{"rendered":"https:\/\/pb.edu.pl\/brpm\/?page_id=1241"},"modified":"2023-10-18T15:16:44","modified_gmt":"2023-10-18T13:16:44","slug":"pilotaz","status":"publish","type":"page","link":"https:\/\/pb.edu.pl\/brpm\/projekty-pb\/programy-ue\/projekty-zrealizowane\/pilotaz\/","title":{"rendered":"Pilota\u017cowy projekt dotycz\u0105cy rozwoju wsp\u00f3\u0142pracy w zakresie B+R miedzy biznesem i uczelniami"},"content":{"rendered":"<p><img loading=\"lazy\" decoding=\"async\" class=\"aligncenter size-full wp-image-1242\" src=\"https:\/\/pb.edu.pl\/brpm\/wp-content\/uploads\/sites\/6\/2021\/04\/5c_logotypy_EFRR_kolor-scaled.jpg\" alt=\"\" width=\"2560\" height=\"222\" srcset=\"https:\/\/pb.edu.pl\/brpm\/wp-content\/uploads\/sites\/6\/2021\/04\/5c_logotypy_EFRR_kolor-scaled.jpg 2560w, https:\/\/pb.edu.pl\/brpm\/wp-content\/uploads\/sites\/6\/2021\/04\/5c_logotypy_EFRR_kolor-300x26.jpg 300w, https:\/\/pb.edu.pl\/brpm\/wp-content\/uploads\/sites\/6\/2021\/04\/5c_logotypy_EFRR_kolor-1024x89.jpg 1024w, https:\/\/pb.edu.pl\/brpm\/wp-content\/uploads\/sites\/6\/2021\/04\/5c_logotypy_EFRR_kolor-768x67.jpg 768w, https:\/\/pb.edu.pl\/brpm\/wp-content\/uploads\/sites\/6\/2021\/04\/5c_logotypy_EFRR_kolor-1536x133.jpg 1536w, https:\/\/pb.edu.pl\/brpm\/wp-content\/uploads\/sites\/6\/2021\/04\/5c_logotypy_EFRR_kolor-2048x178.jpg 2048w\" sizes=\"auto, (max-width: 2560px) 100vw, 2560px\" \/><\/p>\n<h2 style=\"text-align: left\">Pilota\u017cowy projekt dotycz\u0105cy rozwoju wsp\u00f3\u0142pracy w zakresie B+R miedzy biznesem i uczelniami&nbsp; realizowany jest&nbsp; w ramach Regionalnego Programu Operacyjnego Wojew\u00f3dztwa Podlaskiego na lata 2014-2020.<\/h2>\n<p style=\"text-align: left\"><strong>G\u0142\u00f3wnym celem<\/strong> projektu pilota\u017cowego jest budowa partnerstwa (systemu), w ramach kt\u00f3rego dojdzie do zbudowania silniejszych i bli\u017cszych powi\u0105za\u0144 pomi\u0119dzy uczelniami a regionalnymi przedsi\u0119biorcami, organizacjami pozarz\u0105dowymi i instytucjami otoczenia biznesu na potrzeby podniesienia konkurencyjno\u015bci podlaskich przedsi\u0119biorstw. Dlatego te\u017c g\u0142\u00f3wnymi grupami docelowymi s\u0105 podlascy przedsi\u0119biorcy, uczelnie i inne podmioty otoczenia biznesu.<\/p>\n<p style=\"text-align: left\"><strong>G\u0142\u00f3wnym rezultatem<\/strong> projektu b\u0119dzie raport opracowany na podstawie do\u015bwiadcze\u0144 wynikaj\u0105cych z realizacji projektu pilota\u017cowego. B\u0119dzie on zawiera\u0142 ocen\u0119 podj\u0119tych dzia\u0142a\u0144 oraz uwagi dot. barier napotkanych w trakcie trwania projektu. W raporcie przedstawione zostan\u0105 rekomendacje i propozycje zmian, w zakresie dzia\u0142a\u0144 niezb\u0119dnych do realizacji przysz\u0142ych projekt\u00f3w w okresie programowania 2021-2027. Ponadto planowane jest wdro\u017cenie co najmniej 2 wynik\u00f3w prac B+R, spo\u015br\u00f3d projekt\u00f3w technologicznych zg\u0142oszonych przez \u015brodowisko akademickie, kt\u00f3re otrzymaj\u0105 finansowanie w ramach projektu. Finansowanie otrzymaj\u0105 projekty wy\u0142onione przez ekspert\u00f3w, spo\u015br\u00f3d temat\u00f3w zg\u0142oszonych przez \u015brodowisko naukowe (PB, UMB, UwB), kt\u00f3re b\u0119d\u0105 zgodne z RIS3. 20 temat\u00f3w wyselekcjonowanych przez ekspert\u00f3w, b\u0119dzie podlega\u0107 tak\u017ce, eksperckiej analizie (audytom) w celu ustalenia ich potencja\u0142u komercjalizacji. W ramach projektu planowane jest tak\u017ce stworzenie wsp\u00f3lnej bazy danych w zakresie sprz\u0119tu i wiedzy specjalistycznej B+R. Zawiera\u0107 b\u0119dzie spis kadry, sprz\u0119tu , aparatury, obszar\u00f3w merytorycznych do realizacji zlece\u0144, ich u\u017cyteczno\u015bci dla zastosowa\u0144 komercyjnych w r\u00f3\u017cnych bran\u017cach oferowanych przez jednostki badawcze z regionu. W celu prze\u0142amania barier pomi\u0119dzy przedsi\u0119biorcami i naukowcami, zaplanowano organizacj\u0119 4 wydarze\u0144 Demo Day po\u0142\u0105czonych z spotkaniami typu &#8222;speed dating&#8221;, kt\u00f3re pos\u0142u\u017c\u0105 tak\u017ce zacie\u015bnieniu wsp\u00f3\u0142pracy pomi\u0119dzy nimi.<\/p>\n<p style=\"text-align: left\"><b>Projekt realizowany w konsorcjum:<\/b>&nbsp;<\/p>\n<ul style=\"text-align: left\">\n<li>Politechnika Bia\u0142ostocka &#8211; Lider<\/li>\n<li>Uniwersytet w Bia\u0142ymstoku &#8211; Partner<\/li>\n<li>Uniwersytet Medyczny w Bia\u0142ymstoku &#8211; Partner<\/li>\n<li>Bia\u0142ostocki Park Naukowo-Technologiczny &#8211; Partner<\/li>\n<li>Instytut Innowacji i Technologii Politechniki Bia\u0142ostockiej &#8211; Partner<\/li>\n<li>Centrum Promocji Innowacji i Rozwoju &#8211; Partner<\/li>\n<li>Fundacja Regionalny Ekosystem Innowacji &#8211; Partner<\/li>\n<\/ul>\n<p style=\"text-align: left\"><strong>Okres realizacji:<\/strong> 01.03.2021 r. &#8211; 30.06.2022 r.<\/p>\n<p style=\"text-align: left\"><strong>Warto\u015b\u0107 projektu:<\/strong> 2 724 020,00 PLN<\/p>\n<p style=\"text-align: left\"><strong>Kwota dofinansowania:<\/strong> 2 500 000,00 PLN<\/p>\n<p>Strona projektu: <a title=\"Strona otworzy si\u0119 w nowym oknie.\" href=\"https:\/\/pb.edu.pl\/pilot\/\" target=\"_blank\" rel=\"noopener\">Pilota\u017cowy projekt dotycz\u0105cy rozwoju wsp\u00f3\u0142pracy w zakresie B+R miedzy biznesem i uczelniami<\/a><\/p>\n","protected":false},"excerpt":{"rendered":"<p>Pilota\u017cowy projekt dotycz\u0105cy rozwoju wsp\u00f3\u0142pracy w zakresie B+R miedzy biznesem i uczelniami&nbsp; realizowany jest&nbsp; w<\/p>\n","protected":false},"author":33,"featured_media":0,"parent":89,"menu_order":0,"comment_status":"closed","ping_status":"closed","template":"","meta":{"_acf_changed":false,"ngg_post_thumbnail":0,"footnotes":""},"class_list":["post-1241","page","type-page","status-publish","hentry"],"acf":[],"_links":{"self":[{"href":"https:\/\/pb.edu.pl\/brpm\/wp-json\/wp\/v2\/pages\/1241","targetHints":{"allow":["GET"]}}],"collection":[{"href":"https:\/\/pb.edu.pl\/brpm\/wp-json\/wp\/v2\/pages"}],"about":[{"href":"https:\/\/pb.edu.pl\/brpm\/wp-json\/wp\/v2\/types\/page"}],"author":[{"embeddable":true,"href":"https:\/\/pb.edu.pl\/brpm\/wp-json\/wp\/v2\/users\/33"}],"replies":[{"embeddable":true,"href":"https:\/\/pb.edu.pl\/brpm\/wp-json\/wp\/v2\/comments?post=1241"}],"version-history":[{"count":0,"href":"https:\/\/pb.edu.pl\/brpm\/wp-json\/wp\/v2\/pages\/1241\/revisions"}],"up":[{"embeddable":true,"href":"https:\/\/pb.edu.pl\/brpm\/wp-json\/wp\/v2\/pages\/89"}],"wp:attachment":[{"href":"https:\/\/pb.edu.pl\/brpm\/wp-json\/wp\/v2\/media?parent=1241"}],"curies":[{"name":"wp","href":"https:\/\/api.w.org\/{rel}","templated":true}]}}