{"id":49,"date":"2021-02-15T18:39:14","date_gmt":"2021-02-15T17:39:14","guid":{"rendered":"https:\/\/pb.edu.pl\/bon\/?page_id=49"},"modified":"2021-07-08T00:24:16","modified_gmt":"2021-07-07T22:24:16","slug":"materialy-dostepne","status":"publish","type":"page","link":"https:\/\/pb.edu.pl\/bon\/materialy-dostepne\/","title":{"rendered":"Materia\u0142y dost\u0119pne"},"content":{"rendered":"<div class=\"h2\">Akademicka Biblioteka Cyfrowa<\/div>\n<p>Akademicka Biblioteka Cyfrowa zosta\u0142a stworzona przez Biuro ds. Os\u00f3b Niepe\u0142nosprawnych Uniwersytetu Warszawskiego w celu wyr\u00f3wnywania szans edukacyjnych os\u00f3b z niepe\u0142nosprawno\u015bciami uniemo\u017cliwiaj\u0105cymi lub znacznie utrudniaj\u0105cymi dost\u0119p do materia\u0142\u00f3w w wersji tradycyjnej.<\/p>\n<div class=\"h3\">Czytelnikiem biblioteki ABC mo\u017ce zosta\u0107:<\/div>\n<ul>\n<li>student,<\/li>\n<li>doktorant,<\/li>\n<li>pracownik,<\/li>\n<\/ul>\n<p>Politechniki Bia\u0142ostockiej, posiadaj\u0105cy umiarkowany lub znaczny stopie\u0144 niepe\u0142nosprawno\u015bci z tytu\u0142u utraty wzroku albo innych niepe\u0142nosprawno\u015bci uniemo\u017cliwiaj\u0105cych korzystanie z tradycyjnych materia\u0142\u00f3w w zwyk\u0142ym druku.<\/p>\n<p>Zbiory biblioteczne podzielone zosta\u0142y na trzy kategorie \u201eKsi\u0105\u017cki\u201d, \u201eCzasopisma\u201d i \u201eInne dokumenty\u201d, kt\u00f3rymi mog\u0105 by\u0107 konspekty, prezentacje i r\u00f3\u017cne opracowania.<\/p>\n<p>Obecnie biblioteka liczy kilkana\u015bcie tysi\u0119cy zbior\u00f3w i ich liczba systematycznie wzrasta.<\/p>\n<div class=\"h3\">Jak otrzyma\u0107 dost\u0119p<\/div>\n<p>Ka\u017cdy, kto chcia\u0142by mie\u0107 darmowy dost\u0119p do biblioteki i spe\u0142nia kryteria umo\u017cliwiaj\u0105ce korzystanie z niej, musi zarejestrowa\u0107 si\u0119 na stronie <a href=\"http:\/\/www.abc.uw.edu.pl\/\">www.abc.uw.edu.pl<\/a><br \/>\nW pierwszym kroku nale\u017cy zapozna\u0107 si\u0119 z regulaminem i go zaakceptowa\u0107, a nast\u0119pnie wype\u0142ni\u0107 kr\u00f3tki formularz rejestracyjny, na li\u015bcie uczelni wybra\u0107 Politechnik\u0119 Bia\u0142ostock\u0105.<br \/>\nPo zarejestrowaniu si\u0119, dokumenty potwierdzaj\u0105ce posiadan\u0105 niepe\u0142nosprawno\u015b\u0107 nale\u017cy dostarczy\u0107 do <a href=\"https:\/\/pb.edu.pl\/pbdostepna\/pb-dostepna\/wsparcie-w-ramach-projektu\/bon\/\">Biura ds. Os\u00f3b z Niepe\u0142nosprawno\u015bciami PB<\/a>.<\/p>\n<p>O konieczno\u015bci tej czytelnik jest informowany mailem, kt\u00f3ry ABC wysy\u0142a do niego po rejestracji.<\/p>\n<p>Po dope\u0142nieniu wszystkich formalno\u015bci konto zostanie aktywowane o czym czytelnik zostaje poinformowany osobnym e-mailem, w kt\u00f3rym zawarty jest r\u00f3wnie\u017c link umo\u017cliwiaj\u0105cy ustawienie w\u0142asnego has\u0142a dost\u0119pu do biblioteki. Podczas jego tworzenia nale\u017cy przeczyta\u0107 umieszczone na stronie definiowania has\u0142a, wskaz\u00f3wki dotycz\u0105ce jego tworzenia.<\/p>\n<p>&nbsp;Szczeg\u00f3\u0142owe informacje na temat: <a href=\"https:\/\/bon.uw.edu.pl\/wszystko-o-akademickiej-bibliotece-cyfrowej\/\">Akademickiej Biblioteki Cyfrowej<\/a><br \/>\n&nbsp;<\/p>\n<div class=\"h2\">Repozytorium Uniwersytetu Jagiello\u0144skiego (RUJ)<\/div>\n<p>Uniwersytet Jagiello\u0144ski udost\u0119pnia swe zbiory zaadaptowane dla os\u00f3b z niepe\u0142nosprawno\u015bci\u0105 wzroku.<\/p>\n<p>Celem projektu \u201eRepozytorium otwartego dost\u0119pu do dorobku naukowego i dydaktycznego UJ\u201d jest zwi\u0119kszenie dost\u0119pno\u015bci zasob\u00f3w nauki, zgromadzonych w ramach struktur Uniwersytetu Jagiello\u0144skiego; doskonalenie jako\u015bci informacji sektora publicznego poprzez podniesienie efektywno\u015bci i skuteczno\u015bci dzia\u0142a\u0144 w sferze naukowej, dydaktycznej i administracyjnej. D\u0142ugofalow\u0105 konsekwencj\u0105 realizacji projektu b\u0119dzie szerokie udost\u0119pnienie zasob\u00f3w zebranych w RUJ oraz rozpowszechnienie zebranych informacji za pomoc\u0105 narz\u0119dzi informatycznych. Jednym z wa\u017cniejszych aspekt\u00f3w b\u0119dzie ochrona zasob\u00f3w naukowych i ich utrwalenie w postaci kopii cyfrowej oraz mo\u017cliwo\u015b\u0107 korzystania z rzetelnych tj. zweryfikowanych, potwierdzonych \u017ar\u00f3de\u0142 informacji.<\/p>\n<p>Dost\u0119p do zbior\u00f3w jest darmowy i nie wymaga zak\u0142adania kont <a href=\"https:\/\/ruj.uj.edu.pl\/xmlui\/\">https:\/\/ruj.uj.edu.pl\/xmlui\/<\/a><\/p>\n<p>Zbi\u00f3r publikacji zaadaptowanych dla os\u00f3b z niepe\u0142nosprawno\u015bci\u0105 wzroku dost\u0119pny jest na stronie <a href=\"https:\/\/ruj.uj.edu.pl\/xmlui\/handle\/item\/69614\/discover\">https:\/\/ruj.uj.edu.pl\/xmlui\/handle\/item\/69614\/discover<\/a><\/p>\n<p>Wersje zaadaptowane w formacie Open Office s\u0105 oznaczone jako &#8222;Adaptacja DON&#8221;&nbsp;<br \/>\n&nbsp;<\/p>\n<div class=\"h2\">Atlas Zasob\u00f3w Otwartej Nauki<\/div>\n<p>Projekt \u201eAtlas Zasob\u00f3w Otwartej Nauki 2.0\u201d ma na celu zwi\u0119kszenie dost\u0119pno\u015bci, popraw\u0119 jako\u015bci oraz zwi\u0119kszenie mo\u017cliwo\u015bci ponownego wykorzystania zasob\u00f3w nauki.<\/p>\n<p>Na platformie zgromadzonych ju\u017c zosta\u0142o blisko kilkadziesi\u0105t tysi\u0119cy zasob\u00f3w i ich liczba ci\u0105gle ro\u015bnie. To ksi\u0105\u017cki, czasopisma, artyku\u0142y naukowe, skrypty, szkice, zdj\u0119cia, materia\u0142y konferencyjne, pliki audio i wideo, modele 3D i wiele innych materia\u0142\u00f3w naukowych. Zasoby zebra\u0142y, przygotowa\u0142y i udost\u0119pni\u0142y uczelnie: Politechnika Wroc\u0142awska, Uniwersytet Przyrodniczy we Wroc\u0142awiu, Uniwersytet Medyczny we Wroc\u0142awiu i Akademia Wychowania Fizycznego we Wroc\u0142awiu oraz Instytut Bada\u0144 Systemowych PAN w Warszawie.<\/p>\n<p>Atlas Zasob\u00f3w Otwartej Nauki nie wprowadza \u017cadnych ogranicze\u0144 w dost\u0119pie do zasob\u00f3w. Ka\u017cdy u\u017cytkownik z dost\u0119pem do internetu mo\u017ce z nich skorzysta\u0107, przy tym s\u0105 udost\u0119pniane bez op\u0142at i bez wymogu rejestracji. Zasoby na platformie AZON s\u0105 zintegrowane i dostosowane do najlepszych standard\u00f3w dost\u0119pno\u015bci. Wszystko po to, aby dla naukowc\u00f3w, student\u00f3w, uczni\u00f3w, przedsi\u0119biorc\u00f3w i innych os\u00f3b korzystaj\u0105cych z platformy, korzystanie z niej by\u0142o proste, a zasoby \u0142atwe do odnalezienia i ponownego u\u017cycia.<\/p>\n<p>Dzi\u0119ki zastosowaniu m.in. transkrypcji, napis\u00f3w, w tym napis\u00f3w rozszerzonych, czy te\u017c zgodno\u015bci z wytycznymi WCAG 2.0, Atlas Zasob\u00f3w Otwartej Nauki przystosowany jest tak\u017ce do potrzeb os\u00f3b nies\u0142ysz\u0105cych, niewidz\u0105cych i niedowidz\u0105cych.<\/p>\n<p><strong>Wi\u0119cej o Atlas Zasob\u00f3w Otwartej Nauki:<\/strong><\/p>\n<p><a href=\"https:\/\/zasobynauki.pl\/\">zasobynauki.pl\/<\/a><\/p>\n<p><a href=\"https:\/\/www.facebook.com\/AZON.Zasoby\">www.facebook.com\/AZON.Zasoby<\/a><br \/>\n&nbsp;<\/p>\n<div class=\"h2\">Przeszukiwanie zasob\u00f3w Biblioteki PB za pomoc\u0105 wyszukiwarki naukowej<\/div>\n<p>Przeszukiwanie zasob\u00f3w Biblioteki PB za pomoc\u0105 wyszukiwarki naukowej <a href=\"https:\/\/primo-48pbk.hosted.exlibrisgroup.com\/primo-explore\/search?vid=48PBK_VIEW&amp;lang=pl_PL\">Primo<\/a> mo\u017cna zaw\u0119zi\u0107 do wyda\u0144 dla niewidomych \u2013 dzia\u0142 UKD (0.05-056.262)<\/li>\n<\/ul>\n<p>&nbsp;<\/p>\n","protected":false},"excerpt":{"rendered":"<p>Akademicka Biblioteka Cyfrowa Akademicka Biblioteka Cyfrowa zosta\u0142a stworzona przez Biuro ds. Os\u00f3b Niepe\u0142nosprawnych Uniwersytetu Warszawskiego<\/p>\n","protected":false},"author":2,"featured_media":0,"parent":0,"menu_order":7,"comment_status":"closed","ping_status":"closed","template":"","meta":{"_acf_changed":false,"ngg_post_thumbnail":0,"footnotes":""},"class_list":["post-49","page","type-page","status-publish","hentry"],"acf":[],"yoast_head":"<!-- This site is optimized with the Yoast SEO plugin v27.0 - https:\/\/yoast.com\/product\/yoast-seo-wordpress\/ -->\n<title>Materia\u0142y dost\u0119pne - Biuro ds. Os\u00f3b z Niepe\u0142nosprawno\u015bciami PB<\/title>\n<meta name=\"description\" content=\"Akademicka Biblioteka Cyfrowa Akademicka Biblioteka Cyfrowa zosta\u0142a stworzona przez Biuro ds. Os\u00f3b Niepe\u0142nosprawnych Uniwersytetu Warszawskiego w celu\" \/>\n<meta name=\"robots\" content=\"index, follow, max-snippet:-1, max-image-preview:large, max-video-preview:-1\" \/>\n<link rel=\"canonical\" href=\"https:\/\/pb.edu.pl\/bon\/materialy-dostepne\/\" \/>\n<meta property=\"og:locale\" content=\"pl_PL\" \/>\n<meta property=\"og:type\" content=\"article\" \/>\n<meta property=\"og:title\" content=\"Materia\u0142y dost\u0119pne - Biuro ds. Os\u00f3b z Niepe\u0142nosprawno\u015bciami PB\" \/>\n<meta property=\"og:description\" content=\"Akademicka Biblioteka Cyfrowa Akademicka Biblioteka Cyfrowa zosta\u0142a stworzona przez Biuro ds. Os\u00f3b Niepe\u0142nosprawnych Uniwersytetu Warszawskiego w celu\" \/>\n<meta property=\"og:url\" content=\"https:\/\/pb.edu.pl\/bon\/materialy-dostepne\/\" \/>\n<meta property=\"og:site_name\" content=\"Biuro ds. Os\u00f3b z Niepe\u0142nosprawno\u015bciami PB\" \/>\n<meta property=\"article:modified_time\" content=\"2021-07-07T22:24:16+00:00\" \/>\n<meta name=\"twitter:card\" content=\"summary_large_image\" \/>\n<meta name=\"twitter:label1\" content=\"Szacowany czas czytania\" \/>\n\t<meta name=\"twitter:data1\" content=\"4 minuty\" \/>\n<script type=\"application\/ld+json\" class=\"yoast-schema-graph\">{\"@context\":\"https:\/\/schema.org\",\"@graph\":[{\"@type\":\"WebPage\",\"@id\":\"https:\/\/pb.edu.pl\/bon\/materialy-dostepne\/\",\"url\":\"https:\/\/pb.edu.pl\/bon\/materialy-dostepne\/\",\"name\":\"Materia\u0142y dost\u0119pne - Biuro ds. Os\u00f3b z Niepe\u0142nosprawno\u015bciami PB\",\"isPartOf\":{\"@id\":\"https:\/\/pb.edu.pl\/bon\/#website\"},\"datePublished\":\"2021-02-15T17:39:14+00:00\",\"dateModified\":\"2021-07-07T22:24:16+00:00\",\"description\":\"Akademicka Biblioteka Cyfrowa Akademicka Biblioteka Cyfrowa zosta\u0142a stworzona przez Biuro ds. Os\u00f3b Niepe\u0142nosprawnych Uniwersytetu Warszawskiego w celu\",\"breadcrumb\":{\"@id\":\"https:\/\/pb.edu.pl\/bon\/materialy-dostepne\/#breadcrumb\"},\"inLanguage\":\"pl-PL\",\"potentialAction\":[{\"@type\":\"ReadAction\",\"target\":[\"https:\/\/pb.edu.pl\/bon\/materialy-dostepne\/\"]}]},{\"@type\":\"BreadcrumbList\",\"@id\":\"https:\/\/pb.edu.pl\/bon\/materialy-dostepne\/#breadcrumb\",\"itemListElement\":[{\"@type\":\"ListItem\",\"position\":1,\"name\":\"Strona g\u0142\u00f3wna\",\"item\":\"https:\/\/pb.edu.pl\/bon\/\"},{\"@type\":\"ListItem\",\"position\":2,\"name\":\"Materia\u0142y dost\u0119pne\"}]},{\"@type\":\"WebSite\",\"@id\":\"https:\/\/pb.edu.pl\/bon\/#website\",\"url\":\"https:\/\/pb.edu.pl\/bon\/\",\"name\":\"Biuro ds. Os\u00f3b z Niepe\u0142nosprawno\u015bciami PB\",\"description\":\"Politechniki Bia\u0142ostockiej\",\"potentialAction\":[{\"@type\":\"SearchAction\",\"target\":{\"@type\":\"EntryPoint\",\"urlTemplate\":\"https:\/\/pb.edu.pl\/bon\/?s={search_term_string}\"},\"query-input\":{\"@type\":\"PropertyValueSpecification\",\"valueRequired\":true,\"valueName\":\"search_term_string\"}}],\"inLanguage\":\"pl-PL\"}]}<\/script>\n<!-- \/ Yoast SEO plugin. -->","yoast_head_json":{"title":"Materia\u0142y dost\u0119pne - Biuro ds. Os\u00f3b z Niepe\u0142nosprawno\u015bciami PB","description":"Akademicka Biblioteka Cyfrowa Akademicka Biblioteka Cyfrowa zosta\u0142a stworzona przez Biuro ds. Os\u00f3b Niepe\u0142nosprawnych Uniwersytetu Warszawskiego w celu","robots":{"index":"index","follow":"follow","max-snippet":"max-snippet:-1","max-image-preview":"max-image-preview:large","max-video-preview":"max-video-preview:-1"},"canonical":"https:\/\/pb.edu.pl\/bon\/materialy-dostepne\/","og_locale":"pl_PL","og_type":"article","og_title":"Materia\u0142y dost\u0119pne - Biuro ds. Os\u00f3b z Niepe\u0142nosprawno\u015bciami PB","og_description":"Akademicka Biblioteka Cyfrowa Akademicka Biblioteka Cyfrowa zosta\u0142a stworzona przez Biuro ds. Os\u00f3b Niepe\u0142nosprawnych Uniwersytetu Warszawskiego w celu","og_url":"https:\/\/pb.edu.pl\/bon\/materialy-dostepne\/","og_site_name":"Biuro ds. Os\u00f3b z Niepe\u0142nosprawno\u015bciami PB","article_modified_time":"2021-07-07T22:24:16+00:00","twitter_card":"summary_large_image","twitter_misc":{"Szacowany czas czytania":"4 minuty"},"schema":{"@context":"https:\/\/schema.org","@graph":[{"@type":"WebPage","@id":"https:\/\/pb.edu.pl\/bon\/materialy-dostepne\/","url":"https:\/\/pb.edu.pl\/bon\/materialy-dostepne\/","name":"Materia\u0142y dost\u0119pne - Biuro ds. Os\u00f3b z Niepe\u0142nosprawno\u015bciami PB","isPartOf":{"@id":"https:\/\/pb.edu.pl\/bon\/#website"},"datePublished":"2021-02-15T17:39:14+00:00","dateModified":"2021-07-07T22:24:16+00:00","description":"Akademicka Biblioteka Cyfrowa Akademicka Biblioteka Cyfrowa zosta\u0142a stworzona przez Biuro ds. Os\u00f3b Niepe\u0142nosprawnych Uniwersytetu Warszawskiego w celu","breadcrumb":{"@id":"https:\/\/pb.edu.pl\/bon\/materialy-dostepne\/#breadcrumb"},"inLanguage":"pl-PL","potentialAction":[{"@type":"ReadAction","target":["https:\/\/pb.edu.pl\/bon\/materialy-dostepne\/"]}]},{"@type":"BreadcrumbList","@id":"https:\/\/pb.edu.pl\/bon\/materialy-dostepne\/#breadcrumb","itemListElement":[{"@type":"ListItem","position":1,"name":"Strona g\u0142\u00f3wna","item":"https:\/\/pb.edu.pl\/bon\/"},{"@type":"ListItem","position":2,"name":"Materia\u0142y dost\u0119pne"}]},{"@type":"WebSite","@id":"https:\/\/pb.edu.pl\/bon\/#website","url":"https:\/\/pb.edu.pl\/bon\/","name":"Biuro ds. Os\u00f3b z Niepe\u0142nosprawno\u015bciami PB","description":"Politechniki Bia\u0142ostockiej","potentialAction":[{"@type":"SearchAction","target":{"@type":"EntryPoint","urlTemplate":"https:\/\/pb.edu.pl\/bon\/?s={search_term_string}"},"query-input":{"@type":"PropertyValueSpecification","valueRequired":true,"valueName":"search_term_string"}}],"inLanguage":"pl-PL"}]}},"_links":{"self":[{"href":"https:\/\/pb.edu.pl\/bon\/wp-json\/wp\/v2\/pages\/49","targetHints":{"allow":["GET"]}}],"collection":[{"href":"https:\/\/pb.edu.pl\/bon\/wp-json\/wp\/v2\/pages"}],"about":[{"href":"https:\/\/pb.edu.pl\/bon\/wp-json\/wp\/v2\/types\/page"}],"author":[{"embeddable":true,"href":"https:\/\/pb.edu.pl\/bon\/wp-json\/wp\/v2\/users\/2"}],"replies":[{"embeddable":true,"href":"https:\/\/pb.edu.pl\/bon\/wp-json\/wp\/v2\/comments?post=49"}],"version-history":[{"count":0,"href":"https:\/\/pb.edu.pl\/bon\/wp-json\/wp\/v2\/pages\/49\/revisions"}],"wp:attachment":[{"href":"https:\/\/pb.edu.pl\/bon\/wp-json\/wp\/v2\/media?parent=49"}],"curies":[{"name":"wp","href":"https:\/\/api.w.org\/{rel}","templated":true}]}}