{"id":11,"date":"2021-02-15T17:04:24","date_gmt":"2021-02-15T16:04:24","guid":{"rendered":"https:\/\/pb.edu.pl\/bon\/?page_id=11"},"modified":"2026-02-09T18:12:30","modified_gmt":"2026-02-09T17:12:30","slug":"home","status":"publish","type":"page","link":"https:\/\/pb.edu.pl\/bon\/","title":{"rendered":""},"content":{"rendered":"<div id=\"aktualnosci\" class=\"href\"><\/div>\n<p>&nbsp;<br \/>\n<a name=\"tu-skacz\"><\/a><\/p>\n<h2 style=\"font-size: 3rem;\"><a class=\"color\" style=\"text-decoration: none\" href=\"\/bon\/aktualnosci\/\">Aktualno\u015bci <i class=\"fa fa-caret-right\" aria-hidden=\"true\"><\/i><\/a><\/h2>\n\t\t<div class=\"box news-box \">\n\t\t<div class=\"row\">\n\t\t\t\n\t\t\t\n\t\t\t\t\n\t\t\t\t\t\t\t\t\t\t<div class=\"col-sm-3\">\n\t\t\t\t\t\t\t\n<article class=\"format-standard\">\n    <span class=\"date text-right\"><i class=\"fal fa-calendar-alt\"><\/i> 16-04-2026<\/span>\n    <a href=\"https:\/\/pb.edu.pl\/bon\/2026\/04\/16\/wyklad-neuroprotekcja-na-co-dzien-22-04-2026\/\">\n      <div class=\"article-image\">\n        <img loading=\"lazy\" decoding=\"async\" width=\"480\" height=\"300\" src=\"https:\/\/pb.edu.pl\/bon\/wp-content\/uploads\/sites\/61\/2026\/04\/2026-04-pzp-neuroprotekcja-www-480x300-1.jpg\" class=\"attachment-medium-image-16x10 size-medium-image-16x10 wp-post-image\" alt=\"\" srcset=\"https:\/\/pb.edu.pl\/bon\/wp-content\/uploads\/sites\/61\/2026\/04\/2026-04-pzp-neuroprotekcja-www-480x300-1.jpg 480w, https:\/\/pb.edu.pl\/bon\/wp-content\/uploads\/sites\/61\/2026\/04\/2026-04-pzp-neuroprotekcja-www-480x300-1-300x188.jpg 300w\" sizes=\"auto, (max-width: 480px) 100vw, 480px\" \/>      <\/div>\n      <h3>Wyk\u0142ad &#8222;Neuroprotekcja na co dzie\u0144&#8221; 22.04.2026<\/h3>\n      Zapraszamy na kolejny wyk\u0142ad w ramach profilaktyki zdrowia psychicznego w Politechnice    <\/a>\n<\/article>\t\t\t\t\t\t<\/div>\n\t\t\t\t\t\t\t\t\t\t\t<div class=\"col-sm-3\">\n\t\t\t\t\t\t\t\n<article class=\"format-standard\">\n    <span class=\"date text-right\"><i class=\"fal fa-calendar-alt\"><\/i> 10-04-2026<\/span>\n    <a href=\"https:\/\/pb.edu.pl\/bon\/2026\/04\/10\/informator-dla-osob-z-niepelnosprawnoscia-2026\/\">\n      <div class=\"article-image\">\n        <img loading=\"lazy\" decoding=\"async\" width=\"326\" height=\"300\" src=\"https:\/\/pb.edu.pl\/bon\/wp-content\/uploads\/sites\/61\/2022\/07\/informator_PFRON_2021.png\" class=\"attachment-medium-image-16x10 size-medium-image-16x10 wp-post-image\" alt=\"\" srcset=\"https:\/\/pb.edu.pl\/bon\/wp-content\/uploads\/sites\/61\/2022\/07\/informator_PFRON_2021.png 782w, https:\/\/pb.edu.pl\/bon\/wp-content\/uploads\/sites\/61\/2022\/07\/informator_PFRON_2021-300x276.png 300w, https:\/\/pb.edu.pl\/bon\/wp-content\/uploads\/sites\/61\/2022\/07\/informator_PFRON_2021-768x706.png 768w\" sizes=\"auto, (max-width: 326px) 100vw, 326px\" \/>      <\/div>\n      <h3>Informator dla os\u00f3b z niepe\u0142nosprawno\u015bci\u0105 2026<\/h3>\n      Zapraszamy do lektury nowego wydania \u201eInformatora dla os\u00f3b z niepe\u0142nosprawno\u015bci\u0105\u201d. Publikacja    <\/a>\n<\/article>\t\t\t\t\t\t<\/div>\n\t\t\t\t\t\t\t\t\t\t\t<div class=\"col-sm-3\">\n\t\t\t\t\t\t\t\n<article class=\"format-standard\">\n    <span class=\"date text-right\"><i class=\"fal fa-calendar-alt\"><\/i> 10-04-2026<\/span>\n    <a href=\"https:\/\/pb.edu.pl\/bon\/2026\/04\/10\/harmonogram-bezplatnych-porad-prawnych-w-kwietniu-2026-r\/\">\n      <div class=\"article-image\">\n        <img loading=\"lazy\" decoding=\"async\" width=\"450\" height=\"300\" src=\"https:\/\/pb.edu.pl\/bon\/wp-content\/uploads\/sites\/61\/2021\/06\/ikona-punkt-wsparcia.jpg\" class=\"attachment-medium-image-16x10 size-medium-image-16x10 wp-post-image\" alt=\"\" srcset=\"https:\/\/pb.edu.pl\/bon\/wp-content\/uploads\/sites\/61\/2021\/06\/ikona-punkt-wsparcia.jpg 600w, https:\/\/pb.edu.pl\/bon\/wp-content\/uploads\/sites\/61\/2021\/06\/ikona-punkt-wsparcia-300x200.jpg 300w, https:\/\/pb.edu.pl\/bon\/wp-content\/uploads\/sites\/61\/2021\/06\/ikona-punkt-wsparcia-480x320.jpg 480w\" sizes=\"auto, (max-width: 450px) 100vw, 450px\" \/>      <\/div>\n      <h3>Harmonogram bezp\u0142atnych porad prawnych w kwietniu 2026 r.<\/h3>\n      Jeste\u015b studentem, doktorantem lub pracownikiem Politechniki Bia\u0142ostockiej i masz szczeg\u00f3lne potrzeby?    <\/a>\n<\/article>\t\t\t\t\t\t<\/div>\n\t\t\t\t\t\t\t\t\t\t\t<div class=\"col-sm-3\">\n\t\t\t\t\t\t\t\n<article class=\"format-standard\">\n    <span class=\"date text-right\"><i class=\"fal fa-calendar-alt\"><\/i> 08-04-2026<\/span>\n    <a href=\"https:\/\/pb.edu.pl\/bon\/2026\/04\/08\/bezplatne-warsztaty-o-zdrowiu-psychicznym-dla-studentow-i-pracownikow\/\">\n      <div class=\"article-image\">\n        <img loading=\"lazy\" decoding=\"async\" width=\"480\" height=\"300\" src=\"https:\/\/pb.edu.pl\/bon\/wp-content\/uploads\/sites\/61\/2026\/04\/2026-03-pzp-warsztaty-www-2048x1280-1-480x300.jpg\" class=\"attachment-medium-image-16x10 size-medium-image-16x10 wp-post-image\" alt=\"\" srcset=\"https:\/\/pb.edu.pl\/bon\/wp-content\/uploads\/sites\/61\/2026\/04\/2026-03-pzp-warsztaty-www-2048x1280-1-480x300.jpg 480w, https:\/\/pb.edu.pl\/bon\/wp-content\/uploads\/sites\/61\/2026\/04\/2026-03-pzp-warsztaty-www-2048x1280-1-300x188.jpg 300w, https:\/\/pb.edu.pl\/bon\/wp-content\/uploads\/sites\/61\/2026\/04\/2026-03-pzp-warsztaty-www-2048x1280-1-1024x640.jpg 1024w, https:\/\/pb.edu.pl\/bon\/wp-content\/uploads\/sites\/61\/2026\/04\/2026-03-pzp-warsztaty-www-2048x1280-1-768x480.jpg 768w, https:\/\/pb.edu.pl\/bon\/wp-content\/uploads\/sites\/61\/2026\/04\/2026-03-pzp-warsztaty-www-2048x1280-1-1536x960.jpg 1536w, https:\/\/pb.edu.pl\/bon\/wp-content\/uploads\/sites\/61\/2026\/04\/2026-03-pzp-warsztaty-www-2048x1280-1.jpg 2048w\" sizes=\"auto, (max-width: 480px) 100vw, 480px\" \/>      <\/div>\n      <h3>Bezp\u0142atne warsztaty o zdrowiu psychicznym. Dla Student\u00f3w i Pracownik\u00f3w<\/h3>\n      Zapraszamy na cykl 10 wyj\u0105tkowych spotka\u0144 z ekspertami z Centrum Zdrowia    <\/a>\n<\/article>\t\t\t\t\t\t<\/div>\n\t\t\t\t\t\n\t\t\t\t\n\t\t\t\t\t<\/div>\n\t\t\t\t\t<\/div>\n\n<div id=\"box-menu\" class=\"href\"><\/div>\n<p>&nbsp;<\/p>\n<div class=\"row\">\n<div class=\"col-md-3\">\n\t<div class=\"boxlink animated zoomIn \">\n\t\t<a href=\"\/bon\/kandydaci\/\" class=\"no-icon\">\n\t\t\t<div class=\"boxlink-title\">Kandydaci<span><\/span><\/div>\n\t\t\t<div class=\"boxlink-content\">\n\t\t\t\t<img decoding=\"async\" class=\"aligncenter wp-image-534 size-full\" src=\"https:\/\/pb.edu.pl\/bon\/wp-content\/uploads\/sites\/61\/2021\/06\/ikona-kandydaci.jpg\" alt=\"\">\t\t\t<\/div>\n\t\t<\/a>\n\t<\/div>\n\n<\/div>\n<div class=\"col-md-3\">\n\t<div class=\"boxlink animated zoomIn \">\n\t\t<a href=\"\/bon\/studenci\/\" class=\"no-icon\">\n\t\t\t<div class=\"boxlink-title\">Studenci<span><\/span><\/div>\n\t\t\t<div class=\"boxlink-content\">\n\t\t\t\t<img decoding=\"async\" class=\"aligncenter wp-image-534 size-full\" src=\"https:\/\/pb.edu.pl\/bon\/wp-content\/uploads\/sites\/61\/2021\/06\/ikona-studenci.jpg\" alt=\"\">\t\t\t<\/div>\n\t\t<\/a>\n\t<\/div>\n\n<\/div>\n<div class=\"col-md-3\">\n\t<div class=\"boxlink animated zoomIn \">\n\t\t<a href=\"\/bon\/doktoranci\/\" class=\"no-icon\">\n\t\t\t<div class=\"boxlink-title\">Doktoranci<span><\/span><\/div>\n\t\t\t<div class=\"boxlink-content\">\n\t\t\t\t<img decoding=\"async\" class=\"aligncenter wp-image-534 size-full\" src=\"https:\/\/pb.edu.pl\/bon\/wp-content\/uploads\/sites\/61\/2021\/06\/ikona-doktoranci.jpg\" alt=\"\">\t\t\t<\/div>\n\t\t<\/a>\n\t<\/div>\n\n<\/div>\n<div class=\"col-md-3\">\n\t<div class=\"boxlink animated zoomIn \">\n\t\t<a href=\"\/bon\/naukowcy\/\" class=\"no-icon\">\n\t\t\t<div class=\"boxlink-title\">Naukowcy<span><\/span><\/div>\n\t\t\t<div class=\"boxlink-content\">\n\t\t\t\t<img decoding=\"async\" class=\"aligncenter wp-image-534 size-full\" src=\"https:\/\/pb.edu.pl\/bon\/wp-content\/uploads\/sites\/61\/2021\/06\/ikona-naukowcy.jpg\" alt=\"\">\t\t\t<\/div>\n\t\t<\/a>\n\t<\/div>\n\n<\/div>\n<div class=\"col-md-3\">\n\t<div class=\"boxlink animated zoomIn \">\n\t\t<a href=\"\/bon\/opiekunowie-ozn\/\" class=\"no-icon\">\n\t\t\t<div class=\"boxlink-title\">Opiekunowie OZN<span><\/span><\/div>\n\t\t\t<div class=\"boxlink-content\">\n\t\t\t\t<img decoding=\"async\" class=\"aligncenter wp-image-534 size-full\" src=\"https:\/\/pb.edu.pl\/bon\/wp-content\/uploads\/sites\/61\/2021\/06\/ikona-opiekunowie.jpg\" alt=\"\">\t\t\t<\/div>\n\t\t<\/a>\n\t<\/div>\n\n<\/div>\n<div class=\"col-md-3\">\n\t<div class=\"boxlink animated zoomIn \">\n\t\t<a href=\"https:\/\/pb.edu.pl\/bon\/pracownicy-pb\/\" class=\"no-icon\">\n\t\t\t<div class=\"boxlink-title\">Pracownicy PB<span><\/span><\/div>\n\t\t\t<div class=\"boxlink-content\">\n\t\t\t\t<img decoding=\"async\" class=\"aligncenter wp-image-534 size-full\" src=\"https:\/\/pb.edu.pl\/bon\/wp-content\/uploads\/sites\/61\/2021\/06\/ikona-punkt-wsparcia.jpg\" alt=\"\">\t\t\t<\/div>\n\t\t<\/a>\n\t<\/div>\n\n<\/div>\n<div class=\"col-md-3\">\n\t<div class=\"boxlink animated zoomIn \">\n\t\t<a href=\"\/bon\/materialy-dostepne\/\" class=\"no-icon\">\n\t\t\t<div class=\"boxlink-title\">Materia\u0142y dost\u0119pne<span><\/span><\/div>\n\t\t\t<div class=\"boxlink-content\">\n\t\t\t\t<img decoding=\"async\" class=\"aligncenter wp-image-534 size-full\" src=\"https:\/\/pb.edu.pl\/bon\/wp-content\/uploads\/sites\/61\/2021\/06\/ikona-dokumenty-dostepne.jpg\" alt=\"\">\t\t\t<\/div>\n\t\t<\/a>\n\t<\/div>\n\n<\/div>\n<div class=\"col-md-3\">\n\t<div class=\"boxlink animated zoomIn \">\n\t\t<a href=\"\/bon\/warto-wiedziec\/\" class=\"no-icon\">\n\t\t\t<div class=\"boxlink-title\">Warto wiedzie\u0107<span><\/span><\/div>\n\t\t\t<div class=\"boxlink-content\">\n\t\t\t\t<img decoding=\"async\" class=\"aligncenter wp-image-534 size-full\" src=\"https:\/\/pb.edu.pl\/bon\/wp-content\/uploads\/sites\/61\/2021\/06\/ikona-warto-wiedziec.jpg\" alt=\"\">\t\t\t<\/div>\n\t\t<\/a>\n\t<\/div>\n\n<\/div>\n<div class=\"col-md-3\">\n\t<div class=\"boxlink animated zoomIn \">\n\t\t<a href=\"https:\/\/pb.edu.pl\/pomoc-psychologiczna\/\" class=\"no-icon\">\n\t\t\t<div class=\"boxlink-title\">Pomoc psychologiczna<span><\/span><\/div>\n\t\t\t<div class=\"boxlink-content\">\n\t\t\t\t<img decoding=\"async\" class=\"aligncenter wp-image-534 size-full\" src=\"https:\/\/pb.edu.pl\/bon\/wp-content\/uploads\/sites\/61\/2021\/07\/pomoc-psychologiczna.jpg\" alt=\"\">\t\t\t<\/div>\n\t\t<\/a>\n\t<\/div>\n\n<\/div>\n<div class=\"col-md-3\">\n\t<div class=\"boxlink animated zoomIn \">\n\t\t<a href=\"\/bon\/wypozyczalnia\/\" class=\"no-icon\">\n\t\t\t<div class=\"boxlink-title\">Wypo\u017cyczalnia<span><\/span><\/div>\n\t\t\t<div class=\"boxlink-content\">\n\t\t\t\t<img decoding=\"async\" class=\"aligncenter wp-image-534 size-full\" src=\"https:\/\/pb.edu.pl\/bon\/wp-content\/uploads\/sites\/61\/2021\/06\/ikona-wypozyczalnia.jpg\" alt=\"\">\t\t\t<\/div>\n\t\t<\/a>\n\t<\/div>\n\n<\/div>\n<div class=\"col-md-3\">\n\t<div class=\"boxlink animated zoomIn \">\n\t\t<a href=\"\/bon\/dostepnosc\/\" class=\"no-icon\">\n\t\t\t<div class=\"boxlink-title\">Dost\u0119pno\u015b\u0107<span><\/span><\/div>\n\t\t\t<div class=\"boxlink-content\">\n\t\t\t\t<img decoding=\"async\" class=\"aligncenter wp-image-534 size-full\" src=\"https:\/\/pb.edu.pl\/bon\/wp-content\/uploads\/sites\/61\/2021\/06\/ikona-dostepnosc.jpg\" alt=\"\">\t\t\t<\/div>\n\t\t<\/a>\n\t<\/div>\n\n<\/div>\n<div class=\"col-md-3\">\n\t<div class=\"boxlink animated zoomIn \">\n\t\t<a href=\"\/bon\/kontakt\/\" class=\"no-icon\">\n\t\t\t<div class=\"boxlink-title\">Kontakt<span><\/span><\/div>\n\t\t\t<div class=\"boxlink-content\">\n\t\t\t\t<img decoding=\"async\" class=\"aligncenter wp-image-534 size-full\" src=\"https:\/\/pb.edu.pl\/bon\/wp-content\/uploads\/sites\/61\/2021\/06\/ikona-kontakt.jpg\" alt=\"\">\t\t\t<\/div>\n\t\t<\/a>\n\t<\/div>\n\n<\/div>\n<\/div>\n","protected":false},"excerpt":{"rendered":"<p>&nbsp; Aktualno\u015bci &nbsp;<\/p>\n","protected":false},"author":2,"featured_media":162,"parent":0,"menu_order":1,"comment_status":"closed","ping_status":"closed","template":"templates\/reprezentacyjna-4_8.php","meta":{"_acf_changed":false,"ngg_post_thumbnail":0,"footnotes":""},"class_list":["post-11","page","type-page","status-publish","has-post-thumbnail","hentry"],"acf":[],"yoast_head":"<!-- This site is optimized with the Yoast SEO plugin v27.0 - https:\/\/yoast.com\/product\/yoast-seo-wordpress\/ -->\n<title>Biuro ds. Os\u00f3b z Niepe\u0142nosprawno\u015bciami Politechniki Bia\u0142ostockiej<\/title>\n<meta name=\"description\" content=\"&nbsp;  Aktualno\u015bci    &nbsp;\" \/>\n<meta name=\"robots\" content=\"index, follow, max-snippet:-1, max-image-preview:large, max-video-preview:-1\" \/>\n<link rel=\"canonical\" href=\"https:\/\/pb.edu.pl\/bon\/\" \/>\n<meta property=\"og:locale\" content=\"pl_PL\" \/>\n<meta property=\"og:type\" content=\"article\" \/>\n<meta property=\"og:title\" content=\"Biuro ds. Os\u00f3b z Niepe\u0142nosprawno\u015bciami Politechniki Bia\u0142ostockiej\" \/>\n<meta property=\"og:description\" content=\"&nbsp;  Aktualno\u015bci    &nbsp;\" \/>\n<meta property=\"og:url\" content=\"https:\/\/pb.edu.pl\/bon\/\" \/>\n<meta property=\"og:site_name\" content=\"Biuro ds. Os\u00f3b z Niepe\u0142nosprawno\u015bciami PB\" \/>\n<meta property=\"article:modified_time\" content=\"2026-02-09T17:12:30+00:00\" \/>\n<meta property=\"og:image\" content=\"https:\/\/pb.edu.pl\/bon\/wp-content\/uploads\/sites\/61\/2021\/06\/baner-bon.jpg\" \/>\n\t<meta property=\"og:image:width\" content=\"1240\" \/>\n\t<meta property=\"og:image:height\" content=\"457\" \/>\n\t<meta property=\"og:image:type\" content=\"image\/jpeg\" \/>\n<meta name=\"twitter:card\" content=\"summary_large_image\" \/>\n<meta name=\"twitter:label1\" content=\"Szacowany czas czytania\" \/>\n\t<meta name=\"twitter:data1\" content=\"4 minuty\" \/>\n<script type=\"application\/ld+json\" class=\"yoast-schema-graph\">{\"@context\":\"https:\/\/schema.org\",\"@graph\":[{\"@type\":\"WebPage\",\"@id\":\"https:\/\/pb.edu.pl\/bon\/\",\"url\":\"https:\/\/pb.edu.pl\/bon\/\",\"name\":\"Biuro ds. Os\u00f3b z Niepe\u0142nosprawno\u015bciami Politechniki Bia\u0142ostockiej\",\"isPartOf\":{\"@id\":\"https:\/\/pb.edu.pl\/bon\/#website\"},\"primaryImageOfPage\":{\"@id\":\"https:\/\/pb.edu.pl\/bon\/#primaryimage\"},\"image\":{\"@id\":\"https:\/\/pb.edu.pl\/bon\/#primaryimage\"},\"thumbnailUrl\":\"https:\/\/pb.edu.pl\/bon\/wp-content\/uploads\/sites\/61\/2021\/06\/baner-bon.jpg\",\"datePublished\":\"2021-02-15T16:04:24+00:00\",\"dateModified\":\"2026-02-09T17:12:30+00:00\",\"description\":\"&nbsp; Aktualno\u015bci &nbsp;\",\"inLanguage\":\"pl-PL\",\"potentialAction\":[{\"@type\":\"ReadAction\",\"target\":[\"https:\/\/pb.edu.pl\/bon\/\"]}]},{\"@type\":\"ImageObject\",\"inLanguage\":\"pl-PL\",\"@id\":\"https:\/\/pb.edu.pl\/bon\/#primaryimage\",\"url\":\"https:\/\/pb.edu.pl\/bon\/wp-content\/uploads\/sites\/61\/2021\/06\/baner-bon.jpg\",\"contentUrl\":\"https:\/\/pb.edu.pl\/bon\/wp-content\/uploads\/sites\/61\/2021\/06\/baner-bon.jpg\",\"width\":1240,\"height\":457,\"caption\":\"osoba na w\u00f3zku inwalidzkim, osoba migaj\u0105ca\"},{\"@type\":\"WebSite\",\"@id\":\"https:\/\/pb.edu.pl\/bon\/#website\",\"url\":\"https:\/\/pb.edu.pl\/bon\/\",\"name\":\"Biuro ds. Os\u00f3b z Niepe\u0142nosprawno\u015bciami PB\",\"description\":\"Politechniki Bia\u0142ostockiej\",\"potentialAction\":[{\"@type\":\"SearchAction\",\"target\":{\"@type\":\"EntryPoint\",\"urlTemplate\":\"https:\/\/pb.edu.pl\/bon\/?s={search_term_string}\"},\"query-input\":{\"@type\":\"PropertyValueSpecification\",\"valueRequired\":true,\"valueName\":\"search_term_string\"}}],\"inLanguage\":\"pl-PL\"}]}<\/script>\n<!-- \/ Yoast SEO plugin. -->","yoast_head_json":{"title":"Biuro ds. Os\u00f3b z Niepe\u0142nosprawno\u015bciami Politechniki Bia\u0142ostockiej","description":"&nbsp;  Aktualno\u015bci    &nbsp;","robots":{"index":"index","follow":"follow","max-snippet":"max-snippet:-1","max-image-preview":"max-image-preview:large","max-video-preview":"max-video-preview:-1"},"canonical":"https:\/\/pb.edu.pl\/bon\/","og_locale":"pl_PL","og_type":"article","og_title":"Biuro ds. Os\u00f3b z Niepe\u0142nosprawno\u015bciami Politechniki Bia\u0142ostockiej","og_description":"&nbsp;  Aktualno\u015bci    &nbsp;","og_url":"https:\/\/pb.edu.pl\/bon\/","og_site_name":"Biuro ds. Os\u00f3b z Niepe\u0142nosprawno\u015bciami PB","article_modified_time":"2026-02-09T17:12:30+00:00","og_image":[{"width":1240,"height":457,"url":"https:\/\/pb.edu.pl\/bon\/wp-content\/uploads\/sites\/61\/2021\/06\/baner-bon.jpg","type":"image\/jpeg"}],"twitter_card":"summary_large_image","twitter_misc":{"Szacowany czas czytania":"4 minuty"},"schema":{"@context":"https:\/\/schema.org","@graph":[{"@type":"WebPage","@id":"https:\/\/pb.edu.pl\/bon\/","url":"https:\/\/pb.edu.pl\/bon\/","name":"Biuro ds. Os\u00f3b z Niepe\u0142nosprawno\u015bciami Politechniki Bia\u0142ostockiej","isPartOf":{"@id":"https:\/\/pb.edu.pl\/bon\/#website"},"primaryImageOfPage":{"@id":"https:\/\/pb.edu.pl\/bon\/#primaryimage"},"image":{"@id":"https:\/\/pb.edu.pl\/bon\/#primaryimage"},"thumbnailUrl":"https:\/\/pb.edu.pl\/bon\/wp-content\/uploads\/sites\/61\/2021\/06\/baner-bon.jpg","datePublished":"2021-02-15T16:04:24+00:00","dateModified":"2026-02-09T17:12:30+00:00","description":"&nbsp; Aktualno\u015bci &nbsp;","inLanguage":"pl-PL","potentialAction":[{"@type":"ReadAction","target":["https:\/\/pb.edu.pl\/bon\/"]}]},{"@type":"ImageObject","inLanguage":"pl-PL","@id":"https:\/\/pb.edu.pl\/bon\/#primaryimage","url":"https:\/\/pb.edu.pl\/bon\/wp-content\/uploads\/sites\/61\/2021\/06\/baner-bon.jpg","contentUrl":"https:\/\/pb.edu.pl\/bon\/wp-content\/uploads\/sites\/61\/2021\/06\/baner-bon.jpg","width":1240,"height":457,"caption":"osoba na w\u00f3zku inwalidzkim, osoba migaj\u0105ca"},{"@type":"WebSite","@id":"https:\/\/pb.edu.pl\/bon\/#website","url":"https:\/\/pb.edu.pl\/bon\/","name":"Biuro ds. Os\u00f3b z Niepe\u0142nosprawno\u015bciami PB","description":"Politechniki Bia\u0142ostockiej","potentialAction":[{"@type":"SearchAction","target":{"@type":"EntryPoint","urlTemplate":"https:\/\/pb.edu.pl\/bon\/?s={search_term_string}"},"query-input":{"@type":"PropertyValueSpecification","valueRequired":true,"valueName":"search_term_string"}}],"inLanguage":"pl-PL"}]}},"_links":{"self":[{"href":"https:\/\/pb.edu.pl\/bon\/wp-json\/wp\/v2\/pages\/11","targetHints":{"allow":["GET"]}}],"collection":[{"href":"https:\/\/pb.edu.pl\/bon\/wp-json\/wp\/v2\/pages"}],"about":[{"href":"https:\/\/pb.edu.pl\/bon\/wp-json\/wp\/v2\/types\/page"}],"author":[{"embeddable":true,"href":"https:\/\/pb.edu.pl\/bon\/wp-json\/wp\/v2\/users\/2"}],"replies":[{"embeddable":true,"href":"https:\/\/pb.edu.pl\/bon\/wp-json\/wp\/v2\/comments?post=11"}],"version-history":[{"count":1,"href":"https:\/\/pb.edu.pl\/bon\/wp-json\/wp\/v2\/pages\/11\/revisions"}],"predecessor-version":[{"id":2226,"href":"https:\/\/pb.edu.pl\/bon\/wp-json\/wp\/v2\/pages\/11\/revisions\/2226"}],"wp:featuredmedia":[{"embeddable":true,"href":"https:\/\/pb.edu.pl\/bon\/wp-json\/wp\/v2\/media\/162"}],"wp:attachment":[{"href":"https:\/\/pb.edu.pl\/bon\/wp-json\/wp\/v2\/media?parent=11"}],"curies":[{"name":"wp","href":"https:\/\/api.w.org\/{rel}","templated":true}]}}