{"id":2209,"date":"2025-03-26T13:46:54","date_gmt":"2025-03-26T12:46:54","guid":{"rendered":"https:\/\/pb.edu.pl\/biotech-future\/?page_id=2209"},"modified":"2026-04-02T09:25:26","modified_gmt":"2026-04-02T07:25:26","slug":"sesja-plakatowa-i-konkursy-dla-studentow","status":"publish","type":"page","link":"https:\/\/pb.edu.pl\/biotech-future\/sesja-plakatowa-i-konkursy-dla-studentow\/","title":{"rendered":"Sesja plakatowa i konkursy dla student\u00f3w"},"content":{"rendered":"<div class=\"panel-group\" id=\"custom-collapse-0\">\n<div class=\"panel panel-default\">\n\t\t\t\t<div class=\"panel-heading\">\n\t\t\t\t\t<div class=\"panel-title\">\n\t\t\t\t\t\t<a class=\"collapsed h4\" data-toggle=\"collapse\" data-parent=\"#custom-collapse-0\" href=\"#custom-collapse-0-0\">Konkurs na najlepsze prace dyplomowe<\/a>\n\t\t\t\t\t<\/div>\n\t\t\t\t<\/div>\n\t\t\t\t<div id=\"custom-collapse-0-0\" class=\"panel-collapse collapse\">\n\t\t\t\t\t<div class=\"panel-body\">\nKonkurs skierowany jest do <strong>absolwent\u00f3w studi\u00f3w stacjonarnych I stopnia kierunku biotechnologia<\/strong>, realizowanego na Wydziale Budownictwa i Nauk o \u015arodowisku Politechniki Bia\u0142ostockiej.<\/p>\n<p>Celem konkursu jest promocja biotechnologii jako dynamicznie rozwijaj\u0105cej si\u0119 interdyscyplinarnej dziedziny nauki oraz wspieranie innowacyjnych rozwi\u0105za\u0144 problem\u00f3w badawczych.<\/p>\n<p>Zg\u0142aszane prace powinny by\u0107 obronione po 21 kwietnia 2025 r. i spe\u0142nia\u0107 wymagania okre\u015blone w Regulaminie.<\/p>\n<p>Zg\u0142oszenia nale\u017cy przesy\u0142a\u0107 drog\u0105 elektroniczn\u0105 na adres e-mail: <a href=\"mailto:biotechfuture@pb.edu.pl\" target=\"_blank\" rel=\"noopener noreferrer\">biotechfuture@pb.edu.pl<\/a> do dnia <strong>14 kwietnia 2026 roku<\/strong>. Ka\u017cde zg\u0142oszenie powinno zawiera\u0107 prac\u0119 dyplomow\u0105 w formacie PDF, wype\u0142niony formularz zg\u0142oszeniowy i o\u015bwiadczenie (Za\u0142\u0105cznik nr 1) oraz streszczenie pracy zawieraj\u0105ce jej cel, g\u0142\u00f3wne za\u0142o\u017cenia i og\u00f3lne wnioski (Za\u0142\u0105cznik nr 2).<\/p>\n<p>Prace oceniane s\u0105 przez Kapitu\u0142\u0119 Konkursu powo\u0142an\u0105 spo\u015br\u00f3d cz\u0142onk\u00f3w Komitetu Naukowego konferencji. Podczas oceny brane s\u0105 pod uwag\u0119 m.in.: tw\u00f3rcze i pomys\u0142owe spojrzenie na dany problem, aspekt badawczy wykorzystany w pracy dyplomowej, mo\u017cliwo\u015b\u0107 powszechnego zastosowania wynik\u00f3w i wniosk\u00f3w zawartych w\u202fpracy, jako\u015b\u0107 merytoryczn\u0105 pracy, ocen\u0119 strony formalnej pracy. Ka\u017cda praca oceniana jest indywidualnie przez cz\u0142onk\u00f3w Kapitu\u0142y w skali od 1 do 5, a o przyznaniu nagrody decyduje najwy\u017csza \u015brednia ocen.<\/p>\n<p>Fundatorem nagrody jest Alchem Grupa Sp. z o.o. Organizatorzy przewiduj\u0105 mo\u017cliwo\u015b\u0107 przyznania nagr\u00f3d I, II i III stopnia, a tak\u017ce wyr\u00f3\u017cnie\u0144.<br \/>\nOg\u0142oszenie wynik\u00f3w konkursu oraz wr\u0119czenie nagr\u00f3d nast\u0105pi podczas konferencji \u201eBioTech Future \u2013 biotechnologia nauk\u0105 przysz\u0142o\u015bci\u201d. Informacje o wynikach zostan\u0105 r\u00f3wnie\u017c przekazane uczestnikom drog\u0105 mailow\u0105 do dnia 20 kwietnia 2026 roku.<br \/>\n&nbsp;<\/p>\n<p><a class=\"pdf\" href=\"https:\/\/pb.edu.pl\/biotech-future\/wp-content\/uploads\/sites\/149\/2026\/04\/Regulamin-Konkursu-BioTech-Future-final.pdf\" target=\"_blank\" data-id=\"2344\">Regulamin <span>(PDF, 317 KB, otworzy si\u0119 w nowej karcie)<\/span><\/a><\/p>\n<p><a title=\"pobierz plik\" class=\"docx\" href=\"https:\/\/pb.edu.pl\/biotech-future\/wp-content\/uploads\/sites\/149\/2026\/04\/Zalacznik-nr-1.docx\" data-id=\"2345\">Za\u0142\u0105cznik nr 1 <span>(DOCX, 24 KB)<\/span><\/a><\/p>\n<p><a title=\"pobierz plik\" class=\"docx\" href=\"https:\/\/pb.edu.pl\/biotech-future\/wp-content\/uploads\/sites\/149\/2026\/04\/Zalacznik-nr-2.docx\" data-id=\"2346\">Za\u0142\u0105cznik nr 2 <span>(DOCX, 23 KB)<\/span><\/a><\/p>\n<\/div>\n\t\t\t\t<\/div>\n\t\t\t<\/div>\n<div class=\"panel panel-default\">\n\t\t\t\t<div class=\"panel-heading\">\n\t\t\t\t\t<div class=\"panel-title\">\n\t\t\t\t\t\t<a class=\"collapsed h4\" data-toggle=\"collapse\" data-parent=\"#custom-collapse-0\" href=\"#custom-collapse-0-1\">Studencka sesja plakatowa<\/a>\n\t\t\t\t\t<\/div>\n\t\t\t\t<\/div>\n\t\t\t\t<div id=\"custom-collapse-0-1\" class=\"panel-collapse collapse\">\n\t\t\t\t\t<div class=\"panel-body\">\nSerdecznie zapraszamy student\u00f3w i absolwent\u00f3w kierunku biotechnologia do udzia\u0142u w <strong>studenckiej sesji plakatowej<\/strong>, organizowanej w ramach konferencji BioTech Future \u2013 biotechnologia nauk\u0105 przysz\u0142o\u015bci. Jest to doskona\u0142a okazja do zaprezentowania wynik\u00f3w swoich bada\u0144 oraz wymiany do\u015bwiadcze\u0144 naukowych z innymi uczestnikami.<\/p>\n<p><strong>Zasady zg\u0142osze\u0144:<\/strong><\/p>\n<ul>\n<li>Zg\u0142oszenia temat\u00f3w wyst\u0105pie\u0144 przyjmowane s\u0105 do 14.04.2026 r. poprzez formularz zg\u0142oszeniowy<\/li>\n<li>W przypadku pyta\u0144 prosimy o kontakt na adres: <a href=\"mailto:biotechfuture@pb.edu.pl\" target=\"_blank\" rel=\"noopener noreferrer\">biotechfuture@pb.edu.pl<\/a><\/li>\n<li>Liczba miejsc jest ograniczona \u2013 przyjmujemy zg\u0142oszenia od pierwszych 20 os\u00f3b<\/li>\n<\/ul>\n<p><strong>Przygotowanie i wywieszenie poster\u00f3w:<\/strong><\/p>\n<ul>\n<li>Postery powinny by\u0107 przygotowane zgodnie ze wzorem: <strong>plik w za\u0142\u0105czniku<\/strong><\/li>\n<li>Maksymalny rozmiar posteru: A2 \u2013 420 mm x 594 mm<\/li>\n<li>Druk poster\u00f3w nale\u017cy zrealizowa\u0107 we w\u0142asnym zakresie<\/li>\n<li>Postery nale\u017cy wywiesi\u0107 w miejscu do tego wyznaczonym wyznaczonych w holu przed Aul\u0105 C w dniu 21 kwietnia o godz. 9:00.<\/li>\n<\/ul>\n<p>W czasie trwania sesji autorzy powinni zwi\u0119\u017ale <strong>przedstawi\u0107 wyniki realizowanych bada\u0144 cz\u0142onkom Komitetu Naukowego<\/strong> konferencji oceniaj\u0105cym plakaty.<\/p>\n<p><a class=\"pptx\" title=\"pobierz plik\" href=\"https:\/\/pb.edu.pl\/biotech-future\/wp-content\/uploads\/sites\/149\/2026\/03\/BioTech-Future-wzor-plakatu.pptx\" data-id=\"2335\">Wz\u00f3r plakatu (PPTX, 3 MB)<\/a><\/p>\n<p>Zach\u0119camy do udzia\u0142u i czekamy na Wasze zg\u0142oszenia!<br \/>\n<\/div>\n\t\t\t\t<\/div>\n\t\t\t<\/div>\n<\/div>\n","protected":false},"excerpt":{"rendered":"","protected":false},"author":2,"featured_media":0,"parent":0,"menu_order":0,"comment_status":"closed","ping_status":"closed","template":"","meta":{"_acf_changed":false,"ngg_post_thumbnail":0,"footnotes":""},"class_list":["post-2209","page","type-page","status-publish","hentry"],"acf":[],"_links":{"self":[{"href":"https:\/\/pb.edu.pl\/biotech-future\/wp-json\/wp\/v2\/pages\/2209","targetHints":{"allow":["GET"]}}],"collection":[{"href":"https:\/\/pb.edu.pl\/biotech-future\/wp-json\/wp\/v2\/pages"}],"about":[{"href":"https:\/\/pb.edu.pl\/biotech-future\/wp-json\/wp\/v2\/types\/page"}],"author":[{"embeddable":true,"href":"https:\/\/pb.edu.pl\/biotech-future\/wp-json\/wp\/v2\/users\/2"}],"replies":[{"embeddable":true,"href":"https:\/\/pb.edu.pl\/biotech-future\/wp-json\/wp\/v2\/comments?post=2209"}],"version-history":[{"count":5,"href":"https:\/\/pb.edu.pl\/biotech-future\/wp-json\/wp\/v2\/pages\/2209\/revisions"}],"predecessor-version":[{"id":2347,"href":"https:\/\/pb.edu.pl\/biotech-future\/wp-json\/wp\/v2\/pages\/2209\/revisions\/2347"}],"wp:attachment":[{"href":"https:\/\/pb.edu.pl\/biotech-future\/wp-json\/wp\/v2\/media?parent=2209"}],"curies":[{"name":"wp","href":"https:\/\/api.w.org\/{rel}","templated":true}]}}