{"id":2152,"date":"2025-03-18T23:25:23","date_gmt":"2025-03-18T22:25:23","guid":{"rendered":"https:\/\/pb.edu.pl\/biotech-future\/?page_id=2152"},"modified":"2026-02-03T23:36:45","modified_gmt":"2026-02-03T22:36:45","slug":"galeria-zdjec","status":"publish","type":"page","link":"https:\/\/pb.edu.pl\/biotech-future\/o-konferencji\/galeria-zdjec\/","title":{"rendered":"Galeria zdj\u0119\u0107"},"content":{"rendered":"<p>Serdecznie zapraszamy do obejrzenia galerii zdj\u0119\u0107 z konferencji BioTech Future &#8211; biotechnologia nauk\u0105 przysz\u0142o\u015bci, kt\u00f3ra odby\u0142a si\u0119 w dn. 20.05.2026 r. na Wydziale Budownictwa i Nauk o \u015arodowisku Politechniki Bia\u0142ostockiej. <\/p>\nngg_shortcode_0_placeholder\n","protected":false},"excerpt":{"rendered":"<p>Serdecznie zapraszamy do obejrzenia galerii zdj\u0119\u0107 z konferencji BioTech Future &#8211; biotechnologia nauk\u0105 przysz\u0142o\u015bci, kt\u00f3ra<\/p>\n","protected":false},"author":2,"featured_media":0,"parent":1596,"menu_order":9,"comment_status":"closed","ping_status":"closed","template":"","meta":{"_acf_changed":false,"ngg_post_thumbnail":0,"footnotes":""},"class_list":["post-2152","page","type-page","status-publish","hentry"],"acf":[],"_links":{"self":[{"href":"https:\/\/pb.edu.pl\/biotech-future\/wp-json\/wp\/v2\/pages\/2152","targetHints":{"allow":["GET"]}}],"collection":[{"href":"https:\/\/pb.edu.pl\/biotech-future\/wp-json\/wp\/v2\/pages"}],"about":[{"href":"https:\/\/pb.edu.pl\/biotech-future\/wp-json\/wp\/v2\/types\/page"}],"author":[{"embeddable":true,"href":"https:\/\/pb.edu.pl\/biotech-future\/wp-json\/wp\/v2\/users\/2"}],"replies":[{"embeddable":true,"href":"https:\/\/pb.edu.pl\/biotech-future\/wp-json\/wp\/v2\/comments?post=2152"}],"version-history":[{"count":3,"href":"https:\/\/pb.edu.pl\/biotech-future\/wp-json\/wp\/v2\/pages\/2152\/revisions"}],"predecessor-version":[{"id":2314,"href":"https:\/\/pb.edu.pl\/biotech-future\/wp-json\/wp\/v2\/pages\/2152\/revisions\/2314"}],"up":[{"embeddable":true,"href":"https:\/\/pb.edu.pl\/biotech-future\/wp-json\/wp\/v2\/pages\/1596"}],"wp:attachment":[{"href":"https:\/\/pb.edu.pl\/biotech-future\/wp-json\/wp\/v2\/media?parent=2152"}],"curies":[{"name":"wp","href":"https:\/\/api.w.org\/{rel}","templated":true}]}}