{"id":906,"date":"2021-10-13T12:07:38","date_gmt":"2021-10-13T10:07:38","guid":{"rendered":"https:\/\/pb.edu.pl\/biaman\/?page_id=906"},"modified":"2021-10-15T19:25:02","modified_gmt":"2021-10-15T17:25:02","slug":"tcs","status":"publish","type":"page","link":"https:\/\/pb.edu.pl\/biaman\/tcs\/","title":{"rendered":"Certyfikaty SSL &#8211; us\u0142uga TCS"},"content":{"rendered":"<p><img loading=\"lazy\" decoding=\"async\" class=\"alignleft wp-image-925\" src=\"https:\/\/pb.edu.pl\/biaman\/wp-content\/uploads\/sites\/18\/2021\/10\/box-biaman-ssl.jpg\" alt=\"grafika tarczy z dziurk\u0105 od klucza\" width=\"300\" height=\"169\" srcset=\"https:\/\/pb.edu.pl\/biaman\/wp-content\/uploads\/sites\/18\/2021\/10\/box-biaman-ssl.jpg 640w, https:\/\/pb.edu.pl\/biaman\/wp-content\/uploads\/sites\/18\/2021\/10\/box-biaman-ssl-300x169.jpg 300w\" sizes=\"auto, (max-width: 300px) 100vw, 300px\" \/>Jednostki przy\u0142\u0105czone do sieci BIAMAN, a przez to tak\u017ce do sieci PIONIER, mog\u0105 skorzysta\u0107 z mo\u017cliwo\u015bci nieodp\u0142atnego pozyskiwania certyfikat\u00f3w elektronicznych SSL.<\/p>\n<p>TCS (ang. Terena Certificate Service) jest us\u0142ug\u0105 dodatkow\u0105, dodan\u0105 do us\u0142ugi przy\u0142\u0105czenia do sieci PIONIER. Certyfikaty generuje i podpisuje urz\u0105d certyfikuj\u0105cy uznany jako zaufany w ca\u0142ej sieci Internet (<a title=\"otworzy si\u0119 w nowej karcie\" href=\"https:\/\/sectigo.com\/\" target=\"_blank\" rel=\"noopener\">firma SECTIGO<\/a>).<\/p>\n<p>Us\u0142uga jest \u015bwiadczona wy\u0142\u0105cznie organizacjom, kt\u00f3rych g\u0142\u00f3wna dzia\u0142alno\u015b\u0107 jest zwi\u0105zana z badaniami lub edukacj\u0105, b\u0105d\u017a polega na wsp\u00f3\u0142pracy lub dzia\u0142aniu na rzecz \u015brodowiska naukowo-badawczego.<\/p>\n<div style=\"clear:both\"><\/div>\n<p>Certyfikaty uzyskiwane s\u0105 na podstawie umowy podpisanej pomi\u0119dzy Pozna\u0144skim Centrum Superkomputerowo-Sieciowym (PCSS) i GEANT (ang. pan-European data network for the research and education community). PCSS rejestruje w us\u0142udze jednostki uprawnione, a jednostki we w\u0142asnym zakresie rejestruj\u0105 swoj\u0105 organizacj\u0119 oraz domeny.<\/p>\n<p>Wi\u0119cej informacji dotycz\u0105cych mo\u017cliwo\u015bci skorzystania z us\u0142ugi TCS znajdziecie Pa\u0144stwo na stronach <a title=\"otworzy si\u0119 w nowej karcie\" href=\"https:\/\/tcs.pionier.gov.pl\/\" target=\"_blank\" rel=\"noopener\">Pozna\u0144skiego Centrum Superkomputerowo-Sieciowego<\/a>.<\/p>\n","protected":false},"excerpt":{"rendered":"<p>Jednostki przy\u0142\u0105czone do sieci BIAMAN, a przez to tak\u017ce do sieci PIONIER, mog\u0105 skorzysta\u0107 z<\/p>\n","protected":false},"author":29,"featured_media":0,"parent":0,"menu_order":0,"comment_status":"closed","ping_status":"closed","template":"","meta":{"_acf_changed":false,"ngg_post_thumbnail":0,"footnotes":""},"class_list":["post-906","page","type-page","status-publish","hentry"],"acf":[],"_links":{"self":[{"href":"https:\/\/pb.edu.pl\/biaman\/wp-json\/wp\/v2\/pages\/906","targetHints":{"allow":["GET"]}}],"collection":[{"href":"https:\/\/pb.edu.pl\/biaman\/wp-json\/wp\/v2\/pages"}],"about":[{"href":"https:\/\/pb.edu.pl\/biaman\/wp-json\/wp\/v2\/types\/page"}],"author":[{"embeddable":true,"href":"https:\/\/pb.edu.pl\/biaman\/wp-json\/wp\/v2\/users\/29"}],"replies":[{"embeddable":true,"href":"https:\/\/pb.edu.pl\/biaman\/wp-json\/wp\/v2\/comments?post=906"}],"version-history":[{"count":0,"href":"https:\/\/pb.edu.pl\/biaman\/wp-json\/wp\/v2\/pages\/906\/revisions"}],"wp:attachment":[{"href":"https:\/\/pb.edu.pl\/biaman\/wp-json\/wp\/v2\/media?parent=906"}],"curies":[{"name":"wp","href":"https:\/\/api.w.org\/{rel}","templated":true}]}}