{"id":282,"date":"2020-09-28T00:11:04","date_gmt":"2020-09-27T22:11:04","guid":{"rendered":"https:\/\/pb.edu.pl\/biaman\/?page_id=282"},"modified":"2020-10-18T18:47:13","modified_gmt":"2020-10-18T16:47:13","slug":"internet-w-akademikach","status":"publish","type":"page","link":"https:\/\/pb.edu.pl\/biaman\/internet-w-akademikach\/","title":{"rendered":"Internet w akademikach"},"content":{"rendered":"<div class=\"h4\">Domy Studenta, w kt\u00f3rych \u015bwiadczymy us\u0142ugi:<\/div>\n<ol>\n<li>Politechnika Bia\u0142ostocka:\n<ul>\n<li>DS. Alfa &#8211; ul. Zwierzyniecka 14<\/li>\n<li>DS. Beta &#8211; ul. Zwierzyniecka 12<\/li>\n<li>DS. Gamma &#8211; ul. Zwierzyniecka 8<\/li>\n<li>DS. Delta &#8211; ul. Zwierzyniecka 6<\/li>\n<li>Hotel Asystenta &#8211; ul. Zwierzyniecka 4<\/li>\n<\/ul>\n<\/li>\n<li>Uniwersytet Medyczny w Bia\u0142ymstoku:\n<ul>\n<li>DS. 1 &#8211; ul. Akademicka 3<\/li>\n<li>DS. 2 &#8211; ul. Waszyngtona 23<\/li>\n<\/ul>\n<\/li>\n<li>Uniwersytet w Bia\u0142ymstoku:\n<ul>\n<li>DS. 1 &#8211; ul. \u017beromskiego 1<\/li>\n<li>DS. 3 &#8211; ul. Pogodna 65<\/li>\n<\/ul>\n<\/li>\n<\/ol>\n<div class=\"h3\">Cennik us\u0142ug<\/div>\n<div class=\"table-responsive\">\n<table class=\"table table-bordered\" style=\"width: auto\">\n<thead>\n<tr>\n<th style=\"text-align: center;vertical-align: middle\"><b>Rodzaj op\u0142aty<\/b><\/th>\n<th style=\"text-align: center;vertical-align: middle\"><b>Op\u0142ata netto<\/b><\/th>\n<th style=\"text-align: center;vertical-align: middle\"><b>Kwota VAT<\/b><\/th>\n<th style=\"text-align: center;vertical-align: middle\"><b>Op\u0142ata brutto<\/b><\/th>\n<\/tr>\n<\/thead>\n<tbody>\n<tr>\n<td style=\"text-align: center;vertical-align: middle\">Op\u0142ata instalacyjna\/aktywacyjna<\/td>\n<td style=\"text-align: center;vertical-align: middle\">24,39 z\u0142<\/td>\n<td style=\"text-align: center;vertical-align: middle\">5,61 z\u0142<\/td>\n<td style=\"text-align: center;vertical-align: middle\">30,00 z\u0142<\/td>\n<\/tr>\n<tr>\n<td style=\"text-align: center;vertical-align: middle\">Abonament miesi\u0119czny<br \/>\n<b>Pakiet Podstawowy 50Mbps<\/b><\/td>\n<td style=\"text-align: center;vertical-align: middle\">25,00 z\u0142<\/td>\n<td style=\"text-align: center;vertical-align: middle\">5,75 z\u0142<\/td>\n<td style=\"text-align: center;vertical-align: middle\">30,75 z\u0142<\/td>\n<\/tr>\n<tr>\n<td style=\"text-align: center;vertical-align: middle\">Abonament miesi\u0119czny<br \/>\n<b>Pakiet Rozszerzony 100Mbps<\/b><\/td>\n<td style=\"text-align: center;vertical-align: middle\">50,00 z\u0142<\/td>\n<td style=\"text-align: center;vertical-align: middle\">11,50 z\u0142<\/td>\n<td style=\"text-align: center;vertical-align: middle\">61,50 z\u0142<\/td>\n<\/tr>\n<tr>\n<td style=\"text-align: center;vertical-align: middle\">Zg\u0142oszenie nieuzasadnionej awarii niedost\u0119pno\u015bci<br \/>\nus\u0142ug \u015bwiadczonych przez MSK BIAMAN<\/td>\n<td style=\"text-align: center;vertical-align: middle\">25,00 z\u0142<\/td>\n<td style=\"text-align: center;vertical-align: middle\">5,75 z\u0142<\/td>\n<td style=\"text-align: center;vertical-align: middle\">30,75 z\u0142<\/td>\n<\/tr>\n<\/tbody>\n<\/table>\n<\/div>\n<div class=\"h3\">Zg\u0142oszenia awarii<\/div>\n<p>Wszelkie problemy zwi\u0105zane z nieprawid\u0142owo\u015bciami w dzia\u0142aniu us\u0142ugi mo\u017cna zg\u0142asza\u0107:<\/p>\n<ul>\n<li>osobi\u015bcie: w dni robocze od 8:00 do 16:00 w Biurze Obs\u0142ugi Klienta MSK BIAMAN:<br \/>\nPolitechnika Bia\u0142ostocka<br \/>\nCentrum Komputerowych Sieci Rozleg\u0142ych<br \/>\nul. Wiejska 45A, pok\u00f3j 043<br \/>\n15-351 Bia\u0142ystok<\/li>\n<li>telefonicznie: <i class=\"fa fa-phone\" aria-hidden=\"true\"><\/i> 85 746-91-50, <i class=\"fa fa-phone\" aria-hidden=\"true\"><\/i> 85 746-91-58 (automatyczna sekretarka)<\/li>\n<li>drog\u0105 elektroniczn\u0105 na adres: <i class=\"fa fa-envelope-o\" aria-hidden=\"true\"><\/i> <a href=\"#\" rel=\"nofollow\"  onclick=\"this.href='mailto:' + 'internet' + '@' + 'biaman.pl'\">internet [at] biaman.pl<\/a><\/li>\n<\/ul>\n<div class=\"h3\">Warunki jakie nale\u017cy spe\u0142ni\u0107 aby podpisa\u0107 umow\u0119<\/div>\n<p>W celu podpisania umowy, nale\u017cy mie\u0107 przy sobie dow\u00f3d osobisty oraz adres fizyczny karty sieciowej &#8211; MAC. Informujemy r\u00f3wnie\u017c, i\u017c w przypadku braku wystarczaj\u0105cej liczby gniazdek komputerowych w pokojach, nale\u017cy na w\u0142asny koszt kupi\u0107 switcha (dla mniej wtajemniczonych &#8211; urz\u0105dzenie do \u201epodzia\u0142u sygna\u0142u\u201d).<\/p>\n<h4>Abonent ma obowi\u0105zek:<\/h4>\n<ul>\n<li>terminowo uiszcza\u0107 op\u0142aty<\/li>\n<li>zg\u0142asza\u0107 zmian\u0119 miejsca zamieszkania i zakwaterowania w Domu Studenta\/Hotelu Asystenta<\/li>\n<li>informowa\u0107 o wszelkich zmianach w danych osobowych, kt\u00f3re by\u0142y podane przy podpisaniu umowy<\/li>\n<li>rozwi\u0105za\u0107 umow\u0119, kiedy nie mieszka ju\u017c w Domu Studenta\/Hotelu Asystenta<\/li>\n<li>zg\u0142asza\u0107 awarie bez zb\u0119dnej zw\u0142oki<\/li>\n<\/ul>\n<div class=\"h3\">Abonent bez zgody dostawcy us\u0142ugi nie mo\u017ce:<\/div>\n<ul>\n<li>zmienia\u0107 otrzymanego adresu IP<\/li>\n<li>zmieni\u0107 adresu MAC karty sieciowej<\/li>\n<li>rozdziela\u0107 sygna\u0142u na inne komputery ni\u017c ten okre\u015blony w umowie (NAT, Proxy, itp.)<\/li>\n<li>samowolnie dokonywa\u0107 jakichkolwiek zmian w instalacji sieciowej<\/li>\n<li>powodowa\u0107 przeci\u0105\u017cenia sieci<\/li>\n<li>rozsy\u0142a\u0107 niechcianej poczty (SPAM)<\/li>\n<li>u\u017cywa\u0107 niedozwolonych narz\u0119dzi sieciowych, takich jak sniffery, skanery port\u00f3w, exploity<\/li>\n<li>wykorzystywa\u0107 \u0142\u0105czy w celu uruchamiania serwis\u00f3w \u015bwiadcz\u0105cych us\u0142ugi komercyjne<\/li>\n<li>rozpowszechnia\u0107 informacji sprzecznych z obowi\u0105zuj\u0105cym prawem oraz naruszaj\u0105cych w jakikolwiek spos\u00f3b uczucia religijne lub normy spo\u0142eczne i obyczajowe<\/li>\n<\/ul>\n<div class=\"h3\">P\u0142atno\u015bci<\/div>\n<p>U\u017cytkownik dokonuje op\u0142aty abonamentowej na konto Politechniki Bia\u0142ostockiej. Numer konta nadawany jest indywidualnie na podstawie numeru PESEL Abonenta i widnieje na umowie. Za dzie\u0144 dokonania wp\u0142aty uznaje si\u0119 dat\u0119 wp\u0142ywu \u015brodk\u00f3w pieni\u0119\u017cnych na rachunek Politechniki Bia\u0142ostockiej.<\/p>\n<div class=\"h3\">Rozwi\u0105zanie umowy<\/div>\n<p>Abonent podpisuje umow\u0119 na czas nieokre\u015blony. Rozwi\u0105za\u0107 umow\u0119 mo\u017cna tylko i wy\u0142\u0105cznie w formie pisemnej. Zatem by rozwi\u0105za\u0107 umow\u0119 nale\u017cy osobi\u015bcie stawi\u0107 si\u0119 do Biura Obs\u0142ugi Klienta MSK BIAMAN, kt\u00f3re znajduje si\u0119 w budynku rektoratu Politechniki Bia\u0142ostockiej przy ulicy Wiejskiej 45A p. 043 i podpisa\u0107 o\u015bwiadczenie b\u0105d\u017a przes\u0142a\u0107 je listownie na adres BOK MSK BIAMAN. Rozwi\u0105zanie umowy jest poprzedzone jednomiesi\u0119cznym okresem wypowiedzenia, ze skutkiem na koniec miesi\u0105ca kalendarzowego. W zwi\u0105zku z tym, je\u017celi pismo wypowiadaj\u0105ce umow\u0119 zostanie dor\u0119czone 15 marca br., to okres wypowiedzenia up\u0142ywa 15 kwietnia br., a umowa zostaje rozwi\u0105zania ze skutkiem na koniec miesi\u0105ca kalendarzowego (czyli 30 kwietnia br). Abonent mo\u017ce r\u00f3wnie\u017c zwr\u00f3ci\u0107 si\u0119 do nas z pro\u015bb\u0105 o rozwi\u0105zanie umowy za porozumieniem stron (wa\u017cne by wskazywanym dniem rozwi\u0105zania umowy by\u0142 ostatni dzie\u0144 miesi\u0105ca w kt\u00f3rym chcemy zako\u0144czy\u0107 umow\u0119).<\/p>\n<div class=\"h3\">Zawieszenie \u015bwiadczenia us\u0142ugi<\/div>\n<p>\u015awiadczenie us\u0142ugi mo\u017cna zawiesi\u0107 na okres do 3 miesi\u0119cy (obejmuje 3 pe\u0142ne miesi\u0105ce kalendarzowe). Nie dotyczy to okresu wakacyjnego (lipiec \u2013 wrzesie\u0144), poniewa\u017c wtedy \u015bwiadczenie us\u0142ugi jest zawieszane automatycznie. By zawiesi\u0107 \u015bwiadczenie us\u0142ugi nale\u017cy zg\u0142osi\u0107 takie \u017c\u0105danie osobi\u015bcie w BOK MSK BIAMAN albo mailem na adres: internet@biaman.pl. Wa\u017cne by zg\u0142osi\u0107 \u017c\u0105danie najp\u00f3\u017aniej do ostatniego dnia miesi\u0105ca poprzedzaj\u0105cego miesi\u0105c, w kt\u00f3rym us\u0142uga ma by\u0107 zawieszona.<\/p>\n<p>Na okres wakacji tj. (lipiec \u2013 wrzesie\u0144) \u015bwiadczenie us\u0142ugi jest zawieszane, zgodnie z warunkami umowy. Je\u017celi jednak Abonent chce z us\u0142ugi w tym okresie korzysta\u0107, musi zg\u0142osi\u0107 ten fakt pisemnie lub mailem (internet@biaman.pl), ewentualnie poinformowa\u0107 w tytule wp\u0142aty, np. &#8222;Op\u0142ata za sierpie\u0144&#8221;.<\/p>\n<div class=\"h3\">Faktury<\/div>\n<p>Faktury s\u0105 wystawiane na wniosek Abonenta, pocz\u0105wszy od daty zg\u0142oszenia.<br \/>\nPodstawa prawna: art. 106 ust. 4 ustawy z dnia 11 marca 2004 r. o podatku od towar\u00f3w i us\u0142ug (Dz. U. z 2004 roku, Nr 54, poz. 535).<\/p>\n","protected":false},"excerpt":{"rendered":"<p>Domy Studenta, w kt\u00f3rych \u015bwiadczymy us\u0142ugi: Politechnika Bia\u0142ostocka: DS. Alfa &#8211; ul. Zwierzyniecka 14 DS.<\/p>\n","protected":false},"author":2,"featured_media":0,"parent":0,"menu_order":5,"comment_status":"closed","ping_status":"closed","template":"","meta":{"_acf_changed":false,"ngg_post_thumbnail":0,"footnotes":""},"class_list":["post-282","page","type-page","status-publish","hentry"],"acf":[],"_links":{"self":[{"href":"https:\/\/pb.edu.pl\/biaman\/wp-json\/wp\/v2\/pages\/282","targetHints":{"allow":["GET"]}}],"collection":[{"href":"https:\/\/pb.edu.pl\/biaman\/wp-json\/wp\/v2\/pages"}],"about":[{"href":"https:\/\/pb.edu.pl\/biaman\/wp-json\/wp\/v2\/types\/page"}],"author":[{"embeddable":true,"href":"https:\/\/pb.edu.pl\/biaman\/wp-json\/wp\/v2\/users\/2"}],"replies":[{"embeddable":true,"href":"https:\/\/pb.edu.pl\/biaman\/wp-json\/wp\/v2\/comments?post=282"}],"version-history":[{"count":0,"href":"https:\/\/pb.edu.pl\/biaman\/wp-json\/wp\/v2\/pages\/282\/revisions"}],"wp:attachment":[{"href":"https:\/\/pb.edu.pl\/biaman\/wp-json\/wp\/v2\/media?parent=282"}],"curies":[{"name":"wp","href":"https:\/\/api.w.org\/{rel}","templated":true}]}}