{"id":14,"date":"2018-06-28T15:48:24","date_gmt":"2018-06-28T13:48:24","guid":{"rendered":"https:\/\/pb.edu.pl\/biaman\/?page_id=14"},"modified":"2026-03-25T11:53:16","modified_gmt":"2026-03-25T10:53:16","slug":"o-nas","status":"publish","type":"page","link":"https:\/\/pb.edu.pl\/biaman\/o-nas\/","title":{"rendered":"O nas"},"content":{"rendered":"<div class=\"row\">\n<div class=\"col-sm-9\">\n<p><strong>Centrum Komputerowych Sieci Rozleg\u0142ych (CKSR)<\/strong> jest jednostk\u0105 og\u00f3lnouczelnian\u0105 Politechniki Bia\u0142ostockiej, podporz\u0105dkowan\u0105 bezpo\u015brednio prorektorowi ds. rozwoju, koordynuj\u0105c\u0105 budow\u0119 <b>Miejskiej Sieci Komputerowej BIAMAN<\/b> i jest jej operatorem. Statutowym zadaniem sieci BIAMAN jest zapewnienie \u0142\u0105czno\u015bci sieciowej dla \u015brodowiska naukowego miasta Bia\u0142egostoku i Bia\u0142owie\u017cy. Od 20 grudnia 1994 roku, kiedy to Rektorzy sze\u015bciu wy\u017cszych uczelni podpisali porozumienie \u015brodowiskowe dotycz\u0105ce budowy sieci komputerowej, MSK BIAMAN integruje spo\u0142ecze\u0144stwo informacyjne.<\/p>\n<div class=\"h4\">Centrum Komputerowych Sieci Rozleg\u0142ych Politechniki Bia\u0142ostockiej prowadzi dzia\u0142alno\u015b\u0107 telekomunikacyjn\u0105 na obszarze Rzeczypospolitej Polskiej polegaj\u0105c\u0105 na:<\/div>\n<ul>\n<li>eksploatacji w\u0142asnej \u015bwiat\u0142owodowej sieci transmisji danych,<\/li>\n<li>\u015bwiadczeniu us\u0142ug dost\u0119pu do sieci Internet,<\/li>\n<li>\u015bwiadczeniu us\u0142ug transmisji danych, w tym mi\u0119dzynarodowej transmisji danych,<\/li>\n<li>\u015bwiadczeniu us\u0142ug dzier\u017cawy \u0142\u0105czy telekomunikacyjnych.<\/li>\n<\/ul>\n<div class=\"h4\">Poza obs\u0142ug\u0105 MSK BIAMAN do zakresu dzia\u0142ania Centrum Komputerowych Sieci Rozleg\u0142ych nale\u017c\u0105:<\/div>\n<ul>\n<li>zapewnienie certyfikat\u00f3w SSL;<\/li>\n<li>opiniowanie zakupu sprz\u0119tu informatycznego na potrzeby administracji centralnej Uczelni;<\/li>\n<li>opiniowanie celowo\u015bci zakupu serwer\u00f3w na potrzeby Uczelni;<\/li>\n<li>opiniowanie rozbudowy okablowania strukturalnego na potrzeby administracji centralnej;<\/li>\n<li>odpowiedzialno\u015b\u0107 za funkcjonowanie sieci komputerowej administracji centralnej;<\/li>\n<li>ochrona w\u0119z\u0142\u00f3w sieci administracji centralnej;<\/li>\n<li>ochrona logiczna zasob\u00f3w sieci administracji centralnej;<\/li>\n<li>administrowanie us\u0142ug\u0105 eduroam i dost\u0119pu go\u015bcinnego;<\/li>\n<li>realizacja us\u0142ugi telewizji PlatonTV;<\/li>\n<li>realizacja us\u0142ug wideokonferencji;<\/li>\n<li>\u015bwiadczenie us\u0142ugi poczty elektronicznej;<\/li>\n<li>\u015bwiadczenie us\u0142ugi DNS;<\/li>\n<li>zapewnienie \u0142\u0105czno\u015bci na potrzeby monitoringu wizyjnego Politechniki Bia\u0142ostockiej;<\/li>\n<li>archiwizacja danych cyfrowych;<\/li>\n<li>zapewnienie us\u0142ug plikowych w chmurze prywatnej;<\/li>\n<li>zapewnienie komunikacji wewn\u0119trznej central telefonicznych Politechniki Bia\u0142ostockiej;<\/li>\n<li>zapewnienie us\u0142ugi Active Directory dla administracji centralnej, w tym zarz\u0105dzanie stacjami roboczymi;<\/li>\n<li>zapewnienie serwisu sprz\u0119tu komputerowego w administracji centralnej;<\/li>\n<li>wykonywanie innych zada\u0144 zleconych przez prze\u0142o\u017conych.<\/li>\n<\/ul>\n<\/div>\n<div class=\"col-sm-3\">\n<a class=\"button text-center animated zoomIn active\" style=\"width: 100%\" href=\"\/biaman\/o-nas\/\">O nas<\/a><br \/>\n<a class=\"button text-center animated zoomIn\" style=\"width: 100%\" href=\"\/biaman\/o-nas\/rada-zalozycieli\/\">Rada Za\u0142o\u017cycieli<\/a><br \/>\n<a class=\"button text-center animated zoomIn\" style=\"width: 100%\" href=\"\/biaman\/o-nas\/rada-uzytkownikow\/\">Rada U\u017cytkownik\u00f3w<\/a><br \/>\n<a class=\"button text-center animated zoomIn\" style=\"width: 100%\" href=\"\/biaman\/o-nas\/aktualny-stan-sieci\/\">Aktualny stan sieci<\/a><br \/>\n<a class=\"button text-center animated zoomIn\" style=\"width: 100%\" href=\"\/biaman\/o-nas\/struktury-msk-biaman\/\">Struktury MSK BIAMAN<\/a>\n<\/div>\n<\/div>\n","protected":false},"excerpt":{"rendered":"<p>Centrum Komputerowych Sieci Rozleg\u0142ych (CKSR) jest jednostk\u0105 og\u00f3lnouczelnian\u0105 Politechniki Bia\u0142ostockiej, podporz\u0105dkowan\u0105 bezpo\u015brednio prorektorowi ds. rozwoju,<\/p>\n","protected":false},"author":2,"featured_media":0,"parent":0,"menu_order":1,"comment_status":"closed","ping_status":"closed","template":"","meta":{"_acf_changed":false,"ngg_post_thumbnail":0,"footnotes":""},"class_list":["post-14","page","type-page","status-publish","hentry"],"acf":[],"_links":{"self":[{"href":"https:\/\/pb.edu.pl\/biaman\/wp-json\/wp\/v2\/pages\/14","targetHints":{"allow":["GET"]}}],"collection":[{"href":"https:\/\/pb.edu.pl\/biaman\/wp-json\/wp\/v2\/pages"}],"about":[{"href":"https:\/\/pb.edu.pl\/biaman\/wp-json\/wp\/v2\/types\/page"}],"author":[{"embeddable":true,"href":"https:\/\/pb.edu.pl\/biaman\/wp-json\/wp\/v2\/users\/2"}],"replies":[{"embeddable":true,"href":"https:\/\/pb.edu.pl\/biaman\/wp-json\/wp\/v2\/comments?post=14"}],"version-history":[{"count":1,"href":"https:\/\/pb.edu.pl\/biaman\/wp-json\/wp\/v2\/pages\/14\/revisions"}],"predecessor-version":[{"id":1126,"href":"https:\/\/pb.edu.pl\/biaman\/wp-json\/wp\/v2\/pages\/14\/revisions\/1126"}],"wp:attachment":[{"href":"https:\/\/pb.edu.pl\/biaman\/wp-json\/wp\/v2\/media?parent=14"}],"curies":[{"name":"wp","href":"https:\/\/api.w.org\/{rel}","templated":true}]}}