{"id":21,"date":"2018-09-23T16:36:13","date_gmt":"2018-09-23T14:36:13","guid":{"rendered":"https:\/\/pb.edu.pl\/azs\/?page_id=21"},"modified":"2024-05-07T11:30:45","modified_gmt":"2024-05-07T09:30:45","slug":"zarzad-azs-pb","status":"publish","type":"page","link":"https:\/\/pb.edu.pl\/azs\/zarzad-azs-pb\/","title":{"rendered":"Zarz\u0105d AZS PB"},"content":{"rendered":"<p>Prezes&nbsp;<strong>dr Piotr Klimowicz<\/strong> &#8211; e-mail: p.klimowicz@pb.edu.pl<br \/>\n&nbsp;<br \/>\nCz\u0142onkowie zarz\u0105du:<\/p>\n<ol>\n<li>KIERDELEWICZ Jaros\u0142aw<\/li>\n<li>KUKLI\u0143SKI Pawe\u0142<\/li>\n<li>KUNDA Gabriela &#8211; V-ce Prezes<\/li>\n<li>PE\u0141SZY\u0143SKA Justyna<\/li>\n<li>PIETRASZKO Anna &#8211; Sekretarz<\/li>\n<li>SZCZERBI\u0143SKI Dawid<\/li>\n<li>SZKLARZEWSKA Magdalena<\/li>\n<\/ol>\n","protected":false},"excerpt":{"rendered":"<p>Prezes&nbsp;dr Piotr Klimowicz &#8211; e-mail: p.klimowicz@pb.edu.pl &nbsp; Cz\u0142onkowie zarz\u0105du: KIERDELEWICZ Jaros\u0142aw KUKLI\u0143SKI Pawe\u0142 KUNDA Gabriela<\/p>\n","protected":false},"author":2,"featured_media":0,"parent":0,"menu_order":4,"comment_status":"closed","ping_status":"closed","template":"","meta":{"_acf_changed":false,"ngg_post_thumbnail":0,"footnotes":""},"class_list":["post-21","page","type-page","status-publish","hentry"],"acf":[],"_links":{"self":[{"href":"https:\/\/pb.edu.pl\/azs\/wp-json\/wp\/v2\/pages\/21","targetHints":{"allow":["GET"]}}],"collection":[{"href":"https:\/\/pb.edu.pl\/azs\/wp-json\/wp\/v2\/pages"}],"about":[{"href":"https:\/\/pb.edu.pl\/azs\/wp-json\/wp\/v2\/types\/page"}],"author":[{"embeddable":true,"href":"https:\/\/pb.edu.pl\/azs\/wp-json\/wp\/v2\/users\/2"}],"replies":[{"embeddable":true,"href":"https:\/\/pb.edu.pl\/azs\/wp-json\/wp\/v2\/comments?post=21"}],"version-history":[{"count":0,"href":"https:\/\/pb.edu.pl\/azs\/wp-json\/wp\/v2\/pages\/21\/revisions"}],"wp:attachment":[{"href":"https:\/\/pb.edu.pl\/azs\/wp-json\/wp\/v2\/media?parent=21"}],"curies":[{"name":"wp","href":"https:\/\/api.w.org\/{rel}","templated":true}]}}