{"id":407,"date":"2021-11-20T19:28:29","date_gmt":"2021-11-20T18:28:29","guid":{"rendered":"https:\/\/pb.edu.pl\/auich\/?page_id=407"},"modified":"2021-11-29T12:20:22","modified_gmt":"2021-11-29T11:20:22","slug":"katalog-muzeow-uczelnianych","status":"publish","type":"page","link":"https:\/\/pb.edu.pl\/auich\/centrum-historii\/muzea-uczelniane\/katalog-muzeow-uczelnianych\/","title":{"rendered":"Katalog muze\u00f3w uczelnianych"},"content":{"rendered":"<p>W grudniu 2020 roku Stowarzyszenie Muze\u00f3w Uczelnianych (SMU) wyda\u0142o licz\u0105cy blisko 700 stron katalog \u201eTREASURE HOUSES OF POLISH ACADEMIC HERITAGE\u201d. Projekt dofinansowano ze \u015brodk\u00f3w Ministra Kultury, Dziedzictwa Narodowego i Sportu pochodz\u0105cych z Funduszu Promocji Kultury.<\/p>\n<p>W katalogu zaprezentowa\u0142y si\u0119 muzea i kolekcje z ponad stu r\u00f3\u017cnego typu uczelni naszego kraju.<\/p>\n<p>Kolekcje medyczne i techniczne, sztuka i zbiory kryminalistyczne, bursztyny i r\u00f3\u017cnego typu pami\u0105tki po wybitnych osobisto\u015bciach \u015bwiata nauki, kultury, sztuki i polityki \u2013 to wszystko znajduje si\u0119 na wystawach i w magazynach uczelnianych muze\u00f3w.<\/p>\n<p>Dzi\u0119ki katalogowi z kolekcjami mog\u0105 si\u0119 zapozna\u0107 tak\u017ce obcokrajowcy.<\/p>\n<p>&nbsp;<br \/>\n<a class=\"h2\" title=\"otworzy si\u0119 w nowej karcie\" href=\"https:\/\/muzeauczelniane.pl\/ksiazka\/THPAH.pdf?fbclid=IwAR3ArOvJSh1HlrnJHNtvo3nPsbHYVx9-5ItiEccv9nZPiDj2Zdt_ldtkSjU\" target=\"_blank\" rel=\"noopener\">Katalog Muze\u00f3w Uczelnianych (PDF, 224 MB)<\/a><br \/>\n&nbsp;<\/p>\nngg_shortcode_0_placeholder\n<p>&nbsp;<\/p>\n","protected":false},"excerpt":{"rendered":"<p>W grudniu 2020 roku Stowarzyszenie Muze\u00f3w Uczelnianych (SMU) wyda\u0142o licz\u0105cy blisko 700 stron katalog \u201eTREASURE<\/p>\n","protected":false},"author":2,"featured_media":0,"parent":155,"menu_order":3,"comment_status":"closed","ping_status":"closed","template":"","meta":{"_acf_changed":false,"ngg_post_thumbnail":0,"footnotes":""},"class_list":["post-407","page","type-page","status-publish","hentry"],"acf":[],"yoast_head":"<!-- This site is optimized with the Yoast SEO plugin v27.0 - https:\/\/yoast.com\/product\/yoast-seo-wordpress\/ -->\n<title>Katalog muze\u00f3w uczelnianych - Archiwum Uczelniane i Centrum Historii PB<\/title>\n<meta name=\"description\" content=\"W grudniu 2020 roku Stowarzyszenie Muze\u00f3w Uczelnianych (SMU) wyda\u0142o licz\u0105cy blisko 700 stron katalog \u201eTREASURE HOUSES OF POLISH ACADEMIC HERITAGE\u201d.\" \/>\n<meta name=\"robots\" content=\"index, follow, max-snippet:-1, max-image-preview:large, max-video-preview:-1\" \/>\n<link rel=\"canonical\" href=\"https:\/\/pb.edu.pl\/auich\/centrum-historii\/muzea-uczelniane\/katalog-muzeow-uczelnianych\/\" \/>\n<meta property=\"og:locale\" content=\"pl_PL\" \/>\n<meta property=\"og:type\" content=\"article\" \/>\n<meta property=\"og:title\" content=\"Katalog muze\u00f3w uczelnianych - Archiwum Uczelniane i Centrum Historii PB\" \/>\n<meta property=\"og:description\" content=\"W grudniu 2020 roku Stowarzyszenie Muze\u00f3w Uczelnianych (SMU) wyda\u0142o licz\u0105cy blisko 700 stron katalog \u201eTREASURE HOUSES OF POLISH ACADEMIC HERITAGE\u201d.\" \/>\n<meta property=\"og:url\" content=\"https:\/\/pb.edu.pl\/auich\/centrum-historii\/muzea-uczelniane\/katalog-muzeow-uczelnianych\/\" \/>\n<meta property=\"og:site_name\" content=\"Archiwum Uczelniane i Centrum Historii PB\" \/>\n<meta property=\"article:modified_time\" content=\"2021-11-29T11:20:22+00:00\" \/>\n<meta name=\"twitter:card\" content=\"summary_large_image\" \/>\n<meta name=\"twitter:label1\" content=\"Szacowany czas czytania\" \/>\n\t<meta name=\"twitter:data1\" content=\"1 minuta\" \/>\n<script type=\"application\/ld+json\" class=\"yoast-schema-graph\">{\"@context\":\"https:\/\/schema.org\",\"@graph\":[{\"@type\":\"WebPage\",\"@id\":\"https:\/\/pb.edu.pl\/auich\/centrum-historii\/muzea-uczelniane\/katalog-muzeow-uczelnianych\/\",\"url\":\"https:\/\/pb.edu.pl\/auich\/centrum-historii\/muzea-uczelniane\/katalog-muzeow-uczelnianych\/\",\"name\":\"Katalog muze\u00f3w uczelnianych - Archiwum Uczelniane i Centrum Historii PB\",\"isPartOf\":{\"@id\":\"https:\/\/pb.edu.pl\/auich\/#website\"},\"datePublished\":\"2021-11-20T18:28:29+00:00\",\"dateModified\":\"2021-11-29T11:20:22+00:00\",\"description\":\"W grudniu 2020 roku Stowarzyszenie Muze\u00f3w Uczelnianych (SMU) wyda\u0142o licz\u0105cy blisko 700 stron katalog \u201eTREASURE HOUSES OF POLISH ACADEMIC HERITAGE\u201d.\",\"breadcrumb\":{\"@id\":\"https:\/\/pb.edu.pl\/auich\/centrum-historii\/muzea-uczelniane\/katalog-muzeow-uczelnianych\/#breadcrumb\"},\"inLanguage\":\"pl-PL\",\"potentialAction\":[{\"@type\":\"ReadAction\",\"target\":[\"https:\/\/pb.edu.pl\/auich\/centrum-historii\/muzea-uczelniane\/katalog-muzeow-uczelnianych\/\"]}]},{\"@type\":\"BreadcrumbList\",\"@id\":\"https:\/\/pb.edu.pl\/auich\/centrum-historii\/muzea-uczelniane\/katalog-muzeow-uczelnianych\/#breadcrumb\",\"itemListElement\":[{\"@type\":\"ListItem\",\"position\":1,\"name\":\"Strona g\u0142\u00f3wna\",\"item\":\"https:\/\/pb.edu.pl\/auich\/\"},{\"@type\":\"ListItem\",\"position\":2,\"name\":\"Centrum Historii\",\"item\":\"https:\/\/pb.edu.pl\/auich\/centrum-historii\/\"},{\"@type\":\"ListItem\",\"position\":3,\"name\":\"Muzea uczelniane\",\"item\":\"https:\/\/pb.edu.pl\/auich\/centrum-historii\/muzea-uczelniane\/\"},{\"@type\":\"ListItem\",\"position\":4,\"name\":\"Katalog muze\u00f3w uczelnianych\"}]},{\"@type\":\"WebSite\",\"@id\":\"https:\/\/pb.edu.pl\/auich\/#website\",\"url\":\"https:\/\/pb.edu.pl\/auich\/\",\"name\":\"Archiwum Uczelniane i Centrum Historii PB\",\"description\":\"\",\"potentialAction\":[{\"@type\":\"SearchAction\",\"target\":{\"@type\":\"EntryPoint\",\"urlTemplate\":\"https:\/\/pb.edu.pl\/auich\/?s={search_term_string}\"},\"query-input\":{\"@type\":\"PropertyValueSpecification\",\"valueRequired\":true,\"valueName\":\"search_term_string\"}}],\"inLanguage\":\"pl-PL\"}]}<\/script>\n<!-- \/ Yoast SEO plugin. -->","yoast_head_json":{"title":"Katalog muze\u00f3w uczelnianych - Archiwum Uczelniane i Centrum Historii PB","description":"W grudniu 2020 roku Stowarzyszenie Muze\u00f3w Uczelnianych (SMU) wyda\u0142o licz\u0105cy blisko 700 stron katalog \u201eTREASURE HOUSES OF POLISH ACADEMIC HERITAGE\u201d.","robots":{"index":"index","follow":"follow","max-snippet":"max-snippet:-1","max-image-preview":"max-image-preview:large","max-video-preview":"max-video-preview:-1"},"canonical":"https:\/\/pb.edu.pl\/auich\/centrum-historii\/muzea-uczelniane\/katalog-muzeow-uczelnianych\/","og_locale":"pl_PL","og_type":"article","og_title":"Katalog muze\u00f3w uczelnianych - Archiwum Uczelniane i Centrum Historii PB","og_description":"W grudniu 2020 roku Stowarzyszenie Muze\u00f3w Uczelnianych (SMU) wyda\u0142o licz\u0105cy blisko 700 stron katalog \u201eTREASURE HOUSES OF POLISH ACADEMIC HERITAGE\u201d.","og_url":"https:\/\/pb.edu.pl\/auich\/centrum-historii\/muzea-uczelniane\/katalog-muzeow-uczelnianych\/","og_site_name":"Archiwum Uczelniane i Centrum Historii PB","article_modified_time":"2021-11-29T11:20:22+00:00","twitter_card":"summary_large_image","twitter_misc":{"Szacowany czas czytania":"1 minuta"},"schema":{"@context":"https:\/\/schema.org","@graph":[{"@type":"WebPage","@id":"https:\/\/pb.edu.pl\/auich\/centrum-historii\/muzea-uczelniane\/katalog-muzeow-uczelnianych\/","url":"https:\/\/pb.edu.pl\/auich\/centrum-historii\/muzea-uczelniane\/katalog-muzeow-uczelnianych\/","name":"Katalog muze\u00f3w uczelnianych - Archiwum Uczelniane i Centrum Historii PB","isPartOf":{"@id":"https:\/\/pb.edu.pl\/auich\/#website"},"datePublished":"2021-11-20T18:28:29+00:00","dateModified":"2021-11-29T11:20:22+00:00","description":"W grudniu 2020 roku Stowarzyszenie Muze\u00f3w Uczelnianych (SMU) wyda\u0142o licz\u0105cy blisko 700 stron katalog \u201eTREASURE HOUSES OF POLISH ACADEMIC HERITAGE\u201d.","breadcrumb":{"@id":"https:\/\/pb.edu.pl\/auich\/centrum-historii\/muzea-uczelniane\/katalog-muzeow-uczelnianych\/#breadcrumb"},"inLanguage":"pl-PL","potentialAction":[{"@type":"ReadAction","target":["https:\/\/pb.edu.pl\/auich\/centrum-historii\/muzea-uczelniane\/katalog-muzeow-uczelnianych\/"]}]},{"@type":"BreadcrumbList","@id":"https:\/\/pb.edu.pl\/auich\/centrum-historii\/muzea-uczelniane\/katalog-muzeow-uczelnianych\/#breadcrumb","itemListElement":[{"@type":"ListItem","position":1,"name":"Strona g\u0142\u00f3wna","item":"https:\/\/pb.edu.pl\/auich\/"},{"@type":"ListItem","position":2,"name":"Centrum Historii","item":"https:\/\/pb.edu.pl\/auich\/centrum-historii\/"},{"@type":"ListItem","position":3,"name":"Muzea uczelniane","item":"https:\/\/pb.edu.pl\/auich\/centrum-historii\/muzea-uczelniane\/"},{"@type":"ListItem","position":4,"name":"Katalog muze\u00f3w uczelnianych"}]},{"@type":"WebSite","@id":"https:\/\/pb.edu.pl\/auich\/#website","url":"https:\/\/pb.edu.pl\/auich\/","name":"Archiwum Uczelniane i Centrum Historii PB","description":"","potentialAction":[{"@type":"SearchAction","target":{"@type":"EntryPoint","urlTemplate":"https:\/\/pb.edu.pl\/auich\/?s={search_term_string}"},"query-input":{"@type":"PropertyValueSpecification","valueRequired":true,"valueName":"search_term_string"}}],"inLanguage":"pl-PL"}]}},"_links":{"self":[{"href":"https:\/\/pb.edu.pl\/auich\/wp-json\/wp\/v2\/pages\/407","targetHints":{"allow":["GET"]}}],"collection":[{"href":"https:\/\/pb.edu.pl\/auich\/wp-json\/wp\/v2\/pages"}],"about":[{"href":"https:\/\/pb.edu.pl\/auich\/wp-json\/wp\/v2\/types\/page"}],"author":[{"embeddable":true,"href":"https:\/\/pb.edu.pl\/auich\/wp-json\/wp\/v2\/users\/2"}],"replies":[{"embeddable":true,"href":"https:\/\/pb.edu.pl\/auich\/wp-json\/wp\/v2\/comments?post=407"}],"version-history":[{"count":0,"href":"https:\/\/pb.edu.pl\/auich\/wp-json\/wp\/v2\/pages\/407\/revisions"}],"up":[{"embeddable":true,"href":"https:\/\/pb.edu.pl\/auich\/wp-json\/wp\/v2\/pages\/155"}],"wp:attachment":[{"href":"https:\/\/pb.edu.pl\/auich\/wp-json\/wp\/v2\/media?parent=407"}],"curies":[{"name":"wp","href":"https:\/\/api.w.org\/{rel}","templated":true}]}}