{"id":153,"date":"2021-03-12T20:45:48","date_gmt":"2021-03-12T19:45:48","guid":{"rendered":"https:\/\/pb.edu.pl\/auich\/?page_id=153"},"modified":"2025-10-23T14:06:11","modified_gmt":"2025-10-23T12:06:11","slug":"spacer-po-kampusie","status":"publish","type":"page","link":"https:\/\/pb.edu.pl\/auich\/centrum-historii\/spacer-po-kampusie\/","title":{"rendered":"Spacer po kampusie"},"content":{"rendered":"<p><strong>Zapraszamy do samodzielnego spaceru po kampusie Politechniki Bia\u0142ostockiej.<\/strong><\/p>\n<p>We wskazanych lokalizacjach mo\u017cna zobaczy\u0107 mozaiki i polichromie, kt\u00f3re powstawa\u0142y w po\u0142owie lat 70. XX wieku. Autorem zdobie\u0144 ceramicznych jest artysta plastyk Krystian Salwiczek oraz &nbsp;wsp\u00f3\u0142pracuj\u0105cy z Nim Andrzej Buszka i Andrzej Janota. Natomiast projekty murali w CNK to efekty dzia\u0142alno\u015bci studenckiej.<\/p>\n<p>&nbsp;<\/p>\n<p><strong>Budynek ul. Wiejska 45 A (budynek Rektoratu i WI) &nbsp;\u2013 Mozaiki i polichromie<\/strong><\/p>\n<ol>\n<li>Wej\u015bcie do budynku przy windzie i bankomacie<\/li>\n<li>Hol przed Rektoratem (mi\u0119dzy cz\u0119\u015bci\u0105 A i B)<\/li>\n<li>Hol przed Platon TV (cz\u0119\u015b\u0107 C)<\/li>\n<\/ol>\n<p>&nbsp;<\/p>\n<p><strong>Budynek ul. Zwierzyniecka 10 (dawna sto\u0142\u00f3wka) &#8211; mozaika<\/strong><\/p>\n<ol start=\"4\">\n<li>Hol przed Gabinetem Kanclerzy (wej\u015bcie od strony pergoli)<\/li>\n<\/ol>\n<p><strong>Centrum Nowoczesnego Kszta\u0142cenia ul. Zwierzyniecka 16 \u2013 klatka schodowa przy SJO<\/strong><\/p>\n<ol start=\"5\">\n<li>Murale na klatce schodowej<\/li>\n<\/ol>\n<p><strong>Ogr\u00f3d Nauki PB (pomi\u0119dzy CNK a ul. \u015awierkow\u0105).<\/strong><\/p>\n<p>Grupa grab\u00f3w upami\u0119tniaj\u0105cych osoby wa\u017cne dla spo\u0142eczno\u015bci Uczelni. Miejsce i drzewa nieprzypadkowe \u2013 t\u0119dy od 1935 roku przebiega\u0142a ulica Grabowa. Przy drzewach umieszczono tablice przedstawiaj\u0105ce sylwetki patron\u00f3w drzew.<\/p>\n<p><strong>Ogr\u00f3d biocenotyczny Cyklarium S\u0142oboda (pomi\u0119dzy budynkiem INNO-EKO-TECH a ul. \u015awierkow\u0105)<\/strong><\/p>\n<p>W tym &#8211; \u0142\u0105ki kwietnie, glebarium, s\u0142oje &#8211; czyli&nbsp; pnie drzew oraz s\u0142omaki &#8211; hamaki s\u0142omiane.<\/p>\n<p>&nbsp;<\/p>\n<p>Zapraszamy!<\/p>\n","protected":false},"excerpt":{"rendered":"<p>Zapraszamy do samodzielnego spaceru po kampusie Politechniki Bia\u0142ostockiej. We wskazanych lokalizacjach mo\u017cna zobaczy\u0107 mozaiki i<\/p>\n","protected":false},"author":2,"featured_media":298,"parent":39,"menu_order":8,"comment_status":"closed","ping_status":"closed","template":"","meta":{"_acf_changed":false,"ngg_post_thumbnail":0,"footnotes":""},"class_list":["post-153","page","type-page","status-publish","has-post-thumbnail","hentry"],"acf":[],"yoast_head":"<!-- This site is optimized with the Yoast SEO plugin v27.0 - https:\/\/yoast.com\/product\/yoast-seo-wordpress\/ -->\n<title>Spacer po kampusie - Archiwum Uczelniane i Centrum Historii PB<\/title>\n<meta name=\"description\" content=\"Zapraszamy do samodzielnego spaceru po kampusie Politechniki Bia\u0142ostockiej. We wskazanych lokalizacjach mo\u017cna zobaczy\u0107 mozaiki i polichromie, kt\u00f3re\" \/>\n<meta name=\"robots\" content=\"index, follow, max-snippet:-1, max-image-preview:large, max-video-preview:-1\" \/>\n<link rel=\"canonical\" href=\"https:\/\/pb.edu.pl\/auich\/centrum-historii\/spacer-po-kampusie\/\" \/>\n<meta property=\"og:locale\" content=\"pl_PL\" \/>\n<meta property=\"og:type\" content=\"article\" \/>\n<meta property=\"og:title\" content=\"Spacer po kampusie - Archiwum Uczelniane i Centrum Historii PB\" \/>\n<meta property=\"og:description\" content=\"Zapraszamy do samodzielnego spaceru po kampusie Politechniki Bia\u0142ostockiej. We wskazanych lokalizacjach mo\u017cna zobaczy\u0107 mozaiki i polichromie, kt\u00f3re\" \/>\n<meta property=\"og:url\" content=\"https:\/\/pb.edu.pl\/auich\/centrum-historii\/spacer-po-kampusie\/\" \/>\n<meta property=\"og:site_name\" content=\"Archiwum Uczelniane i Centrum Historii PB\" \/>\n<meta property=\"article:modified_time\" content=\"2025-10-23T12:06:11+00:00\" \/>\n<meta property=\"og:image\" content=\"https:\/\/pb.edu.pl\/auich\/wp-content\/uploads\/sites\/63\/2021\/03\/Faktury-Politechniki.jpg\" \/>\n\t<meta property=\"og:image:width\" content=\"841\" \/>\n\t<meta property=\"og:image:height\" content=\"648\" \/>\n\t<meta property=\"og:image:type\" content=\"image\/jpeg\" \/>\n<meta name=\"twitter:card\" content=\"summary_large_image\" \/>\n<meta name=\"twitter:label1\" content=\"Szacowany czas czytania\" \/>\n\t<meta name=\"twitter:data1\" content=\"1 minuta\" \/>\n<script type=\"application\/ld+json\" class=\"yoast-schema-graph\">{\"@context\":\"https:\/\/schema.org\",\"@graph\":[{\"@type\":\"WebPage\",\"@id\":\"https:\/\/pb.edu.pl\/auich\/centrum-historii\/spacer-po-kampusie\/\",\"url\":\"https:\/\/pb.edu.pl\/auich\/centrum-historii\/spacer-po-kampusie\/\",\"name\":\"Spacer po kampusie - Archiwum Uczelniane i Centrum Historii PB\",\"isPartOf\":{\"@id\":\"https:\/\/pb.edu.pl\/auich\/#website\"},\"primaryImageOfPage\":{\"@id\":\"https:\/\/pb.edu.pl\/auich\/centrum-historii\/spacer-po-kampusie\/#primaryimage\"},\"image\":{\"@id\":\"https:\/\/pb.edu.pl\/auich\/centrum-historii\/spacer-po-kampusie\/#primaryimage\"},\"thumbnailUrl\":\"https:\/\/pb.edu.pl\/auich\/wp-content\/uploads\/sites\/63\/2021\/03\/Faktury-Politechniki.jpg\",\"datePublished\":\"2021-03-12T19:45:48+00:00\",\"dateModified\":\"2025-10-23T12:06:11+00:00\",\"description\":\"Zapraszamy do samodzielnego spaceru po kampusie Politechniki Bia\u0142ostockiej. We wskazanych lokalizacjach mo\u017cna zobaczy\u0107 mozaiki i polichromie, kt\u00f3re\",\"breadcrumb\":{\"@id\":\"https:\/\/pb.edu.pl\/auich\/centrum-historii\/spacer-po-kampusie\/#breadcrumb\"},\"inLanguage\":\"pl-PL\",\"potentialAction\":[{\"@type\":\"ReadAction\",\"target\":[\"https:\/\/pb.edu.pl\/auich\/centrum-historii\/spacer-po-kampusie\/\"]}]},{\"@type\":\"ImageObject\",\"inLanguage\":\"pl-PL\",\"@id\":\"https:\/\/pb.edu.pl\/auich\/centrum-historii\/spacer-po-kampusie\/#primaryimage\",\"url\":\"https:\/\/pb.edu.pl\/auich\/wp-content\/uploads\/sites\/63\/2021\/03\/Faktury-Politechniki.jpg\",\"contentUrl\":\"https:\/\/pb.edu.pl\/auich\/wp-content\/uploads\/sites\/63\/2021\/03\/Faktury-Politechniki.jpg\",\"width\":841,\"height\":648},{\"@type\":\"BreadcrumbList\",\"@id\":\"https:\/\/pb.edu.pl\/auich\/centrum-historii\/spacer-po-kampusie\/#breadcrumb\",\"itemListElement\":[{\"@type\":\"ListItem\",\"position\":1,\"name\":\"Strona g\u0142\u00f3wna\",\"item\":\"https:\/\/pb.edu.pl\/auich\/\"},{\"@type\":\"ListItem\",\"position\":2,\"name\":\"Centrum Historii\",\"item\":\"https:\/\/pb.edu.pl\/auich\/centrum-historii\/\"},{\"@type\":\"ListItem\",\"position\":3,\"name\":\"Spacer po kampusie\"}]},{\"@type\":\"WebSite\",\"@id\":\"https:\/\/pb.edu.pl\/auich\/#website\",\"url\":\"https:\/\/pb.edu.pl\/auich\/\",\"name\":\"Archiwum Uczelniane i Centrum Historii PB\",\"description\":\"\",\"potentialAction\":[{\"@type\":\"SearchAction\",\"target\":{\"@type\":\"EntryPoint\",\"urlTemplate\":\"https:\/\/pb.edu.pl\/auich\/?s={search_term_string}\"},\"query-input\":{\"@type\":\"PropertyValueSpecification\",\"valueRequired\":true,\"valueName\":\"search_term_string\"}}],\"inLanguage\":\"pl-PL\"}]}<\/script>\n<!-- \/ Yoast SEO plugin. -->","yoast_head_json":{"title":"Spacer po kampusie - Archiwum Uczelniane i Centrum Historii PB","description":"Zapraszamy do samodzielnego spaceru po kampusie Politechniki Bia\u0142ostockiej. We wskazanych lokalizacjach mo\u017cna zobaczy\u0107 mozaiki i polichromie, kt\u00f3re","robots":{"index":"index","follow":"follow","max-snippet":"max-snippet:-1","max-image-preview":"max-image-preview:large","max-video-preview":"max-video-preview:-1"},"canonical":"https:\/\/pb.edu.pl\/auich\/centrum-historii\/spacer-po-kampusie\/","og_locale":"pl_PL","og_type":"article","og_title":"Spacer po kampusie - Archiwum Uczelniane i Centrum Historii PB","og_description":"Zapraszamy do samodzielnego spaceru po kampusie Politechniki Bia\u0142ostockiej. We wskazanych lokalizacjach mo\u017cna zobaczy\u0107 mozaiki i polichromie, kt\u00f3re","og_url":"https:\/\/pb.edu.pl\/auich\/centrum-historii\/spacer-po-kampusie\/","og_site_name":"Archiwum Uczelniane i Centrum Historii PB","article_modified_time":"2025-10-23T12:06:11+00:00","og_image":[{"width":841,"height":648,"url":"https:\/\/pb.edu.pl\/auich\/wp-content\/uploads\/sites\/63\/2021\/03\/Faktury-Politechniki.jpg","type":"image\/jpeg"}],"twitter_card":"summary_large_image","twitter_misc":{"Szacowany czas czytania":"1 minuta"},"schema":{"@context":"https:\/\/schema.org","@graph":[{"@type":"WebPage","@id":"https:\/\/pb.edu.pl\/auich\/centrum-historii\/spacer-po-kampusie\/","url":"https:\/\/pb.edu.pl\/auich\/centrum-historii\/spacer-po-kampusie\/","name":"Spacer po kampusie - Archiwum Uczelniane i Centrum Historii PB","isPartOf":{"@id":"https:\/\/pb.edu.pl\/auich\/#website"},"primaryImageOfPage":{"@id":"https:\/\/pb.edu.pl\/auich\/centrum-historii\/spacer-po-kampusie\/#primaryimage"},"image":{"@id":"https:\/\/pb.edu.pl\/auich\/centrum-historii\/spacer-po-kampusie\/#primaryimage"},"thumbnailUrl":"https:\/\/pb.edu.pl\/auich\/wp-content\/uploads\/sites\/63\/2021\/03\/Faktury-Politechniki.jpg","datePublished":"2021-03-12T19:45:48+00:00","dateModified":"2025-10-23T12:06:11+00:00","description":"Zapraszamy do samodzielnego spaceru po kampusie Politechniki Bia\u0142ostockiej. We wskazanych lokalizacjach mo\u017cna zobaczy\u0107 mozaiki i polichromie, kt\u00f3re","breadcrumb":{"@id":"https:\/\/pb.edu.pl\/auich\/centrum-historii\/spacer-po-kampusie\/#breadcrumb"},"inLanguage":"pl-PL","potentialAction":[{"@type":"ReadAction","target":["https:\/\/pb.edu.pl\/auich\/centrum-historii\/spacer-po-kampusie\/"]}]},{"@type":"ImageObject","inLanguage":"pl-PL","@id":"https:\/\/pb.edu.pl\/auich\/centrum-historii\/spacer-po-kampusie\/#primaryimage","url":"https:\/\/pb.edu.pl\/auich\/wp-content\/uploads\/sites\/63\/2021\/03\/Faktury-Politechniki.jpg","contentUrl":"https:\/\/pb.edu.pl\/auich\/wp-content\/uploads\/sites\/63\/2021\/03\/Faktury-Politechniki.jpg","width":841,"height":648},{"@type":"BreadcrumbList","@id":"https:\/\/pb.edu.pl\/auich\/centrum-historii\/spacer-po-kampusie\/#breadcrumb","itemListElement":[{"@type":"ListItem","position":1,"name":"Strona g\u0142\u00f3wna","item":"https:\/\/pb.edu.pl\/auich\/"},{"@type":"ListItem","position":2,"name":"Centrum Historii","item":"https:\/\/pb.edu.pl\/auich\/centrum-historii\/"},{"@type":"ListItem","position":3,"name":"Spacer po kampusie"}]},{"@type":"WebSite","@id":"https:\/\/pb.edu.pl\/auich\/#website","url":"https:\/\/pb.edu.pl\/auich\/","name":"Archiwum Uczelniane i Centrum Historii PB","description":"","potentialAction":[{"@type":"SearchAction","target":{"@type":"EntryPoint","urlTemplate":"https:\/\/pb.edu.pl\/auich\/?s={search_term_string}"},"query-input":{"@type":"PropertyValueSpecification","valueRequired":true,"valueName":"search_term_string"}}],"inLanguage":"pl-PL"}]}},"_links":{"self":[{"href":"https:\/\/pb.edu.pl\/auich\/wp-json\/wp\/v2\/pages\/153","targetHints":{"allow":["GET"]}}],"collection":[{"href":"https:\/\/pb.edu.pl\/auich\/wp-json\/wp\/v2\/pages"}],"about":[{"href":"https:\/\/pb.edu.pl\/auich\/wp-json\/wp\/v2\/types\/page"}],"author":[{"embeddable":true,"href":"https:\/\/pb.edu.pl\/auich\/wp-json\/wp\/v2\/users\/2"}],"replies":[{"embeddable":true,"href":"https:\/\/pb.edu.pl\/auich\/wp-json\/wp\/v2\/comments?post=153"}],"version-history":[{"count":0,"href":"https:\/\/pb.edu.pl\/auich\/wp-json\/wp\/v2\/pages\/153\/revisions"}],"up":[{"embeddable":true,"href":"https:\/\/pb.edu.pl\/auich\/wp-json\/wp\/v2\/pages\/39"}],"wp:featuredmedia":[{"embeddable":true,"href":"https:\/\/pb.edu.pl\/auich\/wp-json\/wp\/v2\/media\/298"}],"wp:attachment":[{"href":"https:\/\/pb.edu.pl\/auich\/wp-json\/wp\/v2\/media?parent=153"}],"curies":[{"name":"wp","href":"https:\/\/api.w.org\/{rel}","templated":true}]}}