{"id":146,"date":"2021-03-12T20:41:02","date_gmt":"2021-03-12T19:41:02","guid":{"rendered":"https:\/\/pb.edu.pl\/auich\/?page_id=146"},"modified":"2021-11-20T21:04:39","modified_gmt":"2021-11-20T20:04:39","slug":"patron","status":"publish","type":"page","link":"https:\/\/pb.edu.pl\/auich\/centrum-historii\/patron\/","title":{"rendered":"Patron"},"content":{"rendered":"<p>&nbsp;<\/p>\n<figure id=\"attachment_370\" aria-describedby=\"caption-attachment-370\" style=\"width: 225px\" class=\"wp-caption alignleft\"><img loading=\"lazy\" decoding=\"async\" class=\"wp-image-370 size-medium\" src=\"https:\/\/pb.edu.pl\/auich\/wp-content\/uploads\/sites\/63\/2021\/11\/Miroslaw_Bujanowski-fot.-Wojciech-Walendziuk-3-2-225x300.jpg\" alt=\"Miros\u0142aw Bujanowski, m\u0119\u017cczyzna z aparatem fotograficznym\" width=\"225\" height=\"300\" srcset=\"https:\/\/pb.edu.pl\/auich\/wp-content\/uploads\/sites\/63\/2021\/11\/Miroslaw_Bujanowski-fot.-Wojciech-Walendziuk-3-2-225x300.jpg 225w, https:\/\/pb.edu.pl\/auich\/wp-content\/uploads\/sites\/63\/2021\/11\/Miroslaw_Bujanowski-fot.-Wojciech-Walendziuk-3-2-768x1024.jpg 768w, https:\/\/pb.edu.pl\/auich\/wp-content\/uploads\/sites\/63\/2021\/11\/Miroslaw_Bujanowski-fot.-Wojciech-Walendziuk-3-2-1152x1536.jpg 1152w, https:\/\/pb.edu.pl\/auich\/wp-content\/uploads\/sites\/63\/2021\/11\/Miroslaw_Bujanowski-fot.-Wojciech-Walendziuk-3-2-1536x2048.jpg 1536w, https:\/\/pb.edu.pl\/auich\/wp-content\/uploads\/sites\/63\/2021\/11\/Miroslaw_Bujanowski-fot.-Wojciech-Walendziuk-3-2-scaled.jpg 1920w\" sizes=\"auto, (max-width: 225px) 100vw, 225px\" \/><figcaption id=\"caption-attachment-370\" class=\"wp-caption-text\"><span style=\"font-size: 10pt\">in\u017c. Miros\u0142aw Bujanowski, fot.Wojciech Walendziuk<\/span><\/figcaption><\/figure>\n<p style=\"text-align: left\"><strong>In\u017cynier Miros\u0142aw Bujanowski &#8211; patron Centrum Historii<\/strong><\/p>\n<p style=\"text-align: left\">Miros\u0142aw Bujanowski urodzi\u0142 si\u0119 30 lipca 1950 r. w Suwa\u0142kach.<br \/>\nPo uko\u0144czeniu Liceum Og\u00f3lnokszta\u0142c\u0105cego im. Marii Konopnickiej<br \/>\nw Suwa\u0142kach wyjecha\u0142 do Wroc\u0142awia. W 1968 r. podj\u0105\u0142 nauk\u0119<br \/>\nw Pomaturalnym Studium Zawodowym Elektronicznych Zak\u0142ad\u00f3w<br \/>\nNaukowych \u201eELWRO\u201d&nbsp; (Elektronika Wroc\u0142awska) , zako\u0144czon\u0105<br \/>\nuzyskaniem tytu\u0142u technika elektronika ze specjalno\u015bci\u0105<br \/>\n\u201eElektroniczne Maszyny Matematyczne\u201d. Prac\u0119 zawodow\u0105 rozpocz\u0105\u0142<br \/>\n20 listopada 1972 r. w Wy\u017cszej Szkole In\u017cynierskiej w Bia\u0142ymstoku.<br \/>\nTytu\u0142 in\u017cyniera elektryka uzyska\u0142 17 listopada 1979 r. w Instytucie<br \/>\nElektrotechniki Politechniki Bia\u0142ostockiej, przekszta\u0142conej ju\u017c wtedy<br \/>\nz WSI. To w\u0142a\u015bnie z t\u0105 jednostk\u0105 na blisko 45 lat zwi\u0105za\u0142 swoje \u017cycie<br \/>\nzawodowe.<\/p>\n<p style=\"text-align: left\">Gromadzeniem aparatury oraz obiekt\u00f3w obrazuj\u0105cych histori\u0119<br \/>\nUczelni zaj\u0105\u0142 si\u0119 w latach osiemdziesi\u0105tych XX wieku. By\u0142 cz\u0142onkiem<br \/>\nkomisji zajmuj\u0105cej si\u0119 likwidacj\u0105 maj\u0105tku szko\u0142y. Przygl\u0105da\u0142 si\u0119 przedmiotom przeznaczonym do kasacji<br \/>\ni te \u2013 uznane za najcenniejsze \u2013 zabezpiecza\u0142 i przechowywa\u0142. Kolejn\u0105 Jego pasj\u0105 by\u0142a fotografia.<br \/>\nDokumentowa\u0142 wydarzenia na Uczelni, zbiera\u0142 zdj\u0119cia innych autor\u00f3w, opisywa\u0142 je i segregowa\u0142.<br \/>\nAnalizowa\u0142 dokumentacj\u0119 techniczn\u0105 i administracyjn\u0105, rozmawia\u0142 ze studentami i absolwentami,<br \/>\nspisywa\u0142 wspomnienia i powtarza\u0142, \u017ce utworzenie muzeum uczelnianego jest konieczno\u015bci\u0105.<br \/>\nJako inicjator utworzenia na Wydziale Elektrycznym wystawy \u201eEksponatorium ALMARIA\u201d,<br \/>\nprzedstawiaj\u0105cej rozw\u00f3j elektrotechniki, a zarazem jej przewodnik, zachwyca\u0142 opowie\u015bciami kolejne grupy<br \/>\nzwiedzaj\u0105cych. Powo\u0142any 5 listopada 2012 r. na pe\u0142nomocnika rektora ds. tworzenia Izby Pami\u0119ci<br \/>\nkontynuowa\u0142 swoj\u0105 dzia\u0142alno\u015b\u0107, zara\u017caj\u0105c ide\u0105 dbania o to, co minione, coraz wi\u0119cej os\u00f3b.<br \/>\nJego artyku\u0142y z cyklu \u201eZ archiwalnej teki\u2026\u201d publikowane w uczelnianym pi\u015bmie \u201e\u017bycie Politechniki\u201d<br \/>\ncieszy\u0142y si\u0119 du\u017c\u0105 popularno\u015bci\u0105 w\u015br\u00f3d czytelnik\u00f3w. Zosta\u0142 tytu\u0142owym bohaterem odcinka pt. \u201eKolekcjoner<br \/>\nskarb\u00f3w\u201d w serii program\u00f3w <em>Naukowe pasje niezwyk\u0142ych ludzi,<\/em> realizowanej przez PlatonTV.<br \/>\nBy\u0142 skarbnic\u0105 wiedzy o Uczelni i jej dziejach. In\u017c. Miros\u0142aw Bujanowski zmar\u0142 25 wrze\u015bnia 2017 r.<br \/>\nJego idea piel\u0119gnowania pami\u0119ci o ludziach oraz ochrony miejsc, przedmiot\u00f3w i wspomnie\u0144<br \/>\nprzed zapomnieniem jest ci\u0105gle obecna w Politechnice Bia\u0142ostockiej.<\/p>\n<p style=\"text-align: left\">&nbsp;<\/p>\n","protected":false},"excerpt":{"rendered":"<p>&nbsp; In\u017cynier Miros\u0142aw Bujanowski &#8211; patron Centrum Historii Miros\u0142aw Bujanowski urodzi\u0142 si\u0119 30 lipca 1950<\/p>\n","protected":false},"author":2,"featured_media":0,"parent":39,"menu_order":5,"comment_status":"closed","ping_status":"closed","template":"","meta":{"_acf_changed":false,"ngg_post_thumbnail":0,"footnotes":""},"class_list":["post-146","page","type-page","status-publish","hentry"],"acf":[],"yoast_head":"<!-- This site is optimized with the Yoast SEO plugin v27.0 - https:\/\/yoast.com\/product\/yoast-seo-wordpress\/ -->\n<title>Patron - Archiwum Uczelniane i Centrum Historii PB<\/title>\n<meta name=\"description\" content=\"In\u017cynier, pasjonat, inicjator utworzenia muzeum na Politechnice Bia\u0142ostockiej\" \/>\n<meta name=\"robots\" content=\"index, follow, max-snippet:-1, max-image-preview:large, max-video-preview:-1\" \/>\n<link rel=\"canonical\" href=\"https:\/\/pb.edu.pl\/auich\/centrum-historii\/patron\/\" \/>\n<meta property=\"og:locale\" content=\"pl_PL\" \/>\n<meta property=\"og:type\" content=\"article\" \/>\n<meta property=\"og:title\" content=\"Patron - Archiwum Uczelniane i Centrum Historii PB\" \/>\n<meta property=\"og:description\" content=\"In\u017cynier, pasjonat, inicjator utworzenia muzeum na Politechnice Bia\u0142ostockiej\" \/>\n<meta property=\"og:url\" content=\"https:\/\/pb.edu.pl\/auich\/centrum-historii\/patron\/\" \/>\n<meta property=\"og:site_name\" content=\"Archiwum Uczelniane i Centrum Historii PB\" \/>\n<meta property=\"article:modified_time\" content=\"2021-11-20T20:04:39+00:00\" \/>\n<meta property=\"og:image\" content=\"https:\/\/pb.edu.pl\/auich\/wp-content\/uploads\/sites\/63\/2021\/11\/Miroslaw_Bujanowski-fot.-Wojciech-Walendziuk-3-2-225x300.jpg\" \/>\n<meta name=\"twitter:card\" content=\"summary_large_image\" \/>\n<meta name=\"twitter:label1\" content=\"Szacowany czas czytania\" \/>\n\t<meta name=\"twitter:data1\" content=\"2 minuty\" \/>\n<script type=\"application\/ld+json\" class=\"yoast-schema-graph\">{\"@context\":\"https:\/\/schema.org\",\"@graph\":[{\"@type\":\"WebPage\",\"@id\":\"https:\/\/pb.edu.pl\/auich\/centrum-historii\/patron\/\",\"url\":\"https:\/\/pb.edu.pl\/auich\/centrum-historii\/patron\/\",\"name\":\"Patron - Archiwum Uczelniane i Centrum Historii PB\",\"isPartOf\":{\"@id\":\"https:\/\/pb.edu.pl\/auich\/#website\"},\"primaryImageOfPage\":{\"@id\":\"https:\/\/pb.edu.pl\/auich\/centrum-historii\/patron\/#primaryimage\"},\"image\":{\"@id\":\"https:\/\/pb.edu.pl\/auich\/centrum-historii\/patron\/#primaryimage\"},\"thumbnailUrl\":\"https:\/\/pb.edu.pl\/auich\/wp-content\/uploads\/sites\/63\/2021\/11\/Miroslaw_Bujanowski-fot.-Wojciech-Walendziuk-3-2-225x300.jpg\",\"datePublished\":\"2021-03-12T19:41:02+00:00\",\"dateModified\":\"2021-11-20T20:04:39+00:00\",\"description\":\"In\u017cynier, pasjonat, inicjator utworzenia muzeum na Politechnice Bia\u0142ostockiej\",\"breadcrumb\":{\"@id\":\"https:\/\/pb.edu.pl\/auich\/centrum-historii\/patron\/#breadcrumb\"},\"inLanguage\":\"pl-PL\",\"potentialAction\":[{\"@type\":\"ReadAction\",\"target\":[\"https:\/\/pb.edu.pl\/auich\/centrum-historii\/patron\/\"]}]},{\"@type\":\"ImageObject\",\"inLanguage\":\"pl-PL\",\"@id\":\"https:\/\/pb.edu.pl\/auich\/centrum-historii\/patron\/#primaryimage\",\"url\":\"https:\/\/pb.edu.pl\/auich\/wp-content\/uploads\/sites\/63\/2021\/11\/Miroslaw_Bujanowski-fot.-Wojciech-Walendziuk-3-2-scaled.jpg\",\"contentUrl\":\"https:\/\/pb.edu.pl\/auich\/wp-content\/uploads\/sites\/63\/2021\/11\/Miroslaw_Bujanowski-fot.-Wojciech-Walendziuk-3-2-scaled.jpg\",\"width\":1920,\"height\":2560},{\"@type\":\"BreadcrumbList\",\"@id\":\"https:\/\/pb.edu.pl\/auich\/centrum-historii\/patron\/#breadcrumb\",\"itemListElement\":[{\"@type\":\"ListItem\",\"position\":1,\"name\":\"Strona g\u0142\u00f3wna\",\"item\":\"https:\/\/pb.edu.pl\/auich\/\"},{\"@type\":\"ListItem\",\"position\":2,\"name\":\"Centrum Historii\",\"item\":\"https:\/\/pb.edu.pl\/auich\/centrum-historii\/\"},{\"@type\":\"ListItem\",\"position\":3,\"name\":\"Patron\"}]},{\"@type\":\"WebSite\",\"@id\":\"https:\/\/pb.edu.pl\/auich\/#website\",\"url\":\"https:\/\/pb.edu.pl\/auich\/\",\"name\":\"Archiwum Uczelniane i Centrum Historii PB\",\"description\":\"\",\"potentialAction\":[{\"@type\":\"SearchAction\",\"target\":{\"@type\":\"EntryPoint\",\"urlTemplate\":\"https:\/\/pb.edu.pl\/auich\/?s={search_term_string}\"},\"query-input\":{\"@type\":\"PropertyValueSpecification\",\"valueRequired\":true,\"valueName\":\"search_term_string\"}}],\"inLanguage\":\"pl-PL\"}]}<\/script>\n<!-- \/ Yoast SEO plugin. -->","yoast_head_json":{"title":"Patron - Archiwum Uczelniane i Centrum Historii PB","description":"In\u017cynier, pasjonat, inicjator utworzenia muzeum na Politechnice Bia\u0142ostockiej","robots":{"index":"index","follow":"follow","max-snippet":"max-snippet:-1","max-image-preview":"max-image-preview:large","max-video-preview":"max-video-preview:-1"},"canonical":"https:\/\/pb.edu.pl\/auich\/centrum-historii\/patron\/","og_locale":"pl_PL","og_type":"article","og_title":"Patron - Archiwum Uczelniane i Centrum Historii PB","og_description":"In\u017cynier, pasjonat, inicjator utworzenia muzeum na Politechnice Bia\u0142ostockiej","og_url":"https:\/\/pb.edu.pl\/auich\/centrum-historii\/patron\/","og_site_name":"Archiwum Uczelniane i Centrum Historii PB","article_modified_time":"2021-11-20T20:04:39+00:00","og_image":[{"url":"https:\/\/pb.edu.pl\/auich\/wp-content\/uploads\/sites\/63\/2021\/11\/Miroslaw_Bujanowski-fot.-Wojciech-Walendziuk-3-2-225x300.jpg","type":"","width":"","height":""}],"twitter_card":"summary_large_image","twitter_misc":{"Szacowany czas czytania":"2 minuty"},"schema":{"@context":"https:\/\/schema.org","@graph":[{"@type":"WebPage","@id":"https:\/\/pb.edu.pl\/auich\/centrum-historii\/patron\/","url":"https:\/\/pb.edu.pl\/auich\/centrum-historii\/patron\/","name":"Patron - Archiwum Uczelniane i Centrum Historii PB","isPartOf":{"@id":"https:\/\/pb.edu.pl\/auich\/#website"},"primaryImageOfPage":{"@id":"https:\/\/pb.edu.pl\/auich\/centrum-historii\/patron\/#primaryimage"},"image":{"@id":"https:\/\/pb.edu.pl\/auich\/centrum-historii\/patron\/#primaryimage"},"thumbnailUrl":"https:\/\/pb.edu.pl\/auich\/wp-content\/uploads\/sites\/63\/2021\/11\/Miroslaw_Bujanowski-fot.-Wojciech-Walendziuk-3-2-225x300.jpg","datePublished":"2021-03-12T19:41:02+00:00","dateModified":"2021-11-20T20:04:39+00:00","description":"In\u017cynier, pasjonat, inicjator utworzenia muzeum na Politechnice Bia\u0142ostockiej","breadcrumb":{"@id":"https:\/\/pb.edu.pl\/auich\/centrum-historii\/patron\/#breadcrumb"},"inLanguage":"pl-PL","potentialAction":[{"@type":"ReadAction","target":["https:\/\/pb.edu.pl\/auich\/centrum-historii\/patron\/"]}]},{"@type":"ImageObject","inLanguage":"pl-PL","@id":"https:\/\/pb.edu.pl\/auich\/centrum-historii\/patron\/#primaryimage","url":"https:\/\/pb.edu.pl\/auich\/wp-content\/uploads\/sites\/63\/2021\/11\/Miroslaw_Bujanowski-fot.-Wojciech-Walendziuk-3-2-scaled.jpg","contentUrl":"https:\/\/pb.edu.pl\/auich\/wp-content\/uploads\/sites\/63\/2021\/11\/Miroslaw_Bujanowski-fot.-Wojciech-Walendziuk-3-2-scaled.jpg","width":1920,"height":2560},{"@type":"BreadcrumbList","@id":"https:\/\/pb.edu.pl\/auich\/centrum-historii\/patron\/#breadcrumb","itemListElement":[{"@type":"ListItem","position":1,"name":"Strona g\u0142\u00f3wna","item":"https:\/\/pb.edu.pl\/auich\/"},{"@type":"ListItem","position":2,"name":"Centrum Historii","item":"https:\/\/pb.edu.pl\/auich\/centrum-historii\/"},{"@type":"ListItem","position":3,"name":"Patron"}]},{"@type":"WebSite","@id":"https:\/\/pb.edu.pl\/auich\/#website","url":"https:\/\/pb.edu.pl\/auich\/","name":"Archiwum Uczelniane i Centrum Historii PB","description":"","potentialAction":[{"@type":"SearchAction","target":{"@type":"EntryPoint","urlTemplate":"https:\/\/pb.edu.pl\/auich\/?s={search_term_string}"},"query-input":{"@type":"PropertyValueSpecification","valueRequired":true,"valueName":"search_term_string"}}],"inLanguage":"pl-PL"}]}},"_links":{"self":[{"href":"https:\/\/pb.edu.pl\/auich\/wp-json\/wp\/v2\/pages\/146","targetHints":{"allow":["GET"]}}],"collection":[{"href":"https:\/\/pb.edu.pl\/auich\/wp-json\/wp\/v2\/pages"}],"about":[{"href":"https:\/\/pb.edu.pl\/auich\/wp-json\/wp\/v2\/types\/page"}],"author":[{"embeddable":true,"href":"https:\/\/pb.edu.pl\/auich\/wp-json\/wp\/v2\/users\/2"}],"replies":[{"embeddable":true,"href":"https:\/\/pb.edu.pl\/auich\/wp-json\/wp\/v2\/comments?post=146"}],"version-history":[{"count":0,"href":"https:\/\/pb.edu.pl\/auich\/wp-json\/wp\/v2\/pages\/146\/revisions"}],"up":[{"embeddable":true,"href":"https:\/\/pb.edu.pl\/auich\/wp-json\/wp\/v2\/pages\/39"}],"wp:attachment":[{"href":"https:\/\/pb.edu.pl\/auich\/wp-json\/wp\/v2\/media?parent=146"}],"curies":[{"name":"wp","href":"https:\/\/api.w.org\/{rel}","templated":true}]}}