{"id":139,"date":"2021-03-12T20:30:26","date_gmt":"2021-03-12T19:30:26","guid":{"rendered":"https:\/\/pb.edu.pl\/auich\/?page_id=139"},"modified":"2021-11-20T21:46:10","modified_gmt":"2021-11-20T20:46:10","slug":"wystawy-czasowe","status":"publish","type":"page","link":"https:\/\/pb.edu.pl\/auich\/centrum-historii\/wystawy-czasowe\/","title":{"rendered":"Wystawy czasowe"},"content":{"rendered":"\t\t<div class=\"box news-box \">\n\t\t<div class=\"row\">\n\t\t\t\n\t\t\t\n\t\t\t\t\n\t\t\t\t\t\t\t\t\t\t<div class=\"col-sm-4\">\n\t\t\t\t\t\t\t\n<article class=\"format-standard\">\n    <span class=\"date text-right\"><i class=\"fal fa-calendar-alt\"><\/i> 17-12-2024<\/span>\n    <a href=\"https:\/\/pb.edu.pl\/auich\/wystawy-czasowe\/tradycja-uczelni-jest-honorowanie-zasluzonych-pracownikow\/\">\n      <div class=\"article-image\">\n        <img loading=\"lazy\" decoding=\"async\" width=\"480\" height=\"300\" src=\"https:\/\/pb.edu.pl\/auich\/wp-content\/uploads\/sites\/63\/2024\/12\/f4bc473e-1f4f-43d7-8abd-22df0d2d8b25-480x300.jpg\" class=\"attachment-medium-image-16x10 size-medium-image-16x10 wp-post-image\" alt=\"\" \/>      <\/div>\n      <h3>Od auli do Ogrodu Nauki<\/h3>\n      Prezentujemy fotografie tablic pami\u0105tkowych, popiersi, portret\u00f3w oraz opis\u00f3w przy drzewach zasadzonych    <\/a>\n<\/article>\t\t\t\t\t\t<\/div>\n\t\t\t\t\t\t\t\t\t\t\t<div class=\"col-sm-4\">\n\t\t\t\t\t\t\t\n<article class=\"format-standard\">\n    <span class=\"date text-right\"><i class=\"fal fa-calendar-alt\"><\/i> 17-12-2024<\/span>\n    <a href=\"https:\/\/pb.edu.pl\/auich\/wystawy-czasowe\/centrum-historii-politechniki-bialostockiej-ma-juz-3-lata\/\">\n      <div class=\"article-image\">\n        <img loading=\"lazy\" decoding=\"async\" width=\"480\" height=\"300\" src=\"https:\/\/pb.edu.pl\/auich\/wp-content\/uploads\/sites\/63\/2024\/12\/3-lata-dzialanosci-CH-480x300.jpg\" class=\"attachment-medium-image-16x10 size-medium-image-16x10 wp-post-image\" alt=\"\" \/>      <\/div>\n      <h3>Centrum Historii Politechniki Bia\u0142ostockiej ma ju\u017c 3 lata!<\/h3>\n      Wielka grafika ze skanami wpis\u00f3w Ksi\u0119gi Go\u015bci     <\/a>\n<\/article>\t\t\t\t\t\t<\/div>\n\t\t\t\t\t\t\t\t\t\t\t<div class=\"col-sm-4\">\n\t\t\t\t\t\t\t\n<article class=\"format-standard\">\n    <span class=\"date text-right\"><i class=\"fal fa-calendar-alt\"><\/i> 30-11-2023<\/span>\n    <a href=\"https:\/\/pb.edu.pl\/auich\/wystawy-czasowe\/potrzeba-nam-inzynierow-o-pierwszym-cwiercwieczu-uczelni\/\">\n      <div class=\"article-image\">\n        <img loading=\"lazy\" decoding=\"async\" width=\"480\" height=\"300\" src=\"https:\/\/pb.edu.pl\/auich\/wp-content\/uploads\/sites\/63\/2023\/11\/Potrzeba-nam-inzynierow-480x300.jpg\" class=\"attachment-medium-image-16x10 size-medium-image-16x10 wp-post-image\" alt=\"\" \/>      <\/div>\n      <h3>Potrzeba nam in\u017cynier\u00f3w &#8211; o pierwszym \u0107wier\u0107wieczu Uczelni<\/h3>\n      Potrzeba nam in\u017cynier\u00f3w \u2013 to tytu\u0142 wystawy czasowej, kt\u00f3r\u0105 mo\u017cna ogl\u0105da\u0107    <\/a>\n<\/article>\t\t\t\t\t\t<\/div>\n\t\t\t\t\t\t\t\t\t\t\t<div class=\"col-sm-4\">\n\t\t\t\t\t\t\t\n<article class=\"format-standard\">\n    <span class=\"date text-right\"><i class=\"fal fa-calendar-alt\"><\/i> 27-11-2023<\/span>\n    <a href=\"https:\/\/pb.edu.pl\/auich\/wystawy-czasowe\/wystawa-fotograficzna-w-politechnice-bialostockiej\/\">\n      <div class=\"article-image\">\n        <img loading=\"lazy\" decoding=\"async\" width=\"480\" height=\"300\" src=\"https:\/\/pb.edu.pl\/auich\/wp-content\/uploads\/sites\/63\/2023\/11\/2023.10.19_Apiat-na-Podliaszszy_fot.Dariusz-Piekut_PB-10-480x300.jpg\" class=\"attachment-medium-image-16x10 size-medium-image-16x10 wp-post-image\" alt=\"\" srcset=\"https:\/\/pb.edu.pl\/auich\/wp-content\/uploads\/sites\/63\/2023\/11\/2023.10.19_Apiat-na-Podliaszszy_fot.Dariusz-Piekut_PB-10-480x300.jpg 480w, https:\/\/pb.edu.pl\/auich\/wp-content\/uploads\/sites\/63\/2023\/11\/2023.10.19_Apiat-na-Podliaszszy_fot.Dariusz-Piekut_PB-10-300x188.jpg 300w, https:\/\/pb.edu.pl\/auich\/wp-content\/uploads\/sites\/63\/2023\/11\/2023.10.19_Apiat-na-Podliaszszy_fot.Dariusz-Piekut_PB-10-1024x640.jpg 1024w, https:\/\/pb.edu.pl\/auich\/wp-content\/uploads\/sites\/63\/2023\/11\/2023.10.19_Apiat-na-Podliaszszy_fot.Dariusz-Piekut_PB-10-768x480.jpg 768w, https:\/\/pb.edu.pl\/auich\/wp-content\/uploads\/sites\/63\/2023\/11\/2023.10.19_Apiat-na-Podliaszszy_fot.Dariusz-Piekut_PB-10-1536x960.jpg 1536w, https:\/\/pb.edu.pl\/auich\/wp-content\/uploads\/sites\/63\/2023\/11\/2023.10.19_Apiat-na-Podliaszszy_fot.Dariusz-Piekut_PB-10-2048x1280.jpg 2048w\" sizes=\"auto, (max-width: 480px) 100vw, 480px\" \/>      <\/div>\n      <h3>Centrum Historii Politechniki Bia\u0142ostockiej. Wystawa fotografii Joanny Sidorowicz Apiat na Podliaszszy \u2013 A\u043f\u044f\u0442\u044c \u043d\u0430 \u041f\u0443\u0434\u043b\u044f\u0448\u0448\u0443 \u2013 Znowu na Podlasiu otwarta<\/h3>\n          <\/a>\n<\/article>\t\t\t\t\t\t<\/div>\n\t\t\t\t\t\t\t\t\t\t\t<div class=\"col-sm-4\">\n\t\t\t\t\t\t\t\n<article class=\"format-standard\">\n    <span class=\"date text-right\"><i class=\"fal fa-calendar-alt\"><\/i> 11-10-2023<\/span>\n    <a href=\"https:\/\/pb.edu.pl\/auich\/wystawy-czasowe\/inspirowane-puszcza-wystawa-plenerowa-przed-cnk\/\">\n      <div class=\"article-image\">\n        <img loading=\"lazy\" decoding=\"async\" width=\"480\" height=\"300\" src=\"https:\/\/pb.edu.pl\/auich\/wp-content\/uploads\/sites\/63\/2023\/10\/2023-10-GRAFIKA-media-wystawa-inspirowane-puszcza-1080-675-A-1024x640-1-480x300.jpg\" class=\"attachment-medium-image-16x10 size-medium-image-16x10 wp-post-image\" alt=\"\" srcset=\"https:\/\/pb.edu.pl\/auich\/wp-content\/uploads\/sites\/63\/2023\/10\/2023-10-GRAFIKA-media-wystawa-inspirowane-puszcza-1080-675-A-1024x640-1-480x300.jpg 480w, https:\/\/pb.edu.pl\/auich\/wp-content\/uploads\/sites\/63\/2023\/10\/2023-10-GRAFIKA-media-wystawa-inspirowane-puszcza-1080-675-A-1024x640-1-300x188.jpg 300w, https:\/\/pb.edu.pl\/auich\/wp-content\/uploads\/sites\/63\/2023\/10\/2023-10-GRAFIKA-media-wystawa-inspirowane-puszcza-1080-675-A-1024x640-1-768x480.jpg 768w, https:\/\/pb.edu.pl\/auich\/wp-content\/uploads\/sites\/63\/2023\/10\/2023-10-GRAFIKA-media-wystawa-inspirowane-puszcza-1080-675-A-1024x640-1.jpg 1024w\" sizes=\"auto, (max-width: 480px) 100vw, 480px\" \/>      <\/div>\n      <h3>25 drewnianych rze\u017ab! Otwarcie wystawy \u201eInspirowane Puszcz\u0105\u201d<\/h3>\n      Zapraszamy 14 pa\u017adziernika na plac przed CNK    <\/a>\n<\/article>\t\t\t\t\t\t<\/div>\n\t\t\t\t\t\t\t\t\t\t\t<div class=\"col-sm-4\">\n\t\t\t\t\t\t\t\n<article class=\"format-standard\">\n    <span class=\"date text-right\"><i class=\"fal fa-calendar-alt\"><\/i> 23-05-2023<\/span>\n    <a href=\"https:\/\/pb.edu.pl\/auich\/wystawy-czasowe\/pracownia-rzezbiarska-studio-form-prof-jerzego-grygorczuka-zapraszamy-na-wystawe-czasowa\/\">\n      <div class=\"article-image\">\n        <img loading=\"lazy\" decoding=\"async\" width=\"400\" height=\"300\" src=\"https:\/\/pb.edu.pl\/auich\/wp-content\/uploads\/sites\/63\/2023\/05\/Wystawa_JGrygorczuka-1.jpg\" class=\"attachment-medium-image-16x10 size-medium-image-16x10 wp-post-image\" alt=\"\" srcset=\"https:\/\/pb.edu.pl\/auich\/wp-content\/uploads\/sites\/63\/2023\/05\/Wystawa_JGrygorczuka-1.jpg 2048w, https:\/\/pb.edu.pl\/auich\/wp-content\/uploads\/sites\/63\/2023\/05\/Wystawa_JGrygorczuka-1-300x225.jpg 300w, https:\/\/pb.edu.pl\/auich\/wp-content\/uploads\/sites\/63\/2023\/05\/Wystawa_JGrygorczuka-1-1024x768.jpg 1024w, https:\/\/pb.edu.pl\/auich\/wp-content\/uploads\/sites\/63\/2023\/05\/Wystawa_JGrygorczuka-1-768x576.jpg 768w, https:\/\/pb.edu.pl\/auich\/wp-content\/uploads\/sites\/63\/2023\/05\/Wystawa_JGrygorczuka-1-1536x1152.jpg 1536w\" sizes=\"auto, (max-width: 400px) 100vw, 400px\" \/>      <\/div>\n      <h3>Pracownia rze\u017abiarska \u2013 studio form prof. Jerzego Grygorczuka \u2013 zapraszamy na wystaw\u0119 czasow\u0105<\/h3>\n      Na otwart\u0105 12 maja ekspozycj\u0119 sk\u0142adaj\u0105 si\u0119 sk\u0142adaj\u0105 si\u0119 p\u0142askorze\u017aby i    <\/a>\n<\/article>\t\t\t\t\t\t<\/div>\n\t\t\t\t\t\t\t\t\t\t\t<div class=\"col-sm-4\">\n\t\t\t\t\t\t\t\n<article class=\"format-standard\">\n    <span class=\"date text-right\"><i class=\"fal fa-calendar-alt\"><\/i> 02-12-2022<\/span>\n    <a href=\"https:\/\/pb.edu.pl\/auich\/wystawy-czasowe\/marzy-mi-sie-uczelnia-xxi-wieku\/\">\n      <div class=\"article-image\">\n        <img loading=\"lazy\" decoding=\"async\" width=\"225\" height=\"300\" src=\"https:\/\/pb.edu.pl\/auich\/wp-content\/uploads\/sites\/63\/2022\/12\/317149684_1192556301659928_4607726066695205933_n.jpg\" class=\"attachment-medium-image-16x10 size-medium-image-16x10 wp-post-image\" alt=\"\" srcset=\"https:\/\/pb.edu.pl\/auich\/wp-content\/uploads\/sites\/63\/2022\/12\/317149684_1192556301659928_4607726066695205933_n.jpg 1500w, https:\/\/pb.edu.pl\/auich\/wp-content\/uploads\/sites\/63\/2022\/12\/317149684_1192556301659928_4607726066695205933_n-225x300.jpg 225w, https:\/\/pb.edu.pl\/auich\/wp-content\/uploads\/sites\/63\/2022\/12\/317149684_1192556301659928_4607726066695205933_n-768x1024.jpg 768w, https:\/\/pb.edu.pl\/auich\/wp-content\/uploads\/sites\/63\/2022\/12\/317149684_1192556301659928_4607726066695205933_n-1152x1536.jpg 1152w\" sizes=\"auto, (max-width: 225px) 100vw, 225px\" \/>      <\/div>\n      <h3>Marzy mi si\u0119 uczelnia XXI wieku<\/h3>\n      Wystawa o prof. Tadeuszu Be\u0142dowskim, rektorze w latach 1971-1981    <\/a>\n<\/article>\t\t\t\t\t\t<\/div>\n\t\t\t\t\t\t\t\t\t\t\t<div class=\"col-sm-4\">\n\t\t\t\t\t\t\t\n<article class=\"format-standard\">\n    <span class=\"date text-right\"><i class=\"fal fa-calendar-alt\"><\/i> 25-11-2021<\/span>\n    <a href=\"https:\/\/pb.edu.pl\/auich\/wystawy-czasowe\/ksztalcenie-zdalne-podczas-pandemii-koronawirusa\/\">\n      <div class=\"article-image\">\n        <img loading=\"lazy\" decoding=\"async\" width=\"401\" height=\"300\" src=\"https:\/\/pb.edu.pl\/auich\/wp-content\/uploads\/sites\/63\/2021\/11\/260087359_322912942641448_4676342168781018217_n.jpg\" class=\"attachment-medium-image-16x10 size-medium-image-16x10 wp-post-image\" alt=\"\" srcset=\"https:\/\/pb.edu.pl\/auich\/wp-content\/uploads\/sites\/63\/2021\/11\/260087359_322912942641448_4676342168781018217_n.jpg 960w, https:\/\/pb.edu.pl\/auich\/wp-content\/uploads\/sites\/63\/2021\/11\/260087359_322912942641448_4676342168781018217_n-300x224.jpg 300w, https:\/\/pb.edu.pl\/auich\/wp-content\/uploads\/sites\/63\/2021\/11\/260087359_322912942641448_4676342168781018217_n-768x574.jpg 768w\" sizes=\"auto, (max-width: 401px) 100vw, 401px\" \/>      <\/div>\n      <h3>Uczelnia w dobie pandemii<\/h3>\n      Jak wygl\u0105da \u017cycie Politechniki Bia\u0142ostockiej w ostatnim okresie? Jak przebiegaj\u0105 uroczysto\u015bci    <\/a>\n<\/article>\t\t\t\t\t\t<\/div>\n\t\t\t\t\t\t\t\t\t\t\t<div class=\"col-sm-4\">\n\t\t\t\t\t\t\t\n<article class=\"format-standard\">\n    <span class=\"date text-right\"><i class=\"fal fa-calendar-alt\"><\/i> 12-03-2021<\/span>\n    <a href=\"https:\/\/pb.edu.pl\/auich\/wystawy-czasowe\/test\/\">\n      <div class=\"article-image\">\n        <img loading=\"lazy\" decoding=\"async\" width=\"200\" height=\"300\" src=\"https:\/\/pb.edu.pl\/auich\/wp-content\/uploads\/sites\/63\/2021\/03\/Dokad-zmierzamy....png\" class=\"attachment-medium-image-16x10 size-medium-image-16x10 wp-post-image\" alt=\"\" srcset=\"https:\/\/pb.edu.pl\/auich\/wp-content\/uploads\/sites\/63\/2021\/03\/Dokad-zmierzamy....png 467w, https:\/\/pb.edu.pl\/auich\/wp-content\/uploads\/sites\/63\/2021\/03\/Dokad-zmierzamy...-200x300.png 200w\" sizes=\"auto, (max-width: 200px) 100vw, 200px\" \/>      <\/div>\n      <h3>Faktury Politechniki &#8211; pierwsza wystawa czasowa<\/h3>\n      Artystyczne fotografie \u015bcian i posadzek Politechniki Bia\u0142ostockiej.    <\/a>\n<\/article>\t\t\t\t\t\t<\/div>\n\t\t\t\t\t\n\t\t\t\t\n\t\t\t\t\t<\/div>\n\t\t\t\t\t<\/div>\n\n","protected":false},"excerpt":{"rendered":"","protected":false},"author":2,"featured_media":0,"parent":39,"menu_order":2,"comment_status":"closed","ping_status":"closed","template":"","meta":{"_acf_changed":false,"ngg_post_thumbnail":0,"footnotes":""},"class_list":["post-139","page","type-page","status-publish","hentry"],"acf":[],"yoast_head":"<!-- This site is optimized with the Yoast SEO plugin v27.0 - https:\/\/yoast.com\/product\/yoast-seo-wordpress\/ -->\n<title>Wystawy czasowe - Archiwum Uczelniane i Centrum Historii PB<\/title>\n<meta name=\"robots\" content=\"index, follow, max-snippet:-1, max-image-preview:large, max-video-preview:-1\" \/>\n<link rel=\"canonical\" href=\"https:\/\/pb.edu.pl\/auich\/centrum-historii\/wystawy-czasowe\/\" \/>\n<meta property=\"og:locale\" content=\"pl_PL\" \/>\n<meta property=\"og:type\" content=\"article\" \/>\n<meta property=\"og:title\" content=\"Wystawy czasowe - Archiwum Uczelniane i Centrum Historii PB\" \/>\n<meta property=\"og:url\" content=\"https:\/\/pb.edu.pl\/auich\/centrum-historii\/wystawy-czasowe\/\" \/>\n<meta property=\"og:site_name\" content=\"Archiwum Uczelniane i Centrum Historii PB\" \/>\n<meta property=\"article:modified_time\" content=\"2021-11-20T20:46:10+00:00\" \/>\n<meta name=\"twitter:card\" content=\"summary_large_image\" \/>\n<script type=\"application\/ld+json\" class=\"yoast-schema-graph\">{\"@context\":\"https:\/\/schema.org\",\"@graph\":[{\"@type\":\"WebPage\",\"@id\":\"https:\/\/pb.edu.pl\/auich\/centrum-historii\/wystawy-czasowe\/\",\"url\":\"https:\/\/pb.edu.pl\/auich\/centrum-historii\/wystawy-czasowe\/\",\"name\":\"Wystawy czasowe - Archiwum Uczelniane i Centrum Historii PB\",\"isPartOf\":{\"@id\":\"https:\/\/pb.edu.pl\/auich\/#website\"},\"datePublished\":\"2021-03-12T19:30:26+00:00\",\"dateModified\":\"2021-11-20T20:46:10+00:00\",\"breadcrumb\":{\"@id\":\"https:\/\/pb.edu.pl\/auich\/centrum-historii\/wystawy-czasowe\/#breadcrumb\"},\"inLanguage\":\"pl-PL\",\"potentialAction\":[{\"@type\":\"ReadAction\",\"target\":[\"https:\/\/pb.edu.pl\/auich\/centrum-historii\/wystawy-czasowe\/\"]}]},{\"@type\":\"BreadcrumbList\",\"@id\":\"https:\/\/pb.edu.pl\/auich\/centrum-historii\/wystawy-czasowe\/#breadcrumb\",\"itemListElement\":[{\"@type\":\"ListItem\",\"position\":1,\"name\":\"Strona g\u0142\u00f3wna\",\"item\":\"https:\/\/pb.edu.pl\/auich\/\"},{\"@type\":\"ListItem\",\"position\":2,\"name\":\"Centrum Historii\",\"item\":\"https:\/\/pb.edu.pl\/auich\/centrum-historii\/\"},{\"@type\":\"ListItem\",\"position\":3,\"name\":\"Wystawy czasowe\"}]},{\"@type\":\"WebSite\",\"@id\":\"https:\/\/pb.edu.pl\/auich\/#website\",\"url\":\"https:\/\/pb.edu.pl\/auich\/\",\"name\":\"Archiwum Uczelniane i Centrum Historii PB\",\"description\":\"\",\"potentialAction\":[{\"@type\":\"SearchAction\",\"target\":{\"@type\":\"EntryPoint\",\"urlTemplate\":\"https:\/\/pb.edu.pl\/auich\/?s={search_term_string}\"},\"query-input\":{\"@type\":\"PropertyValueSpecification\",\"valueRequired\":true,\"valueName\":\"search_term_string\"}}],\"inLanguage\":\"pl-PL\"}]}<\/script>\n<!-- \/ Yoast SEO plugin. -->","yoast_head_json":{"title":"Wystawy czasowe - Archiwum Uczelniane i Centrum Historii PB","robots":{"index":"index","follow":"follow","max-snippet":"max-snippet:-1","max-image-preview":"max-image-preview:large","max-video-preview":"max-video-preview:-1"},"canonical":"https:\/\/pb.edu.pl\/auich\/centrum-historii\/wystawy-czasowe\/","og_locale":"pl_PL","og_type":"article","og_title":"Wystawy czasowe - Archiwum Uczelniane i Centrum Historii PB","og_url":"https:\/\/pb.edu.pl\/auich\/centrum-historii\/wystawy-czasowe\/","og_site_name":"Archiwum Uczelniane i Centrum Historii PB","article_modified_time":"2021-11-20T20:46:10+00:00","twitter_card":"summary_large_image","schema":{"@context":"https:\/\/schema.org","@graph":[{"@type":"WebPage","@id":"https:\/\/pb.edu.pl\/auich\/centrum-historii\/wystawy-czasowe\/","url":"https:\/\/pb.edu.pl\/auich\/centrum-historii\/wystawy-czasowe\/","name":"Wystawy czasowe - Archiwum Uczelniane i Centrum Historii PB","isPartOf":{"@id":"https:\/\/pb.edu.pl\/auich\/#website"},"datePublished":"2021-03-12T19:30:26+00:00","dateModified":"2021-11-20T20:46:10+00:00","breadcrumb":{"@id":"https:\/\/pb.edu.pl\/auich\/centrum-historii\/wystawy-czasowe\/#breadcrumb"},"inLanguage":"pl-PL","potentialAction":[{"@type":"ReadAction","target":["https:\/\/pb.edu.pl\/auich\/centrum-historii\/wystawy-czasowe\/"]}]},{"@type":"BreadcrumbList","@id":"https:\/\/pb.edu.pl\/auich\/centrum-historii\/wystawy-czasowe\/#breadcrumb","itemListElement":[{"@type":"ListItem","position":1,"name":"Strona g\u0142\u00f3wna","item":"https:\/\/pb.edu.pl\/auich\/"},{"@type":"ListItem","position":2,"name":"Centrum Historii","item":"https:\/\/pb.edu.pl\/auich\/centrum-historii\/"},{"@type":"ListItem","position":3,"name":"Wystawy czasowe"}]},{"@type":"WebSite","@id":"https:\/\/pb.edu.pl\/auich\/#website","url":"https:\/\/pb.edu.pl\/auich\/","name":"Archiwum Uczelniane i Centrum Historii PB","description":"","potentialAction":[{"@type":"SearchAction","target":{"@type":"EntryPoint","urlTemplate":"https:\/\/pb.edu.pl\/auich\/?s={search_term_string}"},"query-input":{"@type":"PropertyValueSpecification","valueRequired":true,"valueName":"search_term_string"}}],"inLanguage":"pl-PL"}]}},"_links":{"self":[{"href":"https:\/\/pb.edu.pl\/auich\/wp-json\/wp\/v2\/pages\/139","targetHints":{"allow":["GET"]}}],"collection":[{"href":"https:\/\/pb.edu.pl\/auich\/wp-json\/wp\/v2\/pages"}],"about":[{"href":"https:\/\/pb.edu.pl\/auich\/wp-json\/wp\/v2\/types\/page"}],"author":[{"embeddable":true,"href":"https:\/\/pb.edu.pl\/auich\/wp-json\/wp\/v2\/users\/2"}],"replies":[{"embeddable":true,"href":"https:\/\/pb.edu.pl\/auich\/wp-json\/wp\/v2\/comments?post=139"}],"version-history":[{"count":0,"href":"https:\/\/pb.edu.pl\/auich\/wp-json\/wp\/v2\/pages\/139\/revisions"}],"up":[{"embeddable":true,"href":"https:\/\/pb.edu.pl\/auich\/wp-json\/wp\/v2\/pages\/39"}],"wp:attachment":[{"href":"https:\/\/pb.edu.pl\/auich\/wp-json\/wp\/v2\/media?parent=139"}],"curies":[{"name":"wp","href":"https:\/\/api.w.org\/{rel}","templated":true}]}}