{"id":2677,"date":"2025-01-13T22:31:51","date_gmt":"2025-01-13T21:31:51","guid":{"rendered":"https:\/\/pb.edu.pl\/amcm2025\/?page_id=2677"},"modified":"2025-02-10T22:26:41","modified_gmt":"2025-02-10T21:26:41","slug":"welcome","status":"publish","type":"page","link":"https:\/\/pb.edu.pl\/amcm2025\/about-conference\/welcome\/","title":{"rendered":"Welcome"},"content":{"rendered":"<h2>AMCM 2025<\/h2>\n<h3>Analytical Models and New Concepts in Concrete and Masonry Structures<\/h3>\n<p>This year (2025) will mark thirty two since the first AMCM conference was organized. The first meeting of AMCM was held in 1993 in Bia\u0142ystok, Poland. Subsequently, the conferences were organized periodically, aiming at scientists working in the field of concrete and masonry topics. The conference organizers and venues were changed every three years as follows:<\/p>\n<ul>\n<li>1993 \u2013 Bia\u0142ystok \u2013 Bialystok University of Technology,<\/li>\n<li>1996 \u2013 \u0141\u00f3d\u017a \u2013 Lodz University of Technology,<\/li>\n<li>1999 \u2013 Wroc\u0142aw\/\u015awierad\u00f3w \u2013 Wroclaw University of Technology,<\/li>\n<li>2002 \u2013 Krak\u00f3w \u2013 Cracow University of Technology,<\/li>\n<li>2005 \u2013 Ustro\u0144\/Gliwice \u2013 Silesian University of Technology,<\/li>\n<li>2008 \u2013 \u0141\u00f3d\u017a \u2013 Lodz University of Technology,<\/li>\n<li>2011 \u2013 Krak\u00f3w \u2013 Cracow University of Technology,<\/li>\n<li>2014 \u2013 Wroc\u0142aw \u2013 Wroclaw University of Technology,<\/li>\n<li>2017 \u2013 Ustro\u0144\/Gliwice \u2013 Silesian University of Technology,<\/li>\n<li>2020 \u2013 Lublin \u2013 Lublin University of Technology.<\/li>\n<\/ul>\n<p>Due to high standards of contributions, participants from many countries and wide range of subjects discussed \u2013 the previous Conferences were very successful. On behalf of the Organizing Committee and the Scientific Committee, it is our great pleasure and honor to invite You to the 11th International Conference on Analytical Models and New Concepts in Concrete and Masonry Structures AMCM2025 to be held once again in Bialystok, Poland, from 3th to 5th December 2025.<\/p>\n","protected":false},"excerpt":{"rendered":"<p>AMCM 2025 Analytical Models and New Concepts in Concrete and Masonry Structures This year (2025)<\/p>\n","protected":false},"author":2,"featured_media":0,"parent":2675,"menu_order":1,"comment_status":"closed","ping_status":"closed","template":"","meta":{"_acf_changed":false,"ngg_post_thumbnail":0,"footnotes":""},"class_list":["post-2677","page","type-page","status-publish","hentry"],"acf":[],"_links":{"self":[{"href":"https:\/\/pb.edu.pl\/amcm2025\/wp-json\/wp\/v2\/pages\/2677","targetHints":{"allow":["GET"]}}],"collection":[{"href":"https:\/\/pb.edu.pl\/amcm2025\/wp-json\/wp\/v2\/pages"}],"about":[{"href":"https:\/\/pb.edu.pl\/amcm2025\/wp-json\/wp\/v2\/types\/page"}],"author":[{"embeddable":true,"href":"https:\/\/pb.edu.pl\/amcm2025\/wp-json\/wp\/v2\/users\/2"}],"replies":[{"embeddable":true,"href":"https:\/\/pb.edu.pl\/amcm2025\/wp-json\/wp\/v2\/comments?post=2677"}],"version-history":[{"count":0,"href":"https:\/\/pb.edu.pl\/amcm2025\/wp-json\/wp\/v2\/pages\/2677\/revisions"}],"up":[{"embeddable":true,"href":"https:\/\/pb.edu.pl\/amcm2025\/wp-json\/wp\/v2\/pages\/2675"}],"wp:attachment":[{"href":"https:\/\/pb.edu.pl\/amcm2025\/wp-json\/wp\/v2\/media?parent=2677"}],"curies":[{"name":"wp","href":"https:\/\/api.w.org\/{rel}","templated":true}]}}