{"id":256,"date":"2025-02-25T17:38:49","date_gmt":"2025-02-25T16:38:49","guid":{"rendered":"https:\/\/pb.edu.pl\/across\/?page_id=256"},"modified":"2026-02-25T16:05:28","modified_gmt":"2026-02-25T15:05:28","slug":"zespol","status":"publish","type":"page","link":"https:\/\/pb.edu.pl\/across\/zespol\/","title":{"rendered":"Zesp\u00f3\u0142"},"content":{"rendered":"<div class=\"row\">\n<div class=\"col-sm-6 text-center\">\n<img loading=\"lazy\" decoding=\"async\" src=\"https:\/\/pb.edu.pl\/across\/wp-content\/uploads\/sites\/147\/2025\/03\/marta-kosior-kazberuk.jpg\" alt=\"dr hab. in\u017c. Marta Kosior-Kazberuk, prof. PB\" width=\"300\" height=\"400\" class=\"aligncenter size-full wp-image-620\" srcset=\"https:\/\/pb.edu.pl\/across\/wp-content\/uploads\/sites\/147\/2025\/03\/marta-kosior-kazberuk.jpg 600w, https:\/\/pb.edu.pl\/across\/wp-content\/uploads\/sites\/147\/2025\/03\/marta-kosior-kazberuk-225x300.jpg 225w\" sizes=\"auto, (max-width: 300px) 100vw, 300px\" \/><\/p>\n<div class=\"h5\">Cz\u0142onek Rady Rektor\u00f3w<br \/>\nUniwersytetu Europejskiego Across<\/div>\n<p>dr hab. in\u017c. Marta Kosior-Kazberuk, prof. PB\n<\/p><\/div>\n<div class=\"col-sm-6 text-center\">\n<img loading=\"lazy\" decoding=\"async\" src=\"https:\/\/pb.edu.pl\/across\/wp-content\/uploads\/sites\/147\/2025\/03\/dorota-anna-krawczyk.jpg\" alt=\"dr hab. in\u017c. Dorota Anna Krawczyk, prof. PB\" width=\"300\" height=\"400\" class=\"aligncenter size-full wp-image-626\" srcset=\"https:\/\/pb.edu.pl\/across\/wp-content\/uploads\/sites\/147\/2025\/03\/dorota-anna-krawczyk.jpg 600w, https:\/\/pb.edu.pl\/across\/wp-content\/uploads\/sites\/147\/2025\/03\/dorota-anna-krawczyk-225x300.jpg 225w\" sizes=\"auto, (max-width: 300px) 100vw, 300px\" \/><\/p>\n<div class=\"h5\">Koordynator Uniwersytetu Europejskiego Across z&nbsp;ramienia Politechniki Bia\u0142ostockiej<\/div>\n<p>dr hab. in\u017c. Dorota Anna Krawczyk, prof. PB\n<\/p><\/div>\n<\/div>\n<div class=\"h3\">Koordynatorzy blok\u00f3w zadaniowych (WP)<\/div>\n<p>&nbsp;<\/p>\n<div class=\"row\">\n<div class=\"col-sm-6 text-center\">\n<img loading=\"lazy\" decoding=\"async\" src=\"https:\/\/pb.edu.pl\/across\/wp-content\/uploads\/sites\/147\/2025\/03\/Miroslaw-swiercz.jpg\" alt=\"dr hab. in\u017c. Miros\u0142aw \u015awiercz, prof. PB\" width=\"300\" height=\"400\" class=\"aligncenter size-full wp-image-629\" srcset=\"https:\/\/pb.edu.pl\/across\/wp-content\/uploads\/sites\/147\/2025\/03\/Miroslaw-swiercz.jpg 600w, https:\/\/pb.edu.pl\/across\/wp-content\/uploads\/sites\/147\/2025\/03\/Miroslaw-swiercz-225x300.jpg 225w\" sizes=\"auto, (max-width: 300px) 100vw, 300px\" \/><\/p>\n<div class=\"h5\">Koordynator WP1<br \/>\nZarz\u0105dzanie i koordynacja w ramach sojuszu Across<\/div>\n<p>dr hab. in\u017c. Miros\u0142aw \u015awiercz, prof. PB\n<\/p><\/div>\n<div class=\"col-sm-6 text-center\">\n<img loading=\"lazy\" decoding=\"async\" src=\"https:\/\/pb.edu.pl\/across\/wp-content\/uploads\/sites\/147\/2025\/10\/dr-hab-inz-Jacek-Zmojda-prof-PB-fot-Maciej-Giedrojc-Juraha_PB.jpg\" alt=\"dr hab. in\u017c. Jacek Mariusz \u017bmojda, prof. PB\" width=\"300\" height=\"400\" class=\"aligncenter size-full wp-image-636\" \/><\/p>\n<div class=\"h5\">Koordynator WP2<br \/>\nEdukacja bez granic w ramach sojuszu Across<\/div>\n<p>dr hab. in\u017c. Jacek Mariusz \u017bmojda, prof. PB\n<\/p><\/div>\n<\/div>\n<p>&nbsp;<\/p>\n<div class=\"row\">\n<div class=\"col-sm-6 text-center\">\n<img decoding=\"async\" src=\"https:\/\/pb.edu.pl\/across\/wp-content\/uploads\/sites\/147\/2025\/03\/marek-kretowski.jpg\" alt=\"prof. dr hab. in\u017c. Marek Kr\u0119towski\" width=\"300\" height=400\" class=\"aligncenter size-full wp-image-638\" srcset=\"https:\/\/pb.edu.pl\/across\/wp-content\/uploads\/sites\/147\/2025\/03\/marek-kretowski.jpg 600w, https:\/\/pb.edu.pl\/across\/wp-content\/uploads\/sites\/147\/2025\/03\/marek-kretowski-225x300.jpg 225w\" sizes=\"(max-width: 600px) 100vw, 600px\" \/><\/p>\n<div class=\"h5\">Koordynator WP3<br \/>\nBadania i innowacje bez granic<br \/>\nw ramach sojuszu Across<\/div>\n<p>prof. dr hab. in\u017c. Marek Kr\u0119towski\n<\/p><\/div>\n<div class=\"col-sm-6 text-center\">\n<img loading=\"lazy\" decoding=\"async\" src=\"https:\/\/pb.edu.pl\/across\/wp-content\/uploads\/sites\/147\/2025\/03\/dorota-anna-krawczyk.jpg\" alt=\"dr hab. in\u017c. Dorota Anna Krawczyk, prof. PB\" width=\"300\" height=\"400\" class=\"aligncenter size-full wp-image-626\" srcset=\"https:\/\/pb.edu.pl\/across\/wp-content\/uploads\/sites\/147\/2025\/03\/dorota-anna-krawczyk.jpg 600w, https:\/\/pb.edu.pl\/across\/wp-content\/uploads\/sites\/147\/2025\/03\/dorota-anna-krawczyk-225x300.jpg 225w\" sizes=\"auto, (max-width: 300px) 100vw, 300px\" \/><\/p>\n<div class=\"h5\">Koordynator WP4<br \/>\nWp\u0142yw i rozpowszechnianie bez granic<br \/>\nw ramach sojuszu Across<\/div>\n<p>dr hab. in\u017c. Dorota Anna Krawczyk, prof. PB\n<\/p><\/div>\n<\/div>\n<div class=\"h3\">Eksperci dzia\u0142a\u0144 w blokach zadaniowych<\/div>\n<p><strong>WP1. Zarz\u0105dzanie i koordynacja w ramach sojuszu Across<\/strong><\/p>\n<ul>\n<strong>1.1. Zarz\u0105dzanie sojuszem transgranicznym<\/strong><\/p>\n<ul>\n<li>dr hab. in\u017c. Dorota Krawczyk, prof. PB<\/li>\n<li>mgr Anna Kukor-B\u0105k<\/li>\n<\/ul>\n<p>&nbsp;<br \/>\n<strong>1.2. Ramy prawne sojuszu transgranicznego<\/strong><\/p>\n<ul>\n<li>dr hab. in\u017c. Miros\u0142aw \u015awiercz, prof. PB<\/li>\n<li>mgr Jolanta Jarmo\u0142owicz<\/li>\n<\/ul>\n<p>&nbsp;<br \/>\n<strong>1.3. Transgraniczne \u015bcie\u017cki kariery dla student\u00f3w i pracownik\u00f3w<\/strong><\/p>\n<ul>\n<li>dr hab. in\u017c. Miros\u0142aw \u015awiercz, prof. PB<\/li>\n<li>mgr Ewa Janczewska <\/li>\n<\/ul>\n<p>&nbsp;<br \/>\n<strong>1.4. W\u0142\u0105czenie, p\u0142e\u0107, r\u00f3wno\u015b\u0107 i r\u00f3\u017cnorodno\u015b\u0107<\/strong><\/p>\n<ul>\n<li>dr hab. in\u017c. Joanna Mystkowska, prof. PB<\/li>\n<li>dr in\u017c. Romuald Zi\u00f3\u0142kowski<\/li>\n<\/ul>\n<p>&nbsp;<br \/>\n\u200b<\/ul>\n<p><strong>WP2. Edukacja bez granic w ramach sojuszu Across<\/strong><\/p>\n<ul>\n<strong>2.1. System kampusu transgranicznego<\/strong><\/p>\n<ul>\n<li>mgr in\u017c. Marcin Rodzianko<\/li>\n<li>mgr Magdalena Wasilewska<\/li>\n<\/ul>\n<p>&nbsp;<br \/>\n<strong>2.2. Transgraniczna innowacyjna oferta edukacyjna<\/strong><\/p>\n<ul>\n<li>dr Monika \u015aleszy\u0144ska <\/li>\n<li>dr hab. in\u017c. Katarzyna Halicka, prof. PB<\/li>\n<\/ul>\n<p>&nbsp;<br \/>\n<strong>2.3. Transgraniczne do\u015bwiadczenie edukacyjne &#8211; mobilno\u015b\u0107 ponad granicami i sektorami<\/strong><\/p>\n<ul>\n<li>dr in\u017c. arch. Dorota Gawryluk<\/li>\n<li>mgr Marta Orpik<\/li>\n<\/ul>\n<p>&nbsp;<br \/>\n<strong>2.4. Transgraniczna Akademia Kszta\u0142cenia Nauczycieli<\/strong><\/p>\n<ul>\n<li>dr hab. Dorota Mozyrska, prof. PB<\/li>\n<li>dr hab. in\u017c. Arkadiusz Jurczuk, prof. PB<\/li>\n<\/ul>\n<p>&nbsp;\n<\/ul>\n<p>&nbsp;<br \/>\n<strong>WP3. Badania i innowacje bez granic w ramach sojuszu Across<\/strong><\/p>\n<ul>\n<strong>3.1. Transgraniczny program bada\u0144 i innowacji<\/strong><\/p>\n<ul>\n<li>dr hab. Agnieszka Malinowska, prof. PB<\/li>\n<li>mgr Marzena Konczerewicz<\/li>\n<\/ul>\n<p>&nbsp;<br \/>\n<strong>3.2. Transgraniczna sie\u0107 bada\u0144 i innowacji<\/strong><\/p>\n<ul>\n<li>prof. dr hab. in\u017c. Marek Kr\u0119towski<\/li>\n<li>dr hab. Monika Kalinowska, prof. PB<\/li>\n<\/ul>\n<p>&nbsp;<br \/>\n<strong>3.3. Uczelnie wy\u017csze Across<\/strong><\/p>\n<ul>\n<li>prof. dr hab. in\u017c. Krzysztof Jan Kurzyd\u0142owski<\/li>\n<li>dr hab. Katarzyna Krot, prof. PB<\/li>\n<\/ul>\n<p>&nbsp;<br \/>\n<strong>3.4. Centra zaanga\u017cowania transgranicznego: Challenge Teams, Across Incubator Hub, Across Business Gateway<\/strong><\/p>\n<ul>\n<li>dr hab. in\u017c. Jaros\u0142aw Szusta, prof. PB<\/li>\n<li>mgr Mateusz Adaszczyk<\/li>\n<\/ul>\n<p>&nbsp;\n<\/ul>\n<p>&nbsp;<br \/>\n<strong>WP4. Wp\u0142yw i rozpowszechnianie bez granic w ramach sojuszu Across<\/strong><\/p>\n<ul>\n<strong>4.1. Transgraniczna komunikacja wewn\u0119trzna i zewn\u0119trzna<\/strong><\/p>\n<ul>\n<li>mgr Gra\u017cyna Jakimiuk<\/li>\n<li>mgr Monika Rokicka<\/li>\n<\/ul>\n<p>&nbsp;<br \/>\n<strong>4.2. Transgraniczna wsp\u00f3\u0142praca mi\u0119dzy sojuszami<\/strong><\/p>\n<ul>\n<li>dr Izabela Senderacka<\/li>\n<li>dr in\u017c. arch. Adam Jakimowicz<\/li>\n<\/ul>\n<p>&nbsp;<br \/>\n<strong>4.3. Transgraniczny Think Tank na temat innowacyjnych region\u00f3w przygranicznych<\/strong><\/p>\n<ul>\n<li>dr Marta Ma\u0142ecka-Dobrogowska<\/li>\n<li>prof. dr hab. Piotr Banaszuk<\/li>\n<\/ul>\n<p>&nbsp;<br \/>\n<strong>4.4. Jednostka wsparcia projektu Across<\/strong><\/p>\n<ul>\n<li>mgr in\u017c. Agata Dzieko\u0144ska<\/li>\n<li>mgr Justyna Chlabicz<\/li>\n<\/ul>\n<p>&nbsp;\n<\/ul>\n<p>&nbsp;<\/p>\n<p><img loading=\"lazy\" decoding=\"async\" class=\"aligncenter wp-image-645\" src=\"https:\/\/pb.edu.pl\/across\/wp-content\/uploads\/sites\/147\/2025\/03\/PL-Dofinansowane-przez-UE-POS.jpg\" alt=\"Dofinansowane przez Uni\u0119 Europejsk\u0105 POS\" width=\"600\" height=\"121\" srcset=\"https:\/\/pb.edu.pl\/across\/wp-content\/uploads\/sites\/147\/2025\/03\/PL-Dofinansowane-przez-UE-POS.jpg 1400w, https:\/\/pb.edu.pl\/across\/wp-content\/uploads\/sites\/147\/2025\/03\/PL-Dofinansowane-przez-UE-POS-300x61.jpg 300w, https:\/\/pb.edu.pl\/across\/wp-content\/uploads\/sites\/147\/2025\/03\/PL-Dofinansowane-przez-UE-POS-1024x207.jpg 1024w, https:\/\/pb.edu.pl\/across\/wp-content\/uploads\/sites\/147\/2025\/03\/PL-Dofinansowane-przez-UE-POS-768x155.jpg 768w\" sizes=\"auto, (max-width: 600px) 100vw, 600px\" \/><\/p>\n","protected":false},"excerpt":{"rendered":"<p>Cz\u0142onek Rady Rektor\u00f3w Uniwersytetu Europejskiego Across dr hab. in\u017c. Marta Kosior-Kazberuk, prof. PB Koordynator Uniwersytetu Europejskiego Across z&nbsp;ramienia Politechniki Bia\u0142ostockiej dr hab. in\u017c. Dorota Anna Krawczyk, prof. PB Koordynatorzy blok\u00f3w zadaniowych (WP) &nbsp; Koordynator WP1 Zarz\u0105dzanie i koordynacja w ramach sojuszu Across dr hab. in\u017c. Miros\u0142aw \u015awiercz, prof. PB Koordynator WP2 Edukacja bez granic w [&hellip;]<\/p>\n","protected":false},"author":2,"featured_media":0,"parent":0,"menu_order":3,"comment_status":"closed","ping_status":"closed","template":"","meta":{"_acf_changed":false,"ngg_post_thumbnail":0,"footnotes":""},"class_list":["post-256","page","type-page","status-publish","hentry"],"acf":[],"_links":{"self":[{"href":"https:\/\/pb.edu.pl\/across\/wp-json\/wp\/v2\/pages\/256","targetHints":{"allow":["GET"]}}],"collection":[{"href":"https:\/\/pb.edu.pl\/across\/wp-json\/wp\/v2\/pages"}],"about":[{"href":"https:\/\/pb.edu.pl\/across\/wp-json\/wp\/v2\/types\/page"}],"author":[{"embeddable":true,"href":"https:\/\/pb.edu.pl\/across\/wp-json\/wp\/v2\/users\/2"}],"replies":[{"embeddable":true,"href":"https:\/\/pb.edu.pl\/across\/wp-json\/wp\/v2\/comments?post=256"}],"version-history":[{"count":2,"href":"https:\/\/pb.edu.pl\/across\/wp-json\/wp\/v2\/pages\/256\/revisions"}],"predecessor-version":[{"id":1308,"href":"https:\/\/pb.edu.pl\/across\/wp-json\/wp\/v2\/pages\/256\/revisions\/1308"}],"wp:attachment":[{"href":"https:\/\/pb.edu.pl\/across\/wp-json\/wp\/v2\/media?parent=256"}],"curies":[{"name":"wp","href":"https:\/\/api.w.org\/{rel}","templated":true}]}}

Zespół

<div class="row">
<div class="col-sm-6 text-center">
<img loading="lazy" decoding="async" src="https://pb.edu.pl/across/wp-content/uploads/sites/147/2025/03/marta-kosior-kazberuk.jpg" alt="dr hab. inż. Marta Kosior-Kazberuk, prof. PB" width="300" height="400" class="aligncenter size-full wp-image-620" srcset="https://pb.edu.pl/across/wp-content/uploads/sites/147/2025/03/marta-kosior-kazberuk.jpg 600w, https://pb.edu.pl/across/wp-content/uploads/sites/147/2025/03/marta-kosior-kazberuk-225x300.jpg 225w" sizes="auto, (max-width: 300px) 100vw, 300px" /></p>
<div class="h5">Członek Rady Rektorów<br />
Uniwersytetu Europejskiego Across</div>
<p>dr hab. inż. Marta Kosior-Kazberuk, prof. PB
</p></div>
<div class="col-sm-6 text-center">
<img loading="lazy" decoding="async" src="https://pb.edu.pl/across/wp-content/uploads/sites/147/2025/03/dorota-anna-krawczyk.jpg" alt="dr hab. inż. Dorota Anna Krawczyk, prof. PB" width="300" height="400" class="aligncenter size-full wp-image-626" srcset="https://pb.edu.pl/across/wp-content/uploads/sites/147/2025/03/dorota-anna-krawczyk.jpg 600w, https://pb.edu.pl/across/wp-content/uploads/sites/147/2025/03/dorota-anna-krawczyk-225x300.jpg 225w" sizes="auto, (max-width: 300px) 100vw, 300px" /></p>
<div class="h5">Koordynator Uniwersytetu Europejskiego Across z&nbsp;ramienia Politechniki Białostockiej</div>
<p>dr hab. inż. Dorota Anna Krawczyk, prof. PB
</p></div>
</div>
<div class="h3">Koordynatorzy bloków zadaniowych (WP)</div>
<p>&nbsp;</p>
<div class="row">
<div class="col-sm-6 text-center">
<img loading="lazy" decoding="async" src="https://pb.edu.pl/across/wp-content/uploads/sites/147/2025/03/Miroslaw-swiercz.jpg" alt="dr hab. inż. Mirosław Świercz, prof. PB" width="300" height="400" class="aligncenter size-full wp-image-629" srcset="https://pb.edu.pl/across/wp-content/uploads/sites/147/2025/03/Miroslaw-swiercz.jpg 600w, https://pb.edu.pl/across/wp-content/uploads/sites/147/2025/03/Miroslaw-swiercz-225x300.jpg 225w" sizes="auto, (max-width: 300px) 100vw, 300px" /></p>
<div class="h5">Koordynator WP1<br />
Zarządzanie i koordynacja w ramach sojuszu Across</div>
<p>dr hab. inż. Mirosław Świercz, prof. PB
</p></div>
<div class="col-sm-6 text-center">
<img loading="lazy" decoding="async" src="https://pb.edu.pl/across/wp-content/uploads/sites/147/2025/10/dr-hab-inz-Jacek-Zmojda-prof-PB-fot-Maciej-Giedrojc-Juraha_PB.jpg" alt="dr hab. inż. Jacek Mariusz Żmojda, prof. PB" width="300" height="400" class="aligncenter size-full wp-image-636" /></p>
<div class="h5">Koordynator WP2<br />
Edukacja bez granic w ramach sojuszu Across</div>
<p>dr hab. inż. Jacek Mariusz Żmojda, prof. PB
</p></div>
</div>
<p>&nbsp;</p>
<div class="row">
<div class="col-sm-6 text-center">
<img decoding="async" src="https://pb.edu.pl/across/wp-content/uploads/sites/147/2025/03/marek-kretowski.jpg" alt="prof. dr hab. inż. Marek Krętowski" width="300" height=400" class="aligncenter size-full wp-image-638" srcset="https://pb.edu.pl/across/wp-content/uploads/sites/147/2025/03/marek-kretowski.jpg 600w, https://pb.edu.pl/across/wp-content/uploads/sites/147/2025/03/marek-kretowski-225x300.jpg 225w" sizes="(max-width: 600px) 100vw, 600px" /></p>
<div class="h5">Koordynator WP3<br />
Badania i innowacje bez granic<br />
w ramach sojuszu Across</div>
<p>prof. dr hab. inż. Marek Krętowski
</p></div>
<div class="col-sm-6 text-center">
<img loading="lazy" decoding="async" src="https://pb.edu.pl/across/wp-content/uploads/sites/147/2025/03/dorota-anna-krawczyk.jpg" alt="dr hab. inż. Dorota Anna Krawczyk, prof. PB" width="300" height="400" class="aligncenter size-full wp-image-626" srcset="https://pb.edu.pl/across/wp-content/uploads/sites/147/2025/03/dorota-anna-krawczyk.jpg 600w, https://pb.edu.pl/across/wp-content/uploads/sites/147/2025/03/dorota-anna-krawczyk-225x300.jpg 225w" sizes="auto, (max-width: 300px) 100vw, 300px" /></p>
<div class="h5">Koordynator WP4<br />
Wpływ i rozpowszechnianie bez granic<br />
w ramach sojuszu Across</div>
<p>dr hab. inż. Dorota Anna Krawczyk, prof. PB
</p></div>
</div>
<div class="h3">Eksperci działań w blokach zadaniowych</div>
<p><strong>WP1. Zarządzanie i koordynacja w ramach sojuszu Across</strong></p>
<ul>
<strong>1.1. Zarządzanie sojuszem transgranicznym</strong></p>
<ul>
<li>dr hab. inż. Dorota Krawczyk, prof. PB</li>
<li>mgr Anna Kukor-Bąk</li>
</ul>
<p>&nbsp;<br />
<strong>1.2. Ramy prawne sojuszu transgranicznego</strong></p>
<ul>
<li>dr hab. inż. Mirosław Świercz, prof. PB</li>
<li>mgr Jolanta Jarmołowicz</li>
</ul>
<p>&nbsp;<br />
<strong>1.3. Transgraniczne ścieżki kariery dla studentów i pracowników</strong></p>
<ul>
<li>dr hab. inż. Mirosław Świercz, prof. PB</li>
<li>mgr Ewa Janczewska </li>
</ul>
<p>&nbsp;<br />
<strong>1.4. Włączenie, płeć, równość i różnorodność</strong></p>
<ul>
<li>dr hab. inż. Joanna Mystkowska, prof. PB</li>
<li>dr inż. Romuald Ziółkowski</li>
</ul>
<p>&nbsp;<br />
​</ul>
<p><strong>WP2. Edukacja bez granic w ramach sojuszu Across</strong></p>
<ul>
<strong>2.1. System kampusu transgranicznego</strong></p>
<ul>
<li>mgr inż. Marcin Rodzianko</li>
<li>mgr Magdalena Wasilewska</li>
</ul>
<p>&nbsp;<br />
<strong>2.2. Transgraniczna innowacyjna oferta edukacyjna</strong></p>
<ul>
<li>dr Monika Śleszyńska </li>
<li>dr hab. inż. Katarzyna Halicka, prof. PB</li>
</ul>
<p>&nbsp;<br />
<strong>2.3. Transgraniczne doświadczenie edukacyjne &#8211; mobilność ponad granicami i sektorami</strong></p>
<ul>
<li>dr inż. arch. Dorota Gawryluk</li>
<li>mgr Marta Orpik</li>
</ul>
<p>&nbsp;<br />
<strong>2.4. Transgraniczna Akademia Kształcenia Nauczycieli</strong></p>
<ul>
<li>dr hab. Dorota Mozyrska, prof. PB</li>
<li>dr hab. inż. Arkadiusz Jurczuk, prof. PB</li>
</ul>
<p>&nbsp;
</ul>
<p>&nbsp;<br />
<strong>WP3. Badania i innowacje bez granic w ramach sojuszu Across</strong></p>
<ul>
<strong>3.1. Transgraniczny program badań i innowacji</strong></p>
<ul>
<li>dr hab. Agnieszka Malinowska, prof. PB</li>
<li>mgr Marzena Konczerewicz</li>
</ul>
<p>&nbsp;<br />
<strong>3.2. Transgraniczna sieć badań i innowacji</strong></p>
<ul>
<li>prof. dr hab. inż. Marek Krętowski</li>
<li>dr hab. Monika Kalinowska, prof. PB</li>
</ul>
<p>&nbsp;<br />
<strong>3.3. Uczelnie wyższe Across</strong></p>
<ul>
<li>prof. dr hab. inż. Krzysztof Jan Kurzydłowski</li>
<li>dr hab. Katarzyna Krot, prof. PB</li>
</ul>
<p>&nbsp;<br />
<strong>3.4. Centra zaangażowania transgranicznego: Challenge Teams, Across Incubator Hub, Across Business Gateway</strong></p>
<ul>
<li>dr hab. inż. Jarosław Szusta, prof. PB</li>
<li>mgr Mateusz Adaszczyk</li>
</ul>
<p>&nbsp;
</ul>
<p>&nbsp;<br />
<strong>WP4. Wpływ i rozpowszechnianie bez granic w ramach sojuszu Across</strong></p>
<ul>
<strong>4.1. Transgraniczna komunikacja wewnętrzna i zewnętrzna</strong></p>
<ul>
<li>mgr Grażyna Jakimiuk</li>
<li>mgr Monika Rokicka</li>
</ul>
<p>&nbsp;<br />
<strong>4.2. Transgraniczna współpraca między sojuszami</strong></p>
<ul>
<li>dr Izabela Senderacka</li>
<li>dr inż. arch. Adam Jakimowicz</li>
</ul>
<p>&nbsp;<br />
<strong>4.3. Transgraniczny Think Tank na temat innowacyjnych regionów przygranicznych</strong></p>
<ul>
<li>dr Marta Małecka-Dobrogowska</li>
<li>prof. dr hab. Piotr Banaszuk</li>
</ul>
<p>&nbsp;<br />
<strong>4.4. Jednostka wsparcia projektu Across</strong></p>
<ul>
<li>mgr inż. Agata Dziekońska</li>
<li>mgr Justyna Chlabicz</li>
</ul>
<p>&nbsp;
</ul>
<p>&nbsp;</p>
<p><img loading="lazy" decoding="async" class="aligncenter wp-image-645" src="https://pb.edu.pl/across/wp-content/uploads/sites/147/2025/03/PL-Dofinansowane-przez-UE-POS.jpg" alt="Dofinansowane przez Unię Europejską POS" width="600" height="121" srcset="https://pb.edu.pl/across/wp-content/uploads/sites/147/2025/03/PL-Dofinansowane-przez-UE-POS.jpg 1400w, https://pb.edu.pl/across/wp-content/uploads/sites/147/2025/03/PL-Dofinansowane-przez-UE-POS-300x61.jpg 300w, https://pb.edu.pl/across/wp-content/uploads/sites/147/2025/03/PL-Dofinansowane-przez-UE-POS-1024x207.jpg 1024w, https://pb.edu.pl/across/wp-content/uploads/sites/147/2025/03/PL-Dofinansowane-przez-UE-POS-768x155.jpg 768w" sizes="auto, (max-width: 600px) 100vw, 600px" /></p>

<p>Członek Rady Rektorów Uniwersytetu Europejskiego Across dr hab. inż. Marta Kosior-Kazberuk, prof. PB Koordynator Uniwersytetu Europejskiego Across z&nbsp;ramienia Politechniki Białostockiej dr hab. inż. Dorota Anna Krawczyk, prof. PB Koordynatorzy bloków zadaniowych (WP) &nbsp; Koordynator WP1 Zarządzanie i koordynacja w ramach sojuszu Across dr hab. inż. Mirosław Świercz, prof. PB Koordynator WP2 Edukacja bez granic w [&hellip;]</p>
