{"id":1388,"date":"2026-03-19T23:32:48","date_gmt":"2026-03-19T22:32:48","guid":{"rendered":"https:\/\/pb.edu.pl\/across\/?post_type=event&#038;p=1388"},"modified":"2026-03-19T23:34:45","modified_gmt":"2026-03-19T22:34:45","slug":"wyklad-na-temat-uniwersytetu-europejskiego-neolaia","status":"publish","type":"event","link":"https:\/\/pb.edu.pl\/across\/event\/wyklad-na-temat-uniwersytetu-europejskiego-neolaia\/","title":{"rendered":"Wyk\u0142ad na temat Uniwersytetu Europejskiego NEOLAiA"},"content":{"rendered":"<p>Zapraszamy na wyk\u0142ad na temat Uniwersytetu Europejskiego NEOLAiA dr Marceli \u0218lusarciuc z Uniwersytetu im. Stefana Wielkiego w Suczawie, kt\u00f3ry odb\u0119dzie si\u0119 <strong>26.03.2026 o godz. 10:00<\/strong> w sali PO\/33 w CNK w ramach Dni Rumu\u0144skich na PB.<\/p>\n<p>Szczeg\u00f3\u0142owe informacje &#8211; <a href=\"https:\/\/pb.edu.pl\/wydarzenia\/dni-rumunskie-w-politechnice-bialostockiej-25-26-marca-2026-r\/\">Dni Rumu\u0144skie w Politechnice Bia\u0142ostockiej. 25-26 marca 2026 r.<\/a><\/p>\n","protected":false},"featured_media":0,"template":"","meta":{"_acf_changed":false,"ngg_post_thumbnail":0},"class_list":["post-1388","event","type-event","status-publish","hentry"],"acf":[],"_links":{"self":[{"href":"https:\/\/pb.edu.pl\/across\/wp-json\/wp\/v2\/event\/1388","targetHints":{"allow":["GET"]}}],"collection":[{"href":"https:\/\/pb.edu.pl\/across\/wp-json\/wp\/v2\/event"}],"about":[{"href":"https:\/\/pb.edu.pl\/across\/wp-json\/wp\/v2\/types\/event"}],"wp:attachment":[{"href":"https:\/\/pb.edu.pl\/across\/wp-json\/wp\/v2\/media?parent=1388"}],"curies":[{"name":"wp","href":"https:\/\/api.w.org\/{rel}","templated":true}]}}

Wykład na temat Uniwersytetu Europejskiego NEOLAiA

<p>Zapraszamy na wykład na temat Uniwersytetu Europejskiego NEOLAiA dr Marceli Șlusarciuc z Uniwersytetu im. Stefana Wielkiego w Suczawie, który odbędzie się <strong>26.03.2026 o godz. 10:00</strong> w sali PO/33 w CNK w ramach Dni Rumuńskich na PB.</p>
<p>Szczegółowe informacje &#8211; <a href="https://pb.edu.pl/wydarzenia/dni-rumunskie-w-politechnice-bialostockiej-25-26-marca-2026-r/">Dni Rumuńskie w Politechnice Białostockiej. 25-26 marca 2026 r.</a></p>
