{"id":1292,"date":"2026-02-11T22:19:33","date_gmt":"2026-02-11T21:19:33","guid":{"rendered":"https:\/\/pb.edu.pl\/across\/?post_type=event&#038;p=1292"},"modified":"2026-02-11T22:19:51","modified_gmt":"2026-02-11T21:19:51","slug":"innobuild2026-w-politechnice-bialostockiej-miedzynarodowa-konferencja-innowacje-w-dekarbonizacji-budownictwa-i-systemach-energetycznych","status":"publish","type":"event","link":"https:\/\/pb.edu.pl\/across\/event\/innobuild2026-w-politechnice-bialostockiej-miedzynarodowa-konferencja-innowacje-w-dekarbonizacji-budownictwa-i-systemach-energetycznych\/","title":{"rendered":"INNOBuild2026 w Politechnice Bia\u0142ostockiej. Mi\u0119dzynarodowa Konferencja INNOwacje w dekarbonizacji budownictwa i systemach energetycznych"},"content":{"rendered":"<p>Mi\u0119dzynarodowa Konferencja \u201eINNOwacje w dekarbonizacji budownictwa i systemach energetycznych INNOBuild\u201d odb\u0119dzie si\u0119 w dniach <strong>20-22 maja 2026 r.<\/strong> na Wydziale Budownictwa i Nauk o \u015arodowisku Politechniki Bia\u0142ostockiej. <\/p>\n<p>Wydarzenie zgromadzi naukowc\u00f3w i specjalist\u00f3w z bran\u017cy architektonicznej, sanitarnej i budowlanej, innowator\u00f3w oraz lider\u00f3w przemys\u0142u, aby wsp\u00f3lnie wyznaczy\u0107 nowe standardy w projektowaniu zr\u00f3wnowa\u017conym.<\/p>\n<p>Wi\u0119cej informacji na stronie <strong><a href=\"https:\/\/pb.edu.pl\/wydarzenia\/innobuild2026-w-politechnice-bialostockiej-miedzynarodowa-konferencja-innowacje-w-dekarbonizacji-budownictwa-i-systemach-energetycznych\/\">INNOBuild2026 w Politechnice Bia\u0142ostockiej. Mi\u0119dzynarodowa Konferencja INNOwacje w dekarbonizacji budownictwa i systemach energetycznych<\/a><\/strong><\/p>\n","protected":false},"featured_media":0,"template":"","meta":{"_acf_changed":false,"ngg_post_thumbnail":0},"class_list":["post-1292","event","type-event","status-publish","hentry"],"acf":[],"_links":{"self":[{"href":"https:\/\/pb.edu.pl\/across\/wp-json\/wp\/v2\/event\/1292","targetHints":{"allow":["GET"]}}],"collection":[{"href":"https:\/\/pb.edu.pl\/across\/wp-json\/wp\/v2\/event"}],"about":[{"href":"https:\/\/pb.edu.pl\/across\/wp-json\/wp\/v2\/types\/event"}],"wp:attachment":[{"href":"https:\/\/pb.edu.pl\/across\/wp-json\/wp\/v2\/media?parent=1292"}],"curies":[{"name":"wp","href":"https:\/\/api.w.org\/{rel}","templated":true}]}}

INNOBuild2026 w Politechnice Białostockiej. Międzynarodowa Konferencja INNOwacje w dekarbonizacji budownictwa i systemach energetycznych

<p>Międzynarodowa Konferencja „INNOwacje w dekarbonizacji budownictwa i systemach energetycznych INNOBuild” odbędzie się w dniach <strong>20-22 maja 2026 r.</strong> na Wydziale Budownictwa i Nauk o Środowisku Politechniki Białostockiej. </p>
<p>Wydarzenie zgromadzi naukowców i specjalistów z branży architektonicznej, sanitarnej i budowlanej, innowatorów oraz liderów przemysłu, aby wspólnie wyznaczyć nowe standardy w projektowaniu zrównoważonym.</p>
<p>Więcej informacji na stronie <strong><a href="https://pb.edu.pl/wydarzenia/innobuild2026-w-politechnice-bialostockiej-miedzynarodowa-konferencja-innowacje-w-dekarbonizacji-budownictwa-i-systemach-energetycznych/">INNOBuild2026 w Politechnice Białostockiej. Międzynarodowa Konferencja INNOwacje w dekarbonizacji budownictwa i systemach energetycznych</a></strong></p>
