{"id":1291,"date":"2026-02-11T22:17:57","date_gmt":"2026-02-11T21:17:57","guid":{"rendered":"https:\/\/pb.edu.pl\/across\/?post_type=event&#038;p=1291"},"modified":"2026-02-11T22:17:57","modified_gmt":"2026-02-11T21:17:57","slug":"xvi-international-staff-week-na-politechnice-bialostockiej","status":"publish","type":"event","link":"https:\/\/pb.edu.pl\/across\/event\/xvi-international-staff-week-na-politechnice-bialostockiej\/","title":{"rendered":"XVI International Staff Week na Politechnice Bia\u0142ostockiej"},"content":{"rendered":"<p>Zapraszamy na XVI International Staff Week w Politechnice Bia\u0142ostockiej organizowany w dniach <strong>18-22 maja 2026 r.<\/strong> przez Dzia\u0142 Mobilno\u015bci i Obs\u0142ugi Um\u00f3w Mi\u0119dzynarodowych PB.<\/p>\n<p>Wi\u0119cej informacji na stronie <strong><a href=\"https:\/\/www.across-alliance.eu\/events\/xvi-international-staff-week-at-but\/\">XVI International Staff Week at BUT<\/a><\/strong><\/p>\n","protected":false},"featured_media":0,"template":"","meta":{"_acf_changed":false,"ngg_post_thumbnail":0},"class_list":["post-1291","event","type-event","status-publish","hentry"],"acf":[],"_links":{"self":[{"href":"https:\/\/pb.edu.pl\/across\/wp-json\/wp\/v2\/event\/1291","targetHints":{"allow":["GET"]}}],"collection":[{"href":"https:\/\/pb.edu.pl\/across\/wp-json\/wp\/v2\/event"}],"about":[{"href":"https:\/\/pb.edu.pl\/across\/wp-json\/wp\/v2\/types\/event"}],"wp:attachment":[{"href":"https:\/\/pb.edu.pl\/across\/wp-json\/wp\/v2\/media?parent=1291"}],"curies":[{"name":"wp","href":"https:\/\/api.w.org\/{rel}","templated":true}]}}

XVI International Staff Week na Politechnice Białostockiej

<p>Zapraszamy na XVI International Staff Week w Politechnice Białostockiej organizowany w dniach <strong>18-22 maja 2026 r.</strong> przez Dział Mobilności i Obsługi Umów Międzynarodowych PB.</p>
<p>Więcej informacji na stronie <strong><a href="https://www.across-alliance.eu/events/xvi-international-staff-week-at-but/">XVI International Staff Week at BUT</a></strong></p>
