{"id":83,"date":"2019-02-04T19:39:29","date_gmt":"2019-02-04T18:39:29","guid":{"rendered":"https:\/\/pb.edu.pl\/7dekad\/?page_id=83"},"modified":"2019-10-17T10:35:29","modified_gmt":"2019-10-17T08:35:29","slug":"harmonogram-wydarzen","status":"publish","type":"page","link":"https:\/\/pb.edu.pl\/7dekad\/harmonogram-wydarzen\/","title":{"rendered":"Harmonogram wydarze\u0144"},"content":{"rendered":"<div class=\"row\">\n<div class=\"col-sm-2 text-center\">\n<h2>22.03<\/h2>\n<\/div>\n<div class=\"col-sm-10 text-left\">\n<p><img loading=\"lazy\" decoding=\"async\" class=\"alignleft size-full wp-image-96\" src=\"https:\/\/pb.edu.pl\/7dekad\/wp-content\/uploads\/sites\/28\/2019\/02\/linjka-zielona-do-harmongramu-krotka.png\" alt=\"\" width=\"10\" height=\"60\"><\/p>\n<h3 style=\"margin: 0;padding: 0\">Dyplomatoria 2019<\/h3>\n<p>&#8211; wsp\u00f3lna uroczysto\u015b\u0107 wr\u0119czenia dyplom\u00f3w wszystkim absolwentom Politechniki Bia\u0142ostockiej z roku akademickiego 2018\/2019<\/p>\n<\/div>\n<\/div>\n<div class=\"row\">\n<div class=\"col-sm-2 text-center\">\n<h2 style=\"margin: 80px 0 0 0;padding: 0\">22.06<\/h2>\n<\/div>\n<div class=\"col-sm-10 text-left\">\n<p><img loading=\"lazy\" decoding=\"async\" class=\"alignleft size-full wp-image-149\" src=\"https:\/\/pb.edu.pl\/7dekad\/wp-content\/uploads\/sites\/28\/2019\/02\/linjka-zielona-do-harmongramu-dluga-na-6.png\" alt=\"\" width=\"10\" height=\"234\"><\/p>\n<h3 style=\"margin: -6px 0 0 0;padding: 0\">Absolwentalia &#8211; Mi\u0119dzynarodowy Zjazd Absolwent\u00f3w Politechniki Bia\u0142ostockiej<\/h3>\n<p>&#8211; spotkania na wydzia\u0142ach<br \/>\n&#8211; gala Honorowego Ambasadora Politechniki Bia\u0142ostockiej<br \/>\n&#8211; premiera filmu jubileuszowego, kapsu\u0142a czasu<br \/>\n&#8211; &#8222;Wczoraj i Dzi\u015b&#8221; wystawa, pokazy i prezentacje<br \/>\n&#8211; wydarzenia towarzysz\u0105ce, m.in. konkursy, pokazy, zabawy integracyjne, rywalizacja sportowa oraz strefa gastronomiczna<br \/>\n&#8211; koncert plenerowy z udzia\u0142em gwiazd: Kasa Chorych, D\u017cem<\/p>\n<\/div>\n<\/div>\n<div class=\"row\">\n<div class=\"col-sm-2 text-center\">\n<h2>9.10<\/h2>\n<\/div>\n<div class=\"col-sm-10 text-left\">\n<h3 style=\"margin: 0;padding: 0\"><img loading=\"lazy\" decoding=\"async\" class=\"alignleft size-full wp-image-96\" src=\"https:\/\/pb.edu.pl\/7dekad\/wp-content\/uploads\/sites\/28\/2019\/02\/linjka-zielona-do-harmongramu-krotka.png\" alt=\"\" width=\"10\" height=\"60\"><\/h3>\n<h3 style=\"margin: 24px 0 0 0;padding: 0\">Inauguracja Roku Akademickiego<\/h3>\n<\/div>\n<\/div>\n<div class=\"row\">\n<div class=\"col-sm-2 text-center\">\n<h2 style=\"margin: 50px 0 0 0;padding: 0\">27.11<\/h2>\n<\/div>\n<div class=\"col-sm-10 text-left\">\n<p><img loading=\"lazy\" decoding=\"async\" class=\"alignleft size-full wp-image-96\" src=\"https:\/\/pb.edu.pl\/7dekad\/wp-content\/uploads\/sites\/28\/2019\/02\/linjka-zielona-do-harmongramu-dluga.png\" alt=\"\" width=\"10\" height=\"50\"><\/p>\n<h3 style=\"margin: 0;padding: 0\">\u015awi\u0119to Politechniki Bia\u0142ostockiej<\/h3>\n<p>&#8211; uroczyste posiedzenie Senatu<br \/>\n&#8211; widowisko artystyczne w Operze i Filharmonii Podlaskiej z udzia\u0142em Ch\u00f3ru Politechniki Bia\u0142ostockiej<\/p>\n<\/div>\n<\/div>\n<div class=\"row\">\n<div class=\"col-sm-2 text-center\">\n<h2>4-7.12<\/h2>\n<\/div>\n<div class=\"col-sm-10 text-left\">\n<p><img loading=\"lazy\" decoding=\"async\" class=\"alignleft size-full wp-image-96\" src=\"https:\/\/pb.edu.pl\/7dekad\/wp-content\/uploads\/sites\/28\/2019\/02\/linjka-zielona-do-harmongramu-krotka.png\" alt=\"\" width=\"10\" height=\"60\"><\/p>\n<h3>Konferencja Rektor\u00f3w Akademickich Szk\u00f3\u0142 Polskich<\/h3>\n<\/div>\n<\/div>\n<div class=\"row\">\n<div class=\"col-sm-2 text-center\">&nbsp;<\/div>\n<div class=\"col-sm-10 text-left\">\n<h3 style=\"margin: 20px 0 0 0;padding: 0\">&nbsp;<\/h3>\n<\/div>\n<\/div>\n","protected":false},"excerpt":{"rendered":"<p>22.03 Dyplomatoria 2019 &#8211; wsp\u00f3lna uroczysto\u015b\u0107 wr\u0119czenia dyplom\u00f3w wszystkim absolwentom Politechniki Bia\u0142ostockiej z roku akademickiego<\/p>\n","protected":false},"author":2,"featured_media":0,"parent":0,"menu_order":0,"comment_status":"closed","ping_status":"closed","template":"","meta":{"_acf_changed":false,"ngg_post_thumbnail":0,"footnotes":""},"class_list":["post-83","page","type-page","status-publish","hentry"],"acf":[],"_links":{"self":[{"href":"https:\/\/pb.edu.pl\/7dekad\/wp-json\/wp\/v2\/pages\/83","targetHints":{"allow":["GET"]}}],"collection":[{"href":"https:\/\/pb.edu.pl\/7dekad\/wp-json\/wp\/v2\/pages"}],"about":[{"href":"https:\/\/pb.edu.pl\/7dekad\/wp-json\/wp\/v2\/types\/page"}],"author":[{"embeddable":true,"href":"https:\/\/pb.edu.pl\/7dekad\/wp-json\/wp\/v2\/users\/2"}],"replies":[{"embeddable":true,"href":"https:\/\/pb.edu.pl\/7dekad\/wp-json\/wp\/v2\/comments?post=83"}],"version-history":[{"count":0,"href":"https:\/\/pb.edu.pl\/7dekad\/wp-json\/wp\/v2\/pages\/83\/revisions"}],"wp:attachment":[{"href":"https:\/\/pb.edu.pl\/7dekad\/wp-json\/wp\/v2\/media?parent=83"}],"curies":[{"name":"wp","href":"https:\/\/api.w.org\/{rel}","templated":true}]}}